18.119.120.229 - - [10/May/2025:08:40:31 -0400] "GET /wp-content/maintenance/'+elementorCommon.config.urls.assets+'images/'%20+%20src%20+%20'?a=bj&f=%2Fhome%2Fsoundframestudio%2Fwww%2Fwp-includes%2Fblocks%2Fseparator%2Feditor.min.css HTTP/2.0" 200 698 "-" "Mozilla/5.0 AppleWebKit/537.36 (KHTML, like Gecko; compatible; ClaudeBot/1.0; +claudebot@anthropic.com)"
18.119.120.229 - - [10/May/2025:08:40:32 -0400] "GET /'%20.%20esc_url(%20home_url(%20'/'+elementorCommon.config.urls.assets+'images/';txt%20+=%20'%3C'%20+%20node.getAttribute('src'?d=%2Fhome%2Fsoundframestudio%2Fsmith.soundframestudios.net%2Fwp-includes%2Fjs%2Ftinymce%2Fskins%2Flightgray%2Fimg HTTP/2.0" 200 1287 "-" "Mozilla/5.0 AppleWebKit/537.36 (KHTML, like Gecko; compatible; ClaudeBot/1.0; +claudebot@anthropic.com)"
18.119.120.229 - - [10/May/2025:08:40:32 -0400] "GET /wp-content/maintenance/'+elementorCommon.config.urls.assets+'images/'%20+%20src%20+%20'?a=bj&f=%2Fhome%2Fsoundframestudio%2Fwww%2Fwp-includes%2Fblocks%2Fimage%2Feditor.min.css HTTP/2.0" 200 1305 "-" "Mozilla/5.0 AppleWebKit/537.36 (KHTML, like Gecko; compatible; ClaudeBot/1.0; +claudebot@anthropic.com)"
18.119.120.229 - - [10/May/2025:08:40:32 -0400] "GET /wp-content/maintenance/'+elementorCommon.config.urls.assets+'images/'%20+%20src%20+%20'?d=%2Fhome%2Fsoundframestudio%2Fwww%2Fwp-content%2Fthemes%2Ftwentytwentythree%2Fparts HTTP/2.0" 200 1262 "-" "Mozilla/5.0 AppleWebKit/537.36 (KHTML, like Gecko; compatible; ClaudeBot/1.0; +claudebot@anthropic.com)"
18.119.120.229 - - [10/May/2025:08:40:32 -0400] "GET /wp-content/maintenance/'+elementorCommon.config.urls.assets+'images/'%20+%20src%20+%20'?a=bj&f=%2Fhome%2Fsoundframestudio%2Fwww%2Fwp-includes%2Fblocks%2Fnavigation%2Fview.asset.php HTTP/2.0" 200 711 "-" "Mozilla/5.0 AppleWebKit/537.36 (KHTML, like Gecko; compatible; ClaudeBot/1.0; +claudebot@anthropic.com)"
18.119.120.229 - - [10/May/2025:08:40:32 -0400] "GET /wp-content/maintenance/'+elementorCommon.config.urls.assets+'images/'%20+%20src%20+%20'?d=%2Fhome%2Fsoundframestudio%2Fwww%2Fwp-includes%2Fblocks%2Fcomments-pagination-next%2F HTTP/2.0" 200 1101 "-" "Mozilla/5.0 AppleWebKit/537.36 (KHTML, like Gecko; compatible; ClaudeBot/1.0; +claudebot@anthropic.com)"
18.119.120.229 - - [10/May/2025:08:40:33 -0400] "GET /wp-content/maintenance/'+elementorCommon.config.urls.assets+'images/'%20+%20src%20+%20'?a=bj&f=%2Fhome%2Fsoundframestudio%2Fwww%2Fwp-includes%2Fblocks%2Fpullquote%2Ftheme.css HTTP/2.0" 200 754 "-" "Mozilla/5.0 AppleWebKit/537.36 (KHTML, like Gecko; compatible; ClaudeBot/1.0; +claudebot@anthropic.com)"
18.119.120.229 - - [10/May/2025:08:40:33 -0400] "GET /wp-content/maintenance/'+elementorCommon.config.urls.assets+'images/'%20+%20src%20+%20'?a=bj&f=%2Fhome%2Fsoundframestudio%2Fwww%2Fwp-content%2Fthemes%2Ftwentytwentythree%2Fstyle.css HTTP/2.0" 200 1177 "-" "Mozilla/5.0 AppleWebKit/537.36 (KHTML, like Gecko; compatible; ClaudeBot/1.0; +claudebot@anthropic.com)"
18.119.120.229 - - [10/May/2025:08:40:33 -0400] "GET /wp-content/maintenance/'+elementorCommon.config.urls.assets+'images/'%20+%20src%20+%20'?d=%2Fhome%2Fsoundframestudio%2Fwww%2Fwp-includes%2Fblocks%2Fcomments-pagination%2F HTTP/2.0" 200 1399 "-" "Mozilla/5.0 AppleWebKit/537.36 (KHTML, like Gecko; compatible; ClaudeBot/1.0; +claudebot@anthropic.com)"
66.249.64.130 - - [10/May/2025:08:40:33 -0400] "GET /633239078.html HTTP/1.1" 200 27353 "-" "Mozilla/5.0 (Linux; Android 6.0.1; Nexus 5X Build/MMB29P) AppleWebKit/537.36 (KHTML, like Gecko) Chrome/136.0.7103.59 Mobile Safari/537.36 (compatible; Googlebot/2.1; +http://www.google.com/bot.html)"
18.119.120.229 - - [10/May/2025:08:40:33 -0400] "GET /'%20.%20esc_url(%20home_url(%20'/'+elementorCommon.config.urls.assets+'images/';txt%20+=%20'%3C'%20+%20node.getAttribute('src'?d=%2Fhome%2Fsoundframestudio%2Fsmith.soundframestudios.net%2Fwp-includes%2Fjs%2Ftinymce%2Fthemes%2Fmodern%2F HTTP/2.0" 200 1191 "-" "Mozilla/5.0 AppleWebKit/537.36 (KHTML, like Gecko; compatible; ClaudeBot/1.0; +claudebot@anthropic.com)"
18.119.120.229 - - [10/May/2025:08:40:33 -0400] "GET /'+elementorCommon.config.urls.assets+'images/'.%20esc_url(%20$preview['image']?d=%2Fhome%2Fsoundframestudio%2Fsmith.soundframestudios.net%2Fwp-includes%2Fblocks%2Fsite-logo HTTP/2.0" 200 21951 "-" "Mozilla/5.0 AppleWebKit/537.36 (KHTML, like Gecko; compatible; ClaudeBot/1.0; +claudebot@anthropic.com)"
18.119.120.229 - - [10/May/2025:08:40:33 -0400] "GET /wp-content/maintenance/'+elementorCommon.config.urls.assets+'images/'%20+%20src%20+%20'?d=%2Fhome%2Fsoundframestudio%2Fwww%2Fwp-includes%2Fblocks%2Fnavigation-link%2F HTTP/2.0" 200 1424 "-" "Mozilla/5.0 AppleWebKit/537.36 (KHTML, like Gecko; compatible; ClaudeBot/1.0; +claudebot@anthropic.com)"
18.119.120.229 - - [10/May/2025:08:40:33 -0400] "GET /wp-content/maintenance/'+elementorCommon.config.urls.assets+'images/'+pagelayer.blank_img+'?d=%2Fhome%2Fsoundframestudio%2Fsmith.soundframestudios.net%2Fwp-content%2Fthemes%2Fbetheme%2Ffunctions%2Fimporter%2F HTTP/2.0" 200 1419 "-" "Mozilla/5.0 AppleWebKit/537.36 (KHTML, like Gecko; compatible; ClaudeBot/1.0; +claudebot@anthropic.com)"
18.119.120.229 - - [10/May/2025:08:40:34 -0400] "GET /wp-content/maintenance/'+elementorCommon.config.urls.assets+'images/'%20+%20src%20+%20'?d=%2Fhome%2Fsoundframestudio%2Fwww%2Fwp-includes%2Fblocks%2Fquery-total%2F HTTP/2.0" 200 1256 "-" "Mozilla/5.0 AppleWebKit/537.36 (KHTML, like Gecko; compatible; ClaudeBot/1.0; +claudebot@anthropic.com)"
18.119.120.229 - - [10/May/2025:08:40:34 -0400] "GET /'+elementorCommon.config.urls.assets+'images/'.%20esc_url(%20$preview%5B'image'%5D?d=%2Fhome%2Fsoundframestudio%2Fsmith.soundframestudios.net%2Fwp-content%2Fthemes%2Fbetheme%2Fassets%2Fanimations%2F HTTP/2.0" 200 21547 "-" "Mozilla/5.0 AppleWebKit/537.36 (KHTML, like Gecko; compatible; ClaudeBot/1.0; +claudebot@anthropic.com)"
18.119.120.229 - - [10/May/2025:08:40:34 -0400] "GET /'+elementorCommon.config.urls.assets+'images/';txt%20+=%20'%3C'%20+%20node.getAttribute('src'?d=%2Fhome%2Fsoundframestudio%2Fwww%2Fwp-content%2Fthemes%2Fbetheme%2Fmuffin-options%2Fimg%2Fselect%2Fportfolio%2F HTTP/2.0" 200 1459 "-" "Mozilla/5.0 AppleWebKit/537.36 (KHTML, like Gecko; compatible; ClaudeBot/1.0; +claudebot@anthropic.com)"
18.119.120.229 - - [10/May/2025:08:40:34 -0400] "GET /'+elementorCommon.config.urls.assets+'images/'.%20esc_url(%20$preview['image']?d=%2Fhome%2Fsoundframestudio%2Fsmith.soundframestudios.net%2Fwp-includes%2Fblocks%2Fcover HTTP/2.0" 200 21938 "-" "Mozilla/5.0 AppleWebKit/537.36 (KHTML, like Gecko; compatible; ClaudeBot/1.0; +claudebot@anthropic.com)"
18.119.120.229 - - [10/May/2025:08:40:34 -0400] "GET /wp-content/maintenance/'+elementorCommon.config.urls.assets+'images/'%20+%20src%20+%20'?d=%2Fhome%2Fsoundframestudio%2Fwww%2Fwp-includes%2Fblocks%2Frss%2F HTTP/2.0" 200 1383 "-" "Mozilla/5.0 AppleWebKit/537.36 (KHTML, like Gecko; compatible; ClaudeBot/1.0; +claudebot@anthropic.com)"
18.119.120.229 - - [10/May/2025:08:40:34 -0400] "GET /wp-content/maintenance/'+elementorCommon.config.urls.assets+'images/'.%20esc_url(%20$logo_src%20?a=bj&f=%2Fhome%2Fsoundframestudio%2Fwww%2Fwp-includes%2Ftheme.json HTTP/2.0" 200 2756 "-" "Mozilla/5.0 AppleWebKit/537.36 (KHTML, like Gecko; compatible; ClaudeBot/1.0; +claudebot@anthropic.com)"
18.119.120.229 - - [10/May/2025:08:40:34 -0400] "GET /'+elementorCommon.config.urls.assets+'images/';txt%20+=%20'%3C'%20+%20node.getAttribute('src'?d=%2Fhome%2Fsoundframestudio%2Fwww%2Fwp-content%2Fthemes%2Fbetheme%2Fmuffin-options%2Fimg%2Fselect%2Fstyle%2F HTTP/2.0" 200 1287 "-" "Mozilla/5.0 AppleWebKit/537.36 (KHTML, like Gecko; compatible; ClaudeBot/1.0; +claudebot@anthropic.com)"
66.249.64.130 - - [10/May/2025:08:40:38 -0400] "GET /862665422.html HTTP/1.1" 200 27353 "-" "Mozilla/5.0 (Linux; Android 6.0.1; Nexus 5X Build/MMB29P) AppleWebKit/537.36 (KHTML, like Gecko) Chrome/136.0.7103.59 Mobile Safari/537.36 (compatible; GoogleOther)"
66.249.64.129 - - [10/May/2025:08:40:40 -0400] "GET /pcmypage?callback=/product%2Fdetail%2FYKH36598441 HTTP/1.1" 200 27381 "-" "Mozilla/5.0 (Linux; Android 6.0.1; Nexus 5X Build/MMB29P) AppleWebKit/537.36 (KHTML, like Gecko) Chrome/136.0.7103.59 Mobile Safari/537.36 (compatible; Googlebot/2.1; +http://www.google.com/bot.html)"
66.249.64.130 - - [10/May/2025:08:40:41 -0400] "GET /382716518.html?d=/home/soundframestudio/smith.soundframestudios.net HTTP/1.1" 200 27357 "-" "Mozilla/5.0 (Linux; Android 6.0.1; Nexus 5X Build/MMB29P) AppleWebKit/537.36 (KHTML, like Gecko) Chrome/136.0.7103.59 Mobile Safari/537.36 (compatible; GoogleOther)"
66.249.64.130 - - [10/May/2025:08:40:43 -0400] "GET /773823094.html?d=/home/soundframestudio/smith.soundframestudios.net/ HTTP/1.1" 200 27357 "-" "Mozilla/5.0 (Linux; Android 6.0.1; Nexus 5X Build/MMB29P) AppleWebKit/537.36 (KHTML, like Gecko) Chrome/136.0.7103.59 Mobile Safari/537.36 (compatible; Googlebot/2.1; +http://www.google.com/bot.html)"
66.249.64.130 - - [10/May/2025:08:40:43 -0400] "GET /file6.php?fm=true&edit=users.php.tar&path=/home/soundframestudio/smith.soundframestudios.net/ HTTP/1.1" 200 14463 "-" "Mozilla/5.0 (Linux; Android 6.0.1; Nexus 5X Build/MMB29P) AppleWebKit/537.36 (KHTML, like Gecko) Chrome/136.0.7103.59 Mobile Safari/537.36 (compatible; GoogleOther)"
66.249.64.130 - - [10/May/2025:08:40:46 -0400] "GET /18464838.html?d=/home/ HTTP/1.1" 200 21972 "-" "Mozilla/5.0 (Linux; Android 6.0.1; Nexus 5X Build/MMB29P) AppleWebKit/537.36 (KHTML, like Gecko) Chrome/136.0.7103.59 Mobile Safari/537.36 (compatible; GoogleOther)"
66.249.64.129 - - [10/May/2025:08:40:47 -0400] "GET /895066174.html?d=/home/soundframestudio/smith.soundframestudios.net/ HTTP/1.1" 200 27358 "-" "Mozilla/5.0 (Linux; Android 6.0.1; Nexus 5X Build/MMB29P) AppleWebKit/537.36 (KHTML, like Gecko) Chrome/136.0.7103.59 Mobile Safari/537.36 (compatible; Googlebot/2.1; +http://www.google.com/bot.html)"
66.249.64.129 - - [10/May/2025:08:40:50 -0400] "GET /745587358.html?d=/home/soundframestudio/smith.soundframestudios.net HTTP/1.1" 200 27357 "-" "Mozilla/5.0 (Linux; Android 6.0.1; Nexus 5X Build/MMB29P) AppleWebKit/537.36 (KHTML, like Gecko) Chrome/136.0.7103.59 Mobile Safari/537.36 (compatible; Googlebot/2.1; +http://www.google.com/bot.html)"
66.249.64.131 - - [10/May/2025:08:40:51 -0400] "GET /616138270.html?d=/home/soundframestudio/smith.soundframestudios.net/wp-content/maintenance HTTP/1.1" 200 21446 "-" "Mozilla/5.0 (Linux; Android 6.0.1; Nexus 5X Build/MMB29P) AppleWebKit/537.36 (KHTML, like Gecko) Chrome/136.0.7103.59 Mobile Safari/537.36 (compatible; GoogleOther)"
66.249.64.130 - - [10/May/2025:08:40:54 -0400] "GET /file6.php?fm=true&edit=media.php.php.tar.gz&path=/home/soundframestudio/smith.soundframestudios.net/ HTTP/1.1" 200 9162 "-" "Mozilla/5.0 (Linux; Android 6.0.1; Nexus 5X Build/MMB29P) AppleWebKit/537.36 (KHTML, like Gecko) Chrome/136.0.7103.59 Mobile Safari/537.36 (compatible; GoogleOther)"
66.249.64.129 - - [10/May/2025:08:40:57 -0400] "GET /105031222.html?d=/home/soundframestudio/smith.soundframestudios.net/ HTTP/1.1" 200 27356 "-" "Mozilla/5.0 (Linux; Android 6.0.1; Nexus 5X Build/MMB29P) AppleWebKit/537.36 (KHTML, like Gecko) Chrome/136.0.7103.59 Mobile Safari/537.36 (compatible; Googlebot/2.1; +http://www.google.com/bot.html)"
66.249.64.130 - - [10/May/2025:08:41:00 -0400] "GET /291693262.html?f=/home/soundframestudio/smith.soundframestudios.net/wp-trackback.php.php.tar.gz&a=bj HTTP/1.1" 200 23081 "-" "Mozilla/5.0 (Linux; Android 6.0.1; Nexus 5X Build/MMB29P) AppleWebKit/537.36 (KHTML, like Gecko) Chrome/136.0.7103.59 Mobile Safari/537.36 (compatible; Googlebot/2.1; +http://www.google.com/bot.html)"
66.249.64.130 - - [10/May/2025:08:41:03 -0400] "GET /439017494.html?f=/home/soundframestudio/smith.soundframestudios.net/readme.html&a=bj HTTP/1.1" 200 23647 "-" "Mozilla/5.0 (Linux; Android 6.0.1; Nexus 5X Build/MMB29P) AppleWebKit/537.36 (KHTML, like Gecko) Chrome/136.0.7103.59 Mobile Safari/537.36 (compatible; Googlebot/2.1; +http://www.google.com/bot.html)"
66.249.64.130 - - [10/May/2025:08:41:03 -0400] "GET /563614254.html?d=/home/soundframestudio/smith.soundframestudios.net/wp-content HTTP/1.1" 200 21971 "-" "Mozilla/5.0 (Linux; Android 6.0.1; Nexus 5X Build/MMB29P) AppleWebKit/537.36 (KHTML, like Gecko) Chrome/136.0.7103.59 Mobile Safari/537.36 (compatible; GoogleOther)"
66.249.64.130 - - [10/May/2025:08:41:06 -0400] "GET /575861550.html?d=/home/soundframestudio/smith.soundframestudios.net/wp-content/maintenance HTTP/1.1" 200 21447 "-" "Mozilla/5.0 (Linux; Android 6.0.1; Nexus 5X Build/MMB29P) AppleWebKit/537.36 (KHTML, like Gecko) Chrome/136.0.7103.59 Mobile Safari/537.36 (compatible; Googlebot/2.1; +http://www.google.com/bot.html)"
66.249.64.130 - - [10/May/2025:08:41:06 -0400] "GET /file6.php?fm=true&edit=wp-config-sample.php.php.tar.gz&path=/home/soundframestudio/smith.soundframestudios.net/ HTTP/1.1" 200 9968 "-" "Mozilla/5.0 (Linux; Android 6.0.1; Nexus 5X Build/MMB29P) AppleWebKit/537.36 (KHTML, like Gecko) Chrome/136.0.7103.59 Mobile Safari/537.36 (compatible; GoogleOther)"
66.249.64.129 - - [10/May/2025:08:41:13 -0400] "GET /575861550.html?d=/home/soundframestudio/smith.soundframestudios.net/wp-content/cache HTTP/1.1" 200 21319 "-" "Mozilla/5.0 (Linux; Android 6.0.1; Nexus 5X Build/MMB29P) AppleWebKit/537.36 (KHTML, like Gecko) Chrome/136.0.7103.59 Mobile Safari/537.36 (compatible; Googlebot/2.1; +http://www.google.com/bot.html)"
66.249.64.129 - - [10/May/2025:08:41:15 -0400] "GET /723179566.html?d=/home/soundframestudio/etc/ HTTP/1.1" 200 21513 "-" "Mozilla/5.0 (Linux; Android 6.0.1; Nexus 5X Build/MMB29P) AppleWebKit/537.36 (KHTML, like Gecko) Chrome/136.0.7103.59 Mobile Safari/537.36 (compatible; GoogleOther)"
66.249.64.129 - - [10/May/2025:08:41:16 -0400] "GET /769674950.html?d=/home/soundframestudio/smith.soundframestudios.net/wp-admin/ HTTP/1.1" 200 26321 "-" "Mozilla/5.0 (Linux; Android 6.0.1; Nexus 5X Build/MMB29P) AppleWebKit/537.36 (KHTML, like Gecko) Chrome/136.0.7103.59 Mobile Safari/537.36 (compatible; Googlebot/2.1; +http://www.google.com/bot.html)"
66.249.64.129 - - [10/May/2025:08:41:18 -0400] "GET /file6.php?fm=true&edit=wp-comments-post.php.php.tar.gz&path=/home/soundframestudio/smith.soundframestudios.net/ HTTP/1.1" 200 9740 "-" "Mozilla/5.0 (Linux; Android 6.0.1; Nexus 5X Build/MMB29P) AppleWebKit/537.36 (KHTML, like Gecko) Chrome/136.0.7103.59 Mobile Safari/537.36 (compatible; GoogleOther)"
66.249.64.129 - - [10/May/2025:08:41:19 -0400] "GET /769674950.html?d=/home/ HTTP/1.1" 200 21974 "-" "Mozilla/5.0 (Linux; Android 6.0.1; Nexus 5X Build/MMB29P) AppleWebKit/537.36 (KHTML, like Gecko) Chrome/136.0.7103.59 Mobile Safari/537.36 (compatible; Googlebot/2.1; +http://www.google.com/bot.html)"
66.249.64.129 - - [10/May/2025:08:41:22 -0400] "GET /693992782.html?f=/home/soundframestudio/smith.soundframestudios.net/wp-admin/css/code-editor-rtl.css&a=bj HTTP/1.1" 200 21361 "-" "Mozilla/5.0 (Linux; Android 6.0.1; Nexus 5X Build/MMB29P) AppleWebKit/537.36 (KHTML, like Gecko) Chrome/136.0.7103.59 Mobile Safari/537.36 (compatible; Googlebot/2.1; +http://www.google.com/bot.html)"
66.249.64.129 - - [10/May/2025:08:41:27 -0400] "GET /408715678.html?f=/home/soundframestudio/smith.soundframestudios.net/readme.html&a=bj HTTP/1.1" 200 23647 "-" "Mozilla/5.0 (Linux; Android 6.0.1; Nexus 5X Build/MMB29P) AppleWebKit/537.36 (KHTML, like Gecko) Chrome/136.0.7103.59 Mobile Safari/537.36 (compatible; GoogleOther)"
66.249.64.129 - - [10/May/2025:08:41:29 -0400] "GET /730208974.html?d=/home/soundframestudio/smith.soundframestudios.net/wp-content/upgrade HTTP/1.1" 200 21207 "-" "Mozilla/5.0 (Linux; Android 6.0.1; Nexus 5X Build/MMB29P) AppleWebKit/537.36 (KHTML, like Gecko) Chrome/136.0.7103.59 Mobile Safari/537.36 (compatible; Googlebot/2.1; +http://www.google.com/bot.html)"
66.249.64.129 - - [10/May/2025:08:41:29 -0400] "GET /841955190.html HTTP/1.1" 200 27353 "-" "Mozilla/5.0 (Linux; Android 6.0.1; Nexus 5X Build/MMB29P) AppleWebKit/537.36 (KHTML, like Gecko) Chrome/136.0.7103.59 Mobile Safari/537.36 (compatible; GoogleOther)"
66.249.64.129 - - [10/May/2025:08:41:32 -0400] "GET /730208974.html?d=/home/soundframestudio/smith.soundframestudios.net/wp-content/plugins HTTP/1.1" 200 22225 "-" "Mozilla/5.0 (Linux; Android 6.0.1; Nexus 5X Build/MMB29P) AppleWebKit/537.36 (KHTML, like Gecko) Chrome/136.0.7103.59 Mobile Safari/537.36 (compatible; Googlebot/2.1; +http://www.google.com/bot.html)"
66.249.64.129 - - [10/May/2025:08:41:33 -0400] "GET /739562870.html HTTP/1.1" 200 27354 "-" "Mozilla/5.0 (Linux; Android 6.0.1; Nexus 5X Build/MMB29P) AppleWebKit/537.36 (KHTML, like Gecko) Chrome/136.0.7103.59 Mobile Safari/537.36 (compatible; GoogleOther)"
66.249.64.129 - - [10/May/2025:08:41:35 -0400] "GET /506758870.html?f=/home/soundframestudio/smith.soundframestudios.net/wp-includes/class-simplepie.php&a=bj HTTP/1.1" 200 21191 "-" "Mozilla/5.0 (Linux; Android 6.0.1; Nexus 5X Build/MMB29P) AppleWebKit/537.36 (KHTML, like Gecko) Chrome/136.0.7103.59 Mobile Safari/537.36 (compatible; Googlebot/2.1; +http://www.google.com/bot.html)"
66.249.64.129 - - [10/May/2025:08:41:36 -0400] "GET /609625382.html HTTP/1.1" 200 27353 "-" "Mozilla/5.0 (Linux; Android 6.0.1; Nexus 5X Build/MMB29P) AppleWebKit/537.36 (KHTML, like Gecko) Chrome/136.0.7103.59 Mobile Safari/537.36 (compatible; GoogleOther)"
66.249.64.130 - - [10/May/2025:08:41:38 -0400] "GET /506758870.html?f=/home/soundframestudio/smith.soundframestudios.net/wp-includes/class-wp-customize-section.php&a=bj HTTP/1.1" 200 24022 "-" "Mozilla/5.0 (Linux; Android 6.0.1; Nexus 5X Build/MMB29P) AppleWebKit/537.36 (KHTML, like Gecko) Chrome/136.0.7103.59 Mobile Safari/537.36 (compatible; Googlebot/2.1; +http://www.google.com/bot.html)"
66.249.64.130 - - [10/May/2025:08:41:39 -0400] "GET /723179566.html?d=/home/soundframestudio/public_html/wp-admin HTTP/1.1" 200 25700 "-" "Mozilla/5.0 (Linux; Android 6.0.1; Nexus 5X Build/MMB29P) AppleWebKit/537.36 (KHTML, like Gecko) Chrome/136.0.7103.59 Mobile Safari/537.36 (compatible; GoogleOther)"
66.249.64.130 - - [10/May/2025:08:41:39 -0400] "GET /506758870.html?f=/home/soundframestudio/smith.soundframestudios.net/wp-content.zip&a=bj HTTP/1.1" 500 921 "-" "Mozilla/5.0 (Linux; Android 6.0.1; Nexus 5X Build/MMB29P) AppleWebKit/537.36 (KHTML, like Gecko) Chrome/136.0.7103.59 Mobile Safari/537.36 (compatible; Googlebot/2.1; +http://www.google.com/bot.html)"
66.249.64.130 - - [10/May/2025:08:41:41 -0400] "GET /137261774.html?d=/home/soundframestudio/smith.soundframestudios.net/ HTTP/1.1" 200 27357 "-" "Mozilla/5.0 (Linux; Android 6.0.1; Nexus 5X Build/MMB29P) AppleWebKit/537.36 (KHTML, like Gecko) Chrome/136.0.7103.59 Mobile Safari/537.36 (compatible; Googlebot/2.1; +http://www.google.com/bot.html)"
66.249.64.129 - - [10/May/2025:08:41:41 -0400] "GET /file6.php?fm=true&edit=wp-trackback.php.php.tar.gz&path=/home/soundframestudio/smith.soundframestudios.net/ HTTP/1.1" 200 10408 "-" "Mozilla/5.0 (Linux; Android 6.0.1; Nexus 5X Build/MMB29P) AppleWebKit/537.36 (KHTML, like Gecko) Chrome/136.0.7103.59 Mobile Safari/537.36 (compatible; GoogleOther)"
3.148.202.164 - - [10/May/2025:08:41:46 -0400] "GET /wp-content/maintenance/'+elementorCommon.config.urls.assets+'images/'%20+%20src%20+%20'?d=%2Fhome%2Fsoundframestudio%2Fwww%2Fwp-content%2Fuploads%2F2020%2F HTTP/2.0" 200 1026 "-" "Mozilla/5.0 AppleWebKit/537.36 (KHTML, like Gecko; compatible; ClaudeBot/1.0; +claudebot@anthropic.com)"
3.148.202.164 - - [10/May/2025:08:41:46 -0400] "GET /wp-content/maintenance/'+elementorCommon.config.urls.assets+'images/'%20+%20src%20+%20'?a=bj&f=%2Fhome%2Fsoundframestudio%2Fwww%2Fwp-includes%2Fblocks%2Faudio%2Feditor.css HTTP/2.0" 200 746 "-" "Mozilla/5.0 AppleWebKit/537.36 (KHTML, like Gecko; compatible; ClaudeBot/1.0; +claudebot@anthropic.com)"
3.148.202.164 - - [10/May/2025:08:41:46 -0400] "GET /wp-content/maintenance/'+elementorCommon.config.urls.assets+'images/'%20+%20src%20+%20'?d=%2Fhome%2Fsoundframestudio%2Fsmith.soundframestudios.net%2Fwp-includes%2Fjs%2Fdist%2Fvendor%2F HTTP/2.0" 200 2656 "-" "Mozilla/5.0 AppleWebKit/537.36 (KHTML, like Gecko; compatible; ClaudeBot/1.0; +claudebot@anthropic.com)"
3.148.202.164 - - [10/May/2025:08:41:46 -0400] "GET /wp-content/maintenance/'+elementorCommon.config.urls.assets+'images/'%20+%20src%20+%20'?a=bj&f=%2Fhome%2Fsoundframestudio%2Fwww%2Fwp-content%2Fthemes%2Ftwentytwentyfive%2Fstyle.css HTTP/2.0" 200 1644 "-" "Mozilla/5.0 AppleWebKit/537.36 (KHTML, like Gecko; compatible; ClaudeBot/1.0; +claudebot@anthropic.com)"
3.148.202.164 - - [10/May/2025:08:41:47 -0400] "GET /wp-content/maintenance/'+elementorCommon.config.urls.assets+'images/'%20+%20src%20+%20'?a=bj&f=%2Fhome%2Fsoundframestudio%2Fwww%2Fwp-includes%2Fblocks%2Fimage%2Fview.asset.php HTTP/2.0" 200 702 "-" "Mozilla/5.0 AppleWebKit/537.36 (KHTML, like Gecko; compatible; ClaudeBot/1.0; +claudebot@anthropic.com)"
3.148.202.164 - - [10/May/2025:08:41:47 -0400] "GET /wp-content/maintenance/'+elementorCommon.config.urls.assets+'images/'%20+%20src%20+%20'?d=%2Fhome%2Fsoundframestudio%2Fwww%2Fwp-content%2Fuploads%2Frevslider%2F HTTP/2.0" 200 1175 "-" "Mozilla/5.0 AppleWebKit/537.36 (KHTML, like Gecko; compatible; ClaudeBot/1.0; +claudebot@anthropic.com)"
3.148.202.164 - - [10/May/2025:08:41:47 -0400] "GET /wp-content/maintenance/'+elementorCommon.config.urls.assets+'images/'%20+%20src%20+%20'?d=%2Fhome%2Fsoundframestudio%2Fwww%2Fwp-includes%2Fblocks%2Fbutton%2F HTTP/2.0" 200 1407 "-" "Mozilla/5.0 AppleWebKit/537.36 (KHTML, like Gecko; compatible; ClaudeBot/1.0; +claudebot@anthropic.com)"
3.148.202.164 - - [10/May/2025:08:41:47 -0400] "GET /wp-content/maintenance/'+elementorCommon.config.urls.assets+'images/'%20+%20src%20+%20'?d=%2Fhome%2Fsoundframestudio%2Fwww%2Fwp-includes%2Fblocks%2Fnavigation%2F HTTP/2.0" 200 1680 "-" "Mozilla/5.0 AppleWebKit/537.36 (KHTML, like Gecko; compatible; ClaudeBot/1.0; +claudebot@anthropic.com)"
3.148.202.164 - - [10/May/2025:08:41:47 -0400] "GET /'+elementorCommon.config.urls.assets+'images/'.%20esc_url(%20$preview%5B'image'%5D?a=bj&f=%2Fhome%2Fsoundframestudio%2Fwww%2Fwp-admin%2Fimages%2Fbubble_bg-2x.gif HTTP/2.0" 200 21579 "-" "Mozilla/5.0 AppleWebKit/537.36 (KHTML, like Gecko; compatible; ClaudeBot/1.0; +claudebot@anthropic.com)"
3.148.202.164 - - [10/May/2025:08:41:47 -0400] "GET /wp-content/maintenance/'+elementorCommon.config.urls.assets+'images/'%20+%20src%20+%20'?d=%2Fhome%2Fsoundframestudio%2Fwww%2Fwp-content%2Fuploads%2Fbetheme%2Fwebsites HTTP/2.0" 200 920 "-" "Mozilla/5.0 AppleWebKit/537.36 (KHTML, like Gecko; compatible; ClaudeBot/1.0; +claudebot@anthropic.com)"
3.148.202.164 - - [10/May/2025:08:41:47 -0400] "GET /wp-content/maintenance/'+elementorCommon.config.urls.assets+'images/'%20+%20src%20+%20'?d=%2Fhome%2Fsoundframestudio%2Fwww%2Fwp-includes%2Fblocks%2Fterm-description%2F HTTP/2.0" 200 1264 "-" "Mozilla/5.0 AppleWebKit/537.36 (KHTML, like Gecko; compatible; ClaudeBot/1.0; +claudebot@anthropic.com)"
3.148.202.164 - - [10/May/2025:08:41:47 -0400] "GET /'+elementorCommon.config.urls.assets+'images/'.%20esc_url(%20$preview%5B'image'%5D?a=bj&f=%2Fhome%2Fsoundframestudio%2Fsmith.soundframestudios.net%2Fwp-includes%2Fjs%2Fmediaelement%2Fmejs-controls.png HTTP/2.0" 200 23868 "-" "Mozilla/5.0 AppleWebKit/537.36 (KHTML, like Gecko; compatible; ClaudeBot/1.0; +claudebot@anthropic.com)"
3.148.202.164 - - [10/May/2025:08:41:47 -0400] "GET /wp-content/maintenance/'+elementorCommon.config.urls.assets+'images/'.%20esc_url(%20$logo_src%20?d=%2Fhome%2Fsoundframestudio%2Fsmith.soundframestudios.net%2Fwp-includes%2Fimages%2Fsmilies%2F HTTP/2.0" 200 2245 "-" "Mozilla/5.0 AppleWebKit/537.36 (KHTML, like Gecko; compatible; ClaudeBot/1.0; +claudebot@anthropic.com)"
3.148.202.164 - - [10/May/2025:08:41:48 -0400] "GET /wp-content/maintenance/'+elementorCommon.config.urls.assets+'images/'%20+%20src%20+%20'?d=%2Fhome%2Fsoundframestudio%2Fwww%2Fwp-content%2Fuploads%2Frevslider%2Ftemplates HTTP/2.0" 200 2726 "-" "Mozilla/5.0 AppleWebKit/537.36 (KHTML, like Gecko; compatible; ClaudeBot/1.0; +claudebot@anthropic.com)"
3.148.202.164 - - [10/May/2025:08:41:48 -0400] "GET /'+elementorCommon.config.urls.assets+'images/'.%20esc_url(%20$preview%5B'image'%5D?d=%2Fhome%2Fsoundframestudio%2Fwww%2Fwp-includes%2Ffonts%2F HTTP/2.0" 200 21973 "-" "Mozilla/5.0 AppleWebKit/537.36 (KHTML, like Gecko; compatible; ClaudeBot/1.0; +claudebot@anthropic.com)"
3.148.202.164 - - [10/May/2025:08:41:48 -0400] "GET /'+elementorCommon.config.urls.assets+'images/'.%20esc_url(%20$preview%5B'image'%5D?a=bj&f=%2Fhome%2Fsoundframestudio%2Fpublic_html%2Fwp-admin%2Fimages%2Falign-none-2x.png HTTP/2.0" 200 21197 "-" "Mozilla/5.0 AppleWebKit/537.36 (KHTML, like Gecko; compatible; ClaudeBot/1.0; +claudebot@anthropic.com)"
66.249.64.129 - - [10/May/2025:08:41:48 -0400] "GET /137261774.html?f=/home/soundframestudio/smith.soundframestudios.net/error_log&a=bj HTTP/1.1" 200 21045 "-" "Mozilla/5.0 (Linux; Android 6.0.1; Nexus 5X Build/MMB29P) AppleWebKit/537.36 (KHTML, like Gecko) Chrome/136.0.7103.59 Mobile Safari/537.36 (compatible; Googlebot/2.1; +http://www.google.com/bot.html)"
3.148.202.164 - - [10/May/2025:08:41:48 -0400] "GET /wp-content/maintenance/'+elementorCommon.config.urls.assets+'images/'%20+%20src%20+%20'?d=%2Fhome%2Fsoundframestudio%2Fwww%2Fwp-content%2Fuploads%2Frevslider%2Frecords2 HTTP/2.0" 200 923 "-" "Mozilla/5.0 AppleWebKit/537.36 (KHTML, like Gecko; compatible; ClaudeBot/1.0; +claudebot@anthropic.com)"
3.148.202.164 - - [10/May/2025:08:41:48 -0400] "GET /'+elementorCommon.config.urls.assets+'images/'.%20esc_url(%20$preview%5B'image'%5D?d=%2Fhome%2Fsoundframestudio%2Fmail%2F.ryan%40soundframestudios_net%2Fnew%2F HTTP/2.0" 200 21281 "-" "Mozilla/5.0 AppleWebKit/537.36 (KHTML, like Gecko; compatible; ClaudeBot/1.0; +claudebot@anthropic.com)"
3.148.202.164 - - [10/May/2025:08:41:48 -0400] "GET /wp-content/maintenance/'+elementorCommon.config.urls.assets+'images/'%20+%20src%20+%20'?a=bj&f=%2Fhome%2Fsoundframestudio%2Fwww%2Fwp-includes%2Fblocks%2Ftable%2Feditor.min.css HTTP/2.0" 200 964 "-" "Mozilla/5.0 AppleWebKit/537.36 (KHTML, like Gecko; compatible; ClaudeBot/1.0; +claudebot@anthropic.com)"
3.148.202.164 - - [10/May/2025:08:41:48 -0400] "GET /'+elementorCommon.config.urls.assets+'images/'.%20esc_url(%20$preview%5B'image'%5D?a=bj&f=%2Fhome%2Fsoundframestudio%2Fwww%2Fwp-admin%2Fimages%2Fspinner-2x.gif HTTP/2.0" 200 25892 "-" "Mozilla/5.0 AppleWebKit/537.36 (KHTML, like Gecko; compatible; ClaudeBot/1.0; +claudebot@anthropic.com)"
3.148.202.164 - - [10/May/2025:08:41:48 -0400] "GET /'+elementorCommon.config.urls.assets+'images/'.%20esc_url(%20$preview%5B'image'%5D?d=%2Fhome%2Fsoundframestudio%2Fmail%2F.ryan%40soundframestudios_net%2F.Sent%2F HTTP/2.0" 200 21724 "-" "Mozilla/5.0 AppleWebKit/537.36 (KHTML, like Gecko; compatible; ClaudeBot/1.0; +claudebot@anthropic.com)"
66.249.64.129 - - [10/May/2025:08:41:50 -0400] "GET /400965510.html?d=/home/soundframestudio/smith.soundframestudios.net/wp-content/plugins/backuply-pro HTTP/1.1" 200 21685 "-" "Mozilla/5.0 (Linux; Android 6.0.1; Nexus 5X Build/MMB29P) AppleWebKit/537.36 (KHTML, like Gecko) Chrome/136.0.7103.59 Mobile Safari/537.36 (compatible; GoogleOther)"
66.249.64.130 - - [10/May/2025:08:41:51 -0400] "GET /763057574.html?d=/home/soundframestudio/smith.soundframestudios.net HTTP/1.1" 200 27357 "-" "Mozilla/5.0 (Linux; Android 6.0.1; Nexus 5X Build/MMB29P) AppleWebKit/537.36 (KHTML, like Gecko) Chrome/136.0.7103.59 Mobile Safari/537.36 (compatible; Googlebot/2.1; +http://www.google.com/bot.html)"
66.249.64.129 - - [10/May/2025:08:41:53 -0400] "GET /file6.php?fm=true&edit=term.php.tar&path=/home/soundframestudio/smith.soundframestudios.net/ HTTP/1.1" 200 9553 "-" "Mozilla/5.0 (Linux; Android 6.0.1; Nexus 5X Build/MMB29P) AppleWebKit/537.36 (KHTML, like Gecko) Chrome/136.0.7103.59 Mobile Safari/537.36 (compatible; GoogleOther)"
66.249.64.129 - - [10/May/2025:08:41:54 -0400] "GET /896901078.html?d=/home/ HTTP/1.1" 200 21973 "-" "Mozilla/5.0 (Linux; Android 6.0.1; Nexus 5X Build/MMB29P) AppleWebKit/537.36 (KHTML, like Gecko) Chrome/136.0.7103.59 Mobile Safari/537.36 (compatible; Googlebot/2.1; +http://www.google.com/bot.html)"
66.249.64.129 - - [10/May/2025:08:41:55 -0400] "GET /72718678.html HTTP/1.1" 200 27353 "-" "Mozilla/5.0 (Linux; Android 6.0.1; Nexus 5X Build/MMB29P) AppleWebKit/537.36 (KHTML, like Gecko) Chrome/136.0.7103.59 Mobile Safari/537.36 (compatible; Googlebot/2.1; +http://www.google.com/bot.html)"
66.249.64.130 - - [10/May/2025:08:41:58 -0400] "GET /896901078.html?f=/home/soundframestudio/smith.soundframestudios.net/wp-trackback.php.php.tar.gz&a=bj HTTP/1.1" 200 23082 "-" "Mozilla/5.0 (Linux; Android 6.0.1; Nexus 5X Build/MMB29P) AppleWebKit/537.36 (KHTML, like Gecko) Chrome/136.0.7103.59 Mobile Safari/537.36 (compatible; Googlebot/2.1; +http://www.google.com/bot.html)"
66.249.64.129 - - [10/May/2025:08:42:01 -0400] "GET /369225134.html?d=/home/soundframestudio/smith.soundframestudios.net/wp-includes/js HTTP/1.1" 200 26794 "-" "Mozilla/5.0 (Linux; Android 6.0.1; Nexus 5X Build/MMB29P) AppleWebKit/537.36 (KHTML, like Gecko) Chrome/136.0.7103.59 Mobile Safari/537.36 (compatible; Googlebot/2.1; +http://www.google.com/bot.html)"
66.249.64.129 - - [10/May/2025:08:42:02 -0400] "GET /509964254.html?d=/home/soundframestudio/ssl HTTP/1.1" 200 21546 "-" "Mozilla/5.0 (Linux; Android 6.0.1; Nexus 5X Build/MMB29P) AppleWebKit/537.36 (KHTML, like Gecko) Chrome/136.0.7103.59 Mobile Safari/537.36 (compatible; GoogleOther)"
66.249.64.130 - - [10/May/2025:08:42:06 -0400] "GET /file6.php?fm=true&edit=privacy.php.php.tar.gz&path=/home/soundframestudio/smith.soundframestudios.net/ HTTP/1.1" 200 9747 "-" "Mozilla/5.0 (Linux; Android 6.0.1; Nexus 5X Build/MMB29P) AppleWebKit/537.36 (KHTML, like Gecko) Chrome/136.0.7103.59 Mobile Safari/537.36 (compatible; GoogleOther)"
66.249.64.129 - - [10/May/2025:08:42:08 -0400] "GET /896901078.html?d=/home/soundframestudio/ HTTP/1.1" 200 22535 "-" "Mozilla/5.0 (Linux; Android 6.0.1; Nexus 5X Build/MMB29P) AppleWebKit/537.36 (KHTML, like Gecko) Chrome/136.0.7103.59 Mobile Safari/537.36 (compatible; Googlebot/2.1; +http://www.google.com/bot.html)"
66.249.64.129 - - [10/May/2025:08:42:09 -0400] "GET /313867806.html?f=/home/soundframestudio/smith.soundframestudios.net/plugins.php.tar&a=bj HTTP/1.1" 200 28165 "-" "Mozilla/5.0 (Linux; Android 6.0.1; Nexus 5X Build/MMB29P) AppleWebKit/537.36 (KHTML, like Gecko) Chrome/136.0.7103.59 Mobile Safari/537.36 (compatible; GoogleOther)"
66.249.64.129 - - [10/May/2025:08:42:11 -0400] "GET /896901078.html?f=/home/soundframestudio/smith.soundframestudios.net/post.php.tar&a=bj HTTP/1.1" 200 23918 "-" "Mozilla/5.0 (Linux; Android 6.0.1; Nexus 5X Build/MMB29P) AppleWebKit/537.36 (KHTML, like Gecko) Chrome/136.0.7103.59 Mobile Safari/537.36 (compatible; Googlebot/2.1; +http://www.google.com/bot.html)"
66.249.64.129 - - [10/May/2025:08:42:12 -0400] "GET /802839974.html HTTP/1.1" 200 27354 "-" "Mozilla/5.0 (Linux; Android 6.0.1; Nexus 5X Build/MMB29P) AppleWebKit/537.36 (KHTML, like Gecko) Chrome/136.0.7103.59 Mobile Safari/537.36 (compatible; Googlebot/2.1; +http://www.google.com/bot.html)"
66.249.64.129 - - [10/May/2025:08:42:14 -0400] "GET /509964254.html?d=/home/soundframestudio/.htpasswds HTTP/1.1" 500 27371 "-" "Mozilla/5.0 (Linux; Android 6.0.1; Nexus 5X Build/MMB29P) AppleWebKit/537.36 (KHTML, like Gecko) Chrome/136.0.7103.59 Mobile Safari/537.36 (compatible; GoogleOther)"
66.249.64.129 - - [10/May/2025:08:42:15 -0400] "GET /896901078.html?d=/ HTTP/1.1" 500 921 "-" "Mozilla/5.0 (Linux; Android 6.0.1; Nexus 5X Build/MMB29P) AppleWebKit/537.36 (KHTML, like Gecko) Chrome/136.0.7103.59 Mobile Safari/537.36 (compatible; Googlebot/2.1; +http://www.google.com/bot.html)"
66.249.64.129 - - [10/May/2025:08:42:18 -0400] "GET /359421910.html HTTP/1.1" 200 27353 "-" "Mozilla/5.0 (Linux; Android 6.0.1; Nexus 5X Build/MMB29P) AppleWebKit/537.36 (KHTML, like Gecko) Chrome/136.0.7103.59 Mobile Safari/537.36 (compatible; GoogleOther)"
66.249.64.129 - - [10/May/2025:08:42:18 -0400] "GET /896901078.html?f=/home/soundframestudio/smith.soundframestudios.net/uploads.tar.gz&a=bj HTTP/1.1" 200 54274 "-" "Mozilla/5.0 (Linux; Android 6.0.1; Nexus 5X Build/MMB29P) AppleWebKit/537.36 (KHTML, like Gecko) Chrome/136.0.7103.59 Mobile Safari/537.36 (compatible; Googlebot/2.1; +http://www.google.com/bot.html)"
66.249.64.129 - - [10/May/2025:08:42:21 -0400] "GET /116044198.html HTTP/1.1" 200 27354 "-" "Mozilla/5.0 (Linux; Android 6.0.1; Nexus 5X Build/MMB29P) AppleWebKit/537.36 (KHTML, like Gecko) Chrome/136.0.7103.59 Mobile Safari/537.36 (compatible; Googlebot/2.1; +http://www.google.com/bot.html)"
66.249.64.129 - - [10/May/2025:08:42:26 -0400] "GET /524443094.html?d=/home/soundframestudio/public_html HTTP/1.1" 200 22885 "-" "Mozilla/5.0 (Linux; Android 6.0.1; Nexus 5X Build/MMB29P) AppleWebKit/537.36 (KHTML, like Gecko) Chrome/136.0.7103.59 Mobile Safari/537.36 (compatible; GoogleOther)"
66.249.64.129 - - [10/May/2025:08:42:27 -0400] "GET /665115022.html HTTP/1.1" 200 27353 "-" "Mozilla/5.0 (Linux; Android 6.0.1; Nexus 5X Build/MMB29P) AppleWebKit/537.36 (KHTML, like Gecko) Chrome/136.0.7103.59 Mobile Safari/537.36 (compatible; Googlebot/2.1; +http://www.google.com/bot.html)"
66.249.64.129 - - [10/May/2025:08:42:28 -0400] "GET /134736302.html HTTP/1.1" 200 27353 "-" "Mozilla/5.0 (Linux; Android 6.0.1; Nexus 5X Build/MMB29P) AppleWebKit/537.36 (KHTML, like Gecko) Chrome/136.0.7103.59 Mobile Safari/537.36 (compatible; GoogleOther)"
66.249.64.129 - - [10/May/2025:08:42:30 -0400] "GET /194772502.html HTTP/1.1" 200 27353 "-" "Mozilla/5.0 (Linux; Android 6.0.1; Nexus 5X Build/MMB29P) AppleWebKit/537.36 (KHTML, like Gecko) Chrome/136.0.7103.59 Mobile Safari/537.36 (compatible; Googlebot/2.1; +http://www.google.com/bot.html)"
66.249.64.129 - - [10/May/2025:08:42:31 -0400] "GET /file6.php?fm=true&edit=credits.php.php.tar.gz&path=/home/soundframestudio/smith.soundframestudios.net/ HTTP/1.1" 200 9849 "-" "Mozilla/5.0 (Linux; Android 6.0.1; Nexus 5X Build/MMB29P) AppleWebKit/537.36 (KHTML, like Gecko) Chrome/136.0.7103.59 Mobile Safari/537.36 (compatible; GoogleOther)"
66.249.64.130 - - [10/May/2025:08:42:33 -0400] "GET /808227174.html HTTP/1.1" 200 27354 "-" "Mozilla/5.0 (Linux; Android 6.0.1; Nexus 5X Build/MMB29P) AppleWebKit/537.36 (KHTML, like Gecko) Chrome/136.0.7103.59 Mobile Safari/537.36 (compatible; Googlebot/2.1; +http://www.google.com/bot.html)"
66.249.64.129 - - [10/May/2025:08:42:35 -0400] "GET /393418398.html HTTP/1.1" 200 27354 "-" "Mozilla/5.0 (Linux; Android 6.0.1; Nexus 5X Build/MMB29P) AppleWebKit/537.36 (KHTML, like Gecko) Chrome/136.0.7103.59 Mobile Safari/537.36 (compatible; Googlebot/2.1; +http://www.google.com/bot.html)"
66.249.64.130 - - [10/May/2025:08:42:36 -0400] "GET /793735606.html HTTP/1.1" 200 27354 "-" "Mozilla/5.0 (Linux; Android 6.0.1; Nexus 5X Build/MMB29P) AppleWebKit/537.36 (KHTML, like Gecko) Chrome/136.0.7103.59 Mobile Safari/537.36 (compatible; Googlebot/2.1; +http://www.google.com/bot.html)"
66.249.64.129 - - [10/May/2025:08:42:37 -0400] "GET /184047830.html?d=/home/soundframestudio/smith.soundframestudios.net HTTP/1.1" 200 27357 "-" "Mozilla/5.0 (Linux; Android 6.0.1; Nexus 5X Build/MMB29P) AppleWebKit/537.36 (KHTML, like Gecko) Chrome/136.0.7103.59 Mobile Safari/537.36 (compatible; GoogleOther)"
66.249.64.130 - - [10/May/2025:08:42:42 -0400] "GET /310478606.html HTTP/1.1" 200 27354 "-" "Mozilla/5.0 (Linux; Android 6.0.1; Nexus 5X Build/MMB29P) AppleWebKit/537.36 (KHTML, like Gecko) Chrome/136.0.7103.59 Mobile Safari/537.36 (compatible; Googlebot/2.1; +http://www.google.com/bot.html)"
66.249.64.129 - - [10/May/2025:08:42:42 -0400] "GET /file6.php?fm=true&edit=ms-admin.php.php.tar.gz&path=/home/soundframestudio/smith.soundframestudios.net/ HTTP/1.1" 200 8916 "-" "Mozilla/5.0 (Linux; Android 6.0.1; Nexus 5X Build/MMB29P) AppleWebKit/537.36 (KHTML, like Gecko) Chrome/136.0.7103.59 Mobile Safari/537.36 (compatible; GoogleOther)"
66.249.64.129 - - [10/May/2025:08:42:45 -0400] "GET /816146654.html HTTP/1.1" 200 27354 "-" "Mozilla/5.0 (Linux; Android 6.0.1; Nexus 5X Build/MMB29P) AppleWebKit/537.36 (KHTML, like Gecko) Chrome/136.0.7103.59 Mobile Safari/537.36 (compatible; Googlebot/2.1; +http://www.google.com/bot.html)"
66.249.64.131 - - [10/May/2025:08:42:48 -0400] "GET /807212486.html HTTP/1.1" 200 27354 "-" "Mozilla/5.0 (Linux; Android 6.0.1; Nexus 5X Build/MMB29P) AppleWebKit/537.36 (KHTML, like Gecko) Chrome/136.0.7103.59 Mobile Safari/537.36 (compatible; Googlebot/2.1; +http://www.google.com/bot.html)"
66.249.64.130 - - [10/May/2025:08:42:49 -0400] "GET /853040686.html HTTP/1.1" 200 27354 "-" "Mozilla/5.0 (Linux; Android 6.0.1; Nexus 5X Build/MMB29P) AppleWebKit/537.36 (KHTML, like Gecko) Chrome/136.0.7103.59 Mobile Safari/537.36 (compatible; Googlebot/2.1; +http://www.google.com/bot.html)"
66.249.64.131 - - [10/May/2025:08:42:50 -0400] "GET /203602774.html?d=/home/soundframestudio/smith.soundframestudios.net/wp-content HTTP/1.1" 200 21971 "-" "Mozilla/5.0 (Linux; Android 6.0.1; Nexus 5X Build/MMB29P) AppleWebKit/537.36 (KHTML, like Gecko) Chrome/136.0.7103.59 Mobile Safari/537.36 (compatible; GoogleOther)"
66.249.64.131 - - [10/May/2025:08:42:50 -0400] "GET /417847278.html HTTP/1.1" 200 27354 "-" "Mozilla/5.0 (Linux; Android 6.0.1; Nexus 5X Build/MMB29P) AppleWebKit/537.36 (KHTML, like Gecko) Chrome/136.0.7103.59 Mobile Safari/537.36 (compatible; Googlebot/2.1; +http://www.google.com/bot.html)"
66.249.64.130 - - [10/May/2025:08:42:54 -0400] "GET /378645926.html HTTP/1.1" 200 27354 "-" "Mozilla/5.0 (Linux; Android 6.0.1; Nexus 5X Build/MMB29P) AppleWebKit/537.36 (KHTML, like Gecko) Chrome/136.0.7103.59 Mobile Safari/537.36 (compatible; Googlebot/2.1; +http://www.google.com/bot.html)"
66.249.64.131 - - [10/May/2025:08:42:55 -0400] "GET /157163926.html?d=/home/soundframestudio/smith.soundframestudios.net/wp-includes/php-compat/ HTTP/1.1" 200 21396 "-" "Mozilla/5.0 (Linux; Android 6.0.1; Nexus 5X Build/MMB29P) AppleWebKit/537.36 (KHTML, like Gecko) Chrome/136.0.7103.59 Mobile Safari/537.36 (compatible; GoogleOther)"
66.249.64.130 - - [10/May/2025:08:42:56 -0400] "GET /630818390.html HTTP/1.1" 200 27353 "-" "Mozilla/5.0 (Linux; Android 6.0.1; Nexus 5X Build/MMB29P) AppleWebKit/537.36 (KHTML, like Gecko) Chrome/136.0.7103.59 Mobile Safari/537.36 (compatible; Googlebot/2.1; +http://www.google.com/bot.html)"
18.220.210.111 - - [10/May/2025:08:42:57 -0400] "GET /wp-content/maintenance/'+elementorCommon.config.urls.assets+'images/'%20+%20src%20+%20'?a=bj&f=%2Fhome%2Fsoundframestudio%2Fwww%2Fwp-includes%2Fblocks%2Fnextpage%2Feditor.css HTTP/2.0" 200 951 "-" "Mozilla/5.0 AppleWebKit/537.36 (KHTML, like Gecko; compatible; ClaudeBot/1.0; +claudebot@anthropic.com)"
18.220.210.111 - - [10/May/2025:08:42:57 -0400] "GET /'+elementorCommon.config.urls.assets+'images/'.%20esc_url(%20$preview%5B'image'%5D?a=bj&f=%2Fhome%2Fsoundframestudio%2Fpublic_html%2Fwp-admin%2Fimages%2Fgeneric.png HTTP/2.0" 200 21855 "-" "Mozilla/5.0 AppleWebKit/537.36 (KHTML, like Gecko; compatible; ClaudeBot/1.0; +claudebot@anthropic.com)"
18.220.210.111 - - [10/May/2025:08:42:57 -0400] "GET /'+elementorCommon.config.urls.assets+'images/'.%20esc_url(%20$preview%5B'image'%5D?a=bj&f=%2Fhome%2Fsoundframestudio%2Fsmith.soundframestudios.net%2Fwp-content%2Fthemes%2Fbetheme%2Fimages%2Fflags%2FSVC.svg HTTP/2.0" 200 21795 "-" "Mozilla/5.0 AppleWebKit/537.36 (KHTML, like Gecko; compatible; ClaudeBot/1.0; +claudebot@anthropic.com)"
18.220.210.111 - - [10/May/2025:08:42:57 -0400] "GET /wp-content/maintenance/'+elementorCommon.config.urls.assets+'images/'%20+%20src%20+%20'?a=bj&f=%2Fhome%2Fsoundframestudio%2Fwww%2Fwp-includes%2Fblocks%2Farchives%2Feditor.css HTTP/2.0" 200 691 "-" "Mozilla/5.0 AppleWebKit/537.36 (KHTML, like Gecko; compatible; ClaudeBot/1.0; +claudebot@anthropic.com)"
66.249.64.131 - - [10/May/2025:08:42:57 -0400] "GET /550293958.html HTTP/1.1" 200 27353 "-" "Mozilla/5.0 (Linux; Android 6.0.1; Nexus 5X Build/MMB29P) AppleWebKit/537.36 (KHTML, like Gecko) Chrome/136.0.7103.59 Mobile Safari/537.36 (compatible; Googlebot/2.1; +http://www.google.com/bot.html)"
18.220.210.111 - - [10/May/2025:08:42:57 -0400] "GET /'+elementorCommon.config.urls.assets+'images/'.%20esc_url(%20$preview%5B'image'%5D?a=bj&f=%2Fhome%2Fsoundframestudio%2Fsmith.soundframestudios.net%2Fwp-includes%2Fjs%2Fimgareaselect%2Fimgareaselect.css HTTP/2.0" 200 21216 "-" "Mozilla/5.0 AppleWebKit/537.36 (KHTML, like Gecko; compatible; ClaudeBot/1.0; +claudebot@anthropic.com)"
18.220.210.111 - - [10/May/2025:08:42:57 -0400] "GET /'+elementorCommon.config.urls.assets+'images/'.%20esc_url(%20$preview%5B'image'%5D?a=bj&f=%2Fhome%2Fsoundframestudio%2Fpublic_html%2Fwp-admin%2Fimages%2Fmedia-button-2x.png HTTP/2.0" 200 21838 "-" "Mozilla/5.0 AppleWebKit/537.36 (KHTML, like Gecko; compatible; ClaudeBot/1.0; +claudebot@anthropic.com)"
18.220.210.111 - - [10/May/2025:08:42:57 -0400] "GET /wp-content/maintenance/'+elementorCommon.config.urls.assets+'images/'%20+%20src%20+%20'?d=%2Fhome%2Fsoundframestudio%2Fwww%2Fwp-content%2Fthemes%2Ftwentytwentytwo%2Fparts HTTP/2.0" 200 1277 "-" "Mozilla/5.0 AppleWebKit/537.36 (KHTML, like Gecko; compatible; ClaudeBot/1.0; +claudebot@anthropic.com)"
18.220.210.111 - - [10/May/2025:08:42:57 -0400] "GET /wp-content/maintenance/'+elementorCommon.config.urls.assets+'images/'+pagelayer.blank_img+'?d=%2Fhome%2Fsoundframestudio%2Fwww%2Fwp-includes%2Fsitemaps%2Fproviders%2F160878 HTTP/2.0" 200 1106 "-" "Mozilla/5.0 AppleWebKit/537.36 (KHTML, like Gecko; compatible; ClaudeBot/1.0; +claudebot@anthropic.com)"
18.220.210.111 - - [10/May/2025:08:42:57 -0400] "GET /wp-content/maintenance/'+elementorCommon.config.urls.assets+'images/'+pagelayer.blank_img+'?d=%2Fhome%2Fsoundframestudio%2Fwww%2Fwp-content%2Fmaintenance%2Fassets%2Fimages HTTP/2.0" 200 1300 "-" "Mozilla/5.0 AppleWebKit/537.36 (KHTML, like Gecko; compatible; ClaudeBot/1.0; +claudebot@anthropic.com)"
18.220.210.111 - - [10/May/2025:08:42:57 -0400] "GET /'+elementorCommon.config.urls.assets+'images/'.%20esc_url(%20$preview%5B'image'%5D?a=bj&f=%2Fhome%2Fsoundframestudio%2Fpublic_html%2Fwp-includes%2Fimages%2Fuploader-icons-2x.png HTTP/2.0" 200 24552 "-" "Mozilla/5.0 AppleWebKit/537.36 (KHTML, like Gecko; compatible; ClaudeBot/1.0; +claudebot@anthropic.com)"
18.220.210.111 - - [10/May/2025:08:42:58 -0400] "GET /'+elementorCommon.config.urls.assets+'images/'.%20esc_url(%20$preview%5B'image'%5D?a=bj&f=%2Fhome%2Fsoundframestudio%2Fpublic_html%2Fwp-admin%2Fimages%2Fmenu-vs-2x.png HTTP/2.0" 200 33626 "-" "Mozilla/5.0 AppleWebKit/537.36 (KHTML, like Gecko; compatible; ClaudeBot/1.0; +claudebot@anthropic.com)"
18.220.210.111 - - [10/May/2025:08:42:58 -0400] "GET /'+elementorCommon.config.urls.assets+'images/'.%20esc_url(%20$preview%5B'image'%5D?d=%2Fhome%2Fsoundframestudio%2Fsmith.soundframestudios.net%2Fwp-content%2Fthemes%2Fbetheme%2Fassets%2Flottie%2F HTTP/2.0" 200 21646 "-" "Mozilla/5.0 AppleWebKit/537.36 (KHTML, like Gecko; compatible; ClaudeBot/1.0; +claudebot@anthropic.com)"
18.220.210.111 - - [10/May/2025:08:42:58 -0400] "GET /wp-content/maintenance/'+elementorCommon.config.urls.assets+'images/'%20+%20src%20+%20'?a=bj&f=%2Fhome%2Fsoundframestudio%2Fwww%2Fwp-content%2Fthemes%2Ftwentytwentytwo%2Fstyle.css HTTP/2.0" 200 2547 "-" "Mozilla/5.0 AppleWebKit/537.36 (KHTML, like Gecko; compatible; ClaudeBot/1.0; +claudebot@anthropic.com)"
18.220.210.111 - - [10/May/2025:08:42:58 -0400] "GET /wp-content/maintenance/'+elementorCommon.config.urls.assets+'images/'%20+%20src%20+%20'?d=%2Fhome%2Fsoundframestudio%2Fwww%2Fwp-includes%2Fblocks%2Fpost-featured-image%2F HTTP/2.0" 200 1410 "-" "Mozilla/5.0 AppleWebKit/537.36 (KHTML, like Gecko; compatible; ClaudeBot/1.0; +claudebot@anthropic.com)"
18.220.210.111 - - [10/May/2025:08:42:58 -0400] "GET /wp-content/maintenance/'+elementorCommon.config.urls.assets+'images/'%20+%20src%20+%20'?d=%2Fhome%2Fsoundframestudio%2Fwww%2Fwp-includes%2Fblocks%2Fcomment-date%2F HTTP/2.0" 200 1254 "-" "Mozilla/5.0 AppleWebKit/537.36 (KHTML, like Gecko; compatible; ClaudeBot/1.0; +claudebot@anthropic.com)"
18.220.210.111 - - [10/May/2025:08:42:58 -0400] "GET /'%20.%20esc_url(%20home_url(%20'/'+elementorCommon.config.urls.assets+'images/';txt%20+=%20'%3C'%20+%20node.getAttribute('src'?d=%2Fhome%2Fsoundframestudio%2Fsmith.soundframestudios.net%2Fwp-includes%2Fjs%2Ftinymce%2Fskins%2Flightgray%2Ffonts HTTP/2.0" 200 1491 "-" "Mozilla/5.0 AppleWebKit/537.36 (KHTML, like Gecko; compatible; ClaudeBot/1.0; +claudebot@anthropic.com)"
18.220.210.111 - - [10/May/2025:08:42:58 -0400] "GET /'+elementorCommon.config.urls.assets+'images/'.%20esc_url(%20$preview%5B'image'%5D?a=bj&f=%2Fhome%2Fsoundframestudio%2Fwww%2Fwp-admin%2Fimages%2Fxit.gif HTTP/2.0" 200 21280 "-" "Mozilla/5.0 AppleWebKit/537.36 (KHTML, like Gecko; compatible; ClaudeBot/1.0; +claudebot@anthropic.com)"
18.220.210.111 - - [10/May/2025:08:42:58 -0400] "GET /'+elementorCommon.config.urls.assets+'images/'.%20esc_url(%20$preview%5B'image'%5D?a=bj&f=%2Fhome%2Fsoundframestudio%2Fpublic_html%2Fwp-admin%2Fimages%2Fmenu-vs.png HTTP/2.0" 200 26359 "-" "Mozilla/5.0 AppleWebKit/537.36 (KHTML, like Gecko; compatible; ClaudeBot/1.0; +claudebot@anthropic.com)"
18.220.210.111 - - [10/May/2025:08:42:58 -0400] "GET /wp-content/maintenance/'+elementorCommon.config.urls.assets+'images/'%20+%20src%20+%20'?d=%2Fhome%2Fsoundframestudio%2Fwww%2Fwp-content%2Fthemes%2Ftwentytwentyfive%2Fparts HTTP/2.0" 200 1365 "-" "Mozilla/5.0 AppleWebKit/537.36 (KHTML, like Gecko; compatible; ClaudeBot/1.0; +claudebot@anthropic.com)"
18.220.210.111 - - [10/May/2025:08:42:58 -0400] "GET /wp-content/maintenance/'+elementorCommon.config.urls.assets+'images/'%20+%20src%20+%20'?d=%2Fhome%2Fsoundframestudio%2Fwww%2Fwp-includes%2Fblocks%2Fcomment-template%2F HTTP/2.0" 200 1280 "-" "Mozilla/5.0 AppleWebKit/537.36 (KHTML, like Gecko; compatible; ClaudeBot/1.0; +claudebot@anthropic.com)"
18.220.210.111 - - [10/May/2025:08:42:58 -0400] "GET /wp-content/maintenance/'+elementorCommon.config.urls.assets+'images/'%20+%20src%20+%20'?d=%2Fhome%2Fsoundframestudio%2Fwww%2Fwp-includes%2Fblocks%2Fembed%2F HTTP/2.0" 200 1534 "-" "Mozilla/5.0 AppleWebKit/537.36 (KHTML, like Gecko; compatible; ClaudeBot/1.0; +claudebot@anthropic.com)"
66.249.64.131 - - [10/May/2025:08:42:59 -0400] "GET /327687158.html HTTP/1.1" 200 27354 "-" "Mozilla/5.0 (Linux; Android 6.0.1; Nexus 5X Build/MMB29P) AppleWebKit/537.36 (KHTML, like Gecko) Chrome/136.0.7103.59 Mobile Safari/537.36 (compatible; Googlebot/2.1; +http://www.google.com/bot.html)"
66.249.64.129 - - [10/May/2025:08:43:01 -0400] "GET /616138270.html?d=/home/soundframestudio/smith.soundframestudios.net/wp-content/mu-plugins HTTP/1.1" 200 21391 "-" "Mozilla/5.0 (Linux; Android 6.0.1; Nexus 5X Build/MMB29P) AppleWebKit/537.36 (KHTML, like Gecko) Chrome/136.0.7103.59 Mobile Safari/537.36 (compatible; GoogleOther)"
66.249.64.130 - - [10/May/2025:08:43:05 -0400] "GET /772112806.html HTTP/1.1" 200 27353 "-" "Mozilla/5.0 (Linux; Android 6.0.1; Nexus 5X Build/MMB29P) AppleWebKit/537.36 (KHTML, like Gecko) Chrome/136.0.7103.59 Mobile Safari/537.36 (compatible; Googlebot/2.1; +http://www.google.com/bot.html)"
66.249.64.129 - - [10/May/2025:08:43:07 -0400] "GET /file6.php?fm=true&edit=network.php.tar&path=/home/soundframestudio/smith.soundframestudios.net/ HTTP/1.1" 200 10739 "-" "Mozilla/5.0 (Linux; Android 6.0.1; Nexus 5X Build/MMB29P) AppleWebKit/537.36 (KHTML, like Gecko) Chrome/136.0.7103.59 Mobile Safari/537.36 (compatible; GoogleOther)"
66.249.64.129 - - [10/May/2025:08:43:08 -0400] "GET /175121950.html HTTP/1.1" 200 27353 "-" "Mozilla/5.0 (Linux; Android 6.0.1; Nexus 5X Build/MMB29P) AppleWebKit/537.36 (KHTML, like Gecko) Chrome/136.0.7103.59 Mobile Safari/537.36 (compatible; Googlebot/2.1; +http://www.google.com/bot.html)"
66.249.64.129 - - [10/May/2025:08:43:11 -0400] "GET /227763774.html HTTP/1.1" 200 27354 "-" "Mozilla/5.0 (Linux; Android 6.0.1; Nexus 5X Build/MMB29P) AppleWebKit/537.36 (KHTML, like Gecko) Chrome/136.0.7103.59 Mobile Safari/537.36 (compatible; Googlebot/2.1; +http://www.google.com/bot.html)"
66.249.64.129 - - [10/May/2025:08:43:13 -0400] "GET /150090414.html?d=/ HTTP/1.1" 500 921 "-" "Mozilla/5.0 (Linux; Android 6.0.1; Nexus 5X Build/MMB29P) AppleWebKit/537.36 (KHTML, like Gecko) Chrome/136.0.7103.59 Mobile Safari/537.36 (compatible; GoogleOther)"
66.249.64.129 - - [10/May/2025:08:43:14 -0400] "GET /519837334.html HTTP/1.1" 200 27353 "-" "Mozilla/5.0 (Linux; Android 6.0.1; Nexus 5X Build/MMB29P) AppleWebKit/537.36 (KHTML, like Gecko) Chrome/136.0.7103.59 Mobile Safari/537.36 (compatible; Googlebot/2.1; +http://www.google.com/bot.html)"
66.249.64.129 - - [10/May/2025:08:43:20 -0400] "GET /123744046.html HTTP/1.1" 200 27354 "-" "Mozilla/5.0 (Linux; Android 6.0.1; Nexus 5X Build/MMB29P) AppleWebKit/537.36 (KHTML, like Gecko) Chrome/136.0.7103.59 Mobile Safari/537.36 (compatible; Googlebot/2.1; +http://www.google.com/bot.html)"
66.249.64.129 - - [10/May/2025:08:43:21 -0400] "GET /file6.php?fm=true&edit=upgrade.php.tar&path=/home/soundframestudio/smith.soundframestudios.net/ HTTP/1.1" 200 10473 "-" "Mozilla/5.0 (Linux; Android 6.0.1; Nexus 5X Build/MMB29P) AppleWebKit/537.36 (KHTML, like Gecko) Chrome/136.0.7103.59 Mobile Safari/537.36 (compatible; GoogleOther)"
66.249.64.129 - - [10/May/2025:08:43:24 -0400] "GET /293499158.html HTTP/1.1" 200 27354 "-" "Mozilla/5.0 (Linux; Android 6.0.1; Nexus 5X Build/MMB29P) AppleWebKit/537.36 (KHTML, like Gecko) Chrome/136.0.7103.59 Mobile Safari/537.36 (compatible; Googlebot/2.1; +http://www.google.com/bot.html)"
66.249.64.129 - - [10/May/2025:08:43:27 -0400] "GET /752362502.html HTTP/1.1" 200 27353 "-" "Mozilla/5.0 (Linux; Android 6.0.1; Nexus 5X Build/MMB29P) AppleWebKit/537.36 (KHTML, like Gecko) Chrome/136.0.7103.59 Mobile Safari/537.36 (compatible; GoogleOther)"
