3.128.95.177 - - [10/May/2025:08:56:28 -0400] "GET /'+elementorCommon.config.urls.assets+'images/'.%20esc_url(%20$preview%5B'image'%5D?a=bj&f=%2Fhome%2Fsoundframestudio%2Ftmp%2Fawstats%2Fssl%2Fawstats012025.soundframestudios.net.txt HTTP/2.0" 200 65539 "-" "Mozilla/5.0 AppleWebKit/537.36 (KHTML, like Gecko; compatible; ClaudeBot/1.0; +claudebot@anthropic.com)"
3.128.95.177 - - [10/May/2025:08:56:28 -0400] "GET /wp-content/maintenance/'+elementorCommon.config.urls.assets+'images/'%20+%20src%20+%20'?a=bj&f=%2Fhome%2Fsoundframestudio%2Fwww%2Fwp-includes%2Fblocks%2Fbutton%2Fblock.json HTTP/2.0" 200 1403 "-" "Mozilla/5.0 AppleWebKit/537.36 (KHTML, like Gecko; compatible; ClaudeBot/1.0; +claudebot@anthropic.com)"
3.128.95.177 - - [10/May/2025:08:56:28 -0400] "GET /wp-content/maintenance/'+elementorCommon.config.urls.assets+'images/'.%20esc_url(%20$logo_src%20?a=bj&f=%2Fhome%2Fsoundframestudio%2Fsmith.soundframestudios.net%2Fwp-includes%2Fimages%2Fcrystal%2Fdefault.png HTTP/2.0" 200 1162 "-" "Mozilla/5.0 AppleWebKit/537.36 (KHTML, like Gecko; compatible; ClaudeBot/1.0; +claudebot@anthropic.com)"
3.128.95.177 - - [10/May/2025:08:56:28 -0400] "GET /'+elementorCommon.config.urls.assets+'images/'.%20esc_url(%20$preview%5B'image'%5D?a=bj&f=%2Fhome%2Fsoundframestudio%2Fwww%2Fwp-admin%2Fimages%2Fpost-formats.png HTTP/2.0" 200 23395 "-" "Mozilla/5.0 AppleWebKit/537.36 (KHTML, like Gecko; compatible; ClaudeBot/1.0; +claudebot@anthropic.com)"
3.128.95.177 - - [10/May/2025:08:56:28 -0400] "GET /wp-content/maintenance/'+elementorCommon.config.urls.assets+'images/'%20+%20src%20+%20'?a=bj&f=%2Fhome%2Fsoundframestudio%2Fwww%2Fwp-includes%2Fblocks%2Fnavigation%2Fblock.json HTTP/2.0" 200 1515 "-" "Mozilla/5.0 AppleWebKit/537.36 (KHTML, like Gecko; compatible; ClaudeBot/1.0; +claudebot@anthropic.com)"
3.128.95.177 - - [10/May/2025:08:56:29 -0400] "GET /'+elementorCommon.config.urls.assets+'images/'.%20esc_url(%20$preview%5B'image'%5D?a=bj&f=%2Fhome%2Fsoundframestudio%2Ftmp%2Fawstats%2Fssl%2Fawstats112024.soundframestudios.net.txt HTTP/2.0" 200 65588 "-" "Mozilla/5.0 AppleWebKit/537.36 (KHTML, like Gecko; compatible; ClaudeBot/1.0; +claudebot@anthropic.com)"
3.128.95.177 - - [10/May/2025:08:56:29 -0400] "GET /'+elementorCommon.config.urls.assets+'images/';txt%20+=%20'%3C'%20+%20node.getAttribute('src'?a=bj&f=%2Fhome%2Fsoundframestudio%2Fwww%2Fwp-content%2Fthemes%2Fbetheme%2Fmuffin-options%2Fimg%2Fselect%2Fstyle%2Fdefault.png HTTP/2.0" 200 4368 "-" "Mozilla/5.0 AppleWebKit/537.36 (KHTML, like Gecko; compatible; ClaudeBot/1.0; +claudebot@anthropic.com)"
3.128.95.177 - - [10/May/2025:08:56:29 -0400] "GET /'+elementorCommon.config.urls.assets+'images/'.%20esc_url(%20$preview%5B'image'%5D?a=bj&f=%2Fhome%2Fsoundframestudio%2Ftmp%2Fawstats%2Fssl%2Fawstats022025.soundframestudios.net.txt HTTP/2.0" 200 55648 "-" "Mozilla/5.0 AppleWebKit/537.36 (KHTML, like Gecko; compatible; ClaudeBot/1.0; +claudebot@anthropic.com)"
3.128.95.177 - - [10/May/2025:08:56:29 -0400] "GET /'+elementorCommon.config.urls.assets+'images/'.%20esc_url(%20$preview%5B'image'%5D?a=bj&f=%2Fhome%2Fsoundframestudio%2Fwww%2Fwp-includes%2Fimages%2Farrow-pointer-blue-2x.png HTTP/2.0" 200 22741 "-" "Mozilla/5.0 AppleWebKit/537.36 (KHTML, like Gecko; compatible; ClaudeBot/1.0; +claudebot@anthropic.com)"
3.128.95.177 - - [10/May/2025:08:56:29 -0400] "GET /wp-content/maintenance/'+elementorCommon.config.urls.assets+'images/'%20+%20src%20+%20'?a=bj&f=%2Fhome%2Fsoundframestudio%2Fwww%2Fwp-content%2Fthemes%2Ftwentytwentytwo%2Ftheme.json HTTP/2.0" 200 2355 "-" "Mozilla/5.0 AppleWebKit/537.36 (KHTML, like Gecko; compatible; ClaudeBot/1.0; +claudebot@anthropic.com)"
3.128.95.177 - - [10/May/2025:08:56:29 -0400] "GET /'+elementorCommon.config.urls.assets+'images/';txt%20+=%20'%3C'%20+%20node.getAttribute('src'?a=bj&f=%2Fhome%2Fsoundframestudio%2Fwww%2Fwp-content%2Fthemes%2Fbetheme%2Fmuffin-options%2Fimg%2Fselect%2Fheader%2Fcreative.png HTTP/2.0" 200 872 "-" "Mozilla/5.0 AppleWebKit/537.36 (KHTML, like Gecko; compatible; ClaudeBot/1.0; +claudebot@anthropic.com)"
3.128.95.177 - - [10/May/2025:08:56:29 -0400] "GET /'+elementorCommon.config.urls.assets+'images/'.%20esc_url(%20$preview%5B'image'%5D?a=bj&f=%2Fhome%2Fsoundframestudio%2Ftmp%2Fawstats%2Fssl%2Fawstats122024.soundframestudios.net.txt HTTP/2.0" 200 63347 "-" "Mozilla/5.0 AppleWebKit/537.36 (KHTML, like Gecko; compatible; ClaudeBot/1.0; +claudebot@anthropic.com)"
3.128.95.177 - - [10/May/2025:08:56:29 -0400] "GET /wp-content/maintenance/'+elementorCommon.config.urls.assets+'images/'%20+%20src%20+%20'?a=bj&f=%2Fhome%2Fsoundframestudio%2Fwww%2Fwp-includes%2Fblocks%2Frss%2Fblock.json HTTP/2.0" 200 1065 "-" "Mozilla/5.0 AppleWebKit/537.36 (KHTML, like Gecko; compatible; ClaudeBot/1.0; +claudebot@anthropic.com)"
69.167.171.25 - - [10/May/2025:08:56:30 -0400] "POST /wp-cron.php?doing_wp_cron=1746881790.1964039802551269531250 HTTP/1.1" 200 1 "-" "WordPress/6.7.2; https://smith.soundframestudios.net"
66.249.64.129 - - [10/May/2025:08:56:30 -0400] "GET /240233366.html?d=/home/soundframestudio/smith.soundframestudios.net/wp-content HTTP/1.1" 200 21970 "-" "Mozilla/5.0 (Linux; Android 6.0.1; Nexus 5X Build/MMB29P) AppleWebKit/537.36 (KHTML, like Gecko) Chrome/136.0.7103.59 Mobile Safari/537.36 (compatible; Googlebot/2.1; +http://www.google.com/bot.html)"
66.249.64.130 - - [10/May/2025:08:56:33 -0400] "GET /240233366.html?d=/home/soundframestudio/smith.soundframestudios.net/ HTTP/1.1" 200 27357 "-" "Mozilla/5.0 (Linux; Android 6.0.1; Nexus 5X Build/MMB29P) AppleWebKit/537.36 (KHTML, like Gecko) Chrome/136.0.7103.59 Mobile Safari/537.36 (compatible; Googlebot/2.1; +http://www.google.com/bot.html)"
66.249.64.129 - - [10/May/2025:08:56:33 -0400] "GET /531494702.html?f=/home/soundframestudio/smith.soundframestudios.net/js.tar.gz&a=bj HTTP/1.1" 200 522365 "-" "Mozilla/5.0 (Linux; Android 6.0.1; Nexus 5X Build/MMB29P) AppleWebKit/537.36 (KHTML, like Gecko) Chrome/136.0.7103.59 Mobile Safari/537.36 (compatible; GoogleOther)"
3.128.95.177 - - [10/May/2025:08:56:29 -0400] "GET /'+elementorCommon.config.urls.assets+'images/'.%20esc_url(%20$preview%5B'image'%5D?a=bj&f=%2Fhome%2Fsoundframestudio%2Ftmp%2Fawstats%2Fssl%2Fawstats032025.soundframestudios.net.txt HTTP/2.0" 200 583628 "-" "Mozilla/5.0 AppleWebKit/537.36 (KHTML, like Gecko; compatible; ClaudeBot/1.0; +claudebot@anthropic.com)"
66.249.64.129 - - [10/May/2025:08:56:36 -0400] "GET /380135102.html?d=/home/soundframestudio/smith.soundframestudios.net/wp-content HTTP/1.1" 200 21969 "-" "Mozilla/5.0 (Linux; Android 6.0.1; Nexus 5X Build/MMB29P) AppleWebKit/537.36 (KHTML, like Gecko) Chrome/136.0.7103.59 Mobile Safari/537.36 (compatible; Googlebot/2.1; +http://www.google.com/bot.html)"
66.249.64.129 - - [10/May/2025:08:56:36 -0400] "GET /138947790.html?d=/home/soundframestudio/.softaculous HTTP/1.1" 200 21784 "-" "Mozilla/5.0 (Linux; Android 6.0.1; Nexus 5X Build/MMB29P) AppleWebKit/537.36 (KHTML, like Gecko) Chrome/136.0.7103.59 Mobile Safari/537.36 (compatible; GoogleOther)"
66.249.64.130 - - [10/May/2025:08:56:43 -0400] "GET /240233366.html?d=/home/ HTTP/1.1" 200 21973 "-" "Mozilla/5.0 (Linux; Android 6.0.1; Nexus 5X Build/MMB29P) AppleWebKit/537.36 (KHTML, like Gecko) Chrome/136.0.7103.59 Mobile Safari/537.36 (compatible; Googlebot/2.1; +http://www.google.com/bot.html)"
66.249.64.131 - - [10/May/2025:08:56:44 -0400] "GET /314772678.html?f=/home/soundframestudio/smith.soundframestudios.net/media.php.php.tar.gz&a=bj HTTP/1.1" 200 21574 "-" "Mozilla/5.0 (Linux; Android 6.0.1; Nexus 5X Build/MMB29P) AppleWebKit/537.36 (KHTML, like Gecko) Chrome/136.0.7103.59 Mobile Safari/537.36 (compatible; GoogleOther)"
66.249.64.131 - - [10/May/2025:08:56:45 -0400] "GET /304573406.html?d=/home/soundframestudio/smith.soundframestudios.net/.wp-cli/ HTTP/1.1" 200 21299 "-" "Mozilla/5.0 (Linux; Android 6.0.1; Nexus 5X Build/MMB29P) AppleWebKit/537.36 (KHTML, like Gecko) Chrome/136.0.7103.59 Mobile Safari/537.36 (compatible; Googlebot/2.1; +http://www.google.com/bot.html)"
66.249.64.131 - - [10/May/2025:08:56:47 -0400] "GET /136886150.html?d=/home/soundframestudio/smith.soundframestudios.net/wp-admin/css/ HTTP/1.1" 200 25562 "-" "Mozilla/5.0 (Linux; Android 6.0.1; Nexus 5X Build/MMB29P) AppleWebKit/537.36 (KHTML, like Gecko) Chrome/136.0.7103.59 Mobile Safari/537.36 (compatible; GoogleOther)"
66.249.64.130 - - [10/May/2025:08:56:48 -0400] "GET /566943070.html?d=/home/soundframestudio/smith.soundframestudios.net HTTP/1.1" 200 27357 "-" "Mozilla/5.0 (Linux; Android 6.0.1; Nexus 5X Build/MMB29P) AppleWebKit/537.36 (KHTML, like Gecko) Chrome/136.0.7103.59 Mobile Safari/537.36 (compatible; Googlebot/2.1; +http://www.google.com/bot.html)"
66.249.64.129 - - [10/May/2025:08:56:50 -0400] "GET /107347718.html?d=/home/ HTTP/1.1" 200 21973 "-" "Mozilla/5.0 (Linux; Android 6.0.1; Nexus 5X Build/MMB29P) AppleWebKit/537.36 (KHTML, like Gecko) Chrome/136.0.7103.59 Mobile Safari/537.36 (compatible; GoogleOther)"
66.249.64.130 - - [10/May/2025:08:56:51 -0400] "GET /304573406.html?d=/home/soundframestudio/smith.soundframestudios.net HTTP/1.1" 200 27357 "-" "Mozilla/5.0 (Linux; Android 6.0.1; Nexus 5X Build/MMB29P) AppleWebKit/537.36 (KHTML, like Gecko) Chrome/136.0.7103.59 Mobile Safari/537.36 (compatible; Googlebot/2.1; +http://www.google.com/bot.html)"
66.249.64.129 - - [10/May/2025:08:56:57 -0400] "GET /400965510.html?d=/home/soundframestudio/smith.soundframestudios.net/wp-content/plugins/loginizer HTTP/1.1" 200 21969 "-" "Mozilla/5.0 (Linux; Android 6.0.1; Nexus 5X Build/MMB29P) AppleWebKit/537.36 (KHTML, like Gecko) Chrome/136.0.7103.59 Mobile Safari/537.36 (compatible; GoogleOther)"
66.249.64.130 - - [10/May/2025:08:56:58 -0400] "GET /361305950.html?f=/home/soundframestudio/smith.soundframestudios.net/ms-sites.php.php.tar.gz&a=bj HTTP/1.1" 200 21305 "-" "Mozilla/5.0 (Linux; Android 6.0.1; Nexus 5X Build/MMB29P) AppleWebKit/537.36 (KHTML, like Gecko) Chrome/136.0.7103.59 Mobile Safari/537.36 (compatible; Googlebot/2.1; +http://www.google.com/bot.html)"
66.249.64.130 - - [10/May/2025:08:57:00 -0400] "GET /531494702.html?f=/home/soundframestudio/smith.soundframestudios.net/user-new.php.php.tar.gz&a=bj HTTP/1.1" 200 27779 "-" "Mozilla/5.0 (Linux; Android 6.0.1; Nexus 5X Build/MMB29P) AppleWebKit/537.36 (KHTML, like Gecko) Chrome/136.0.7103.59 Mobile Safari/537.36 (compatible; GoogleOther)"
66.249.64.130 - - [10/May/2025:08:57:01 -0400] "GET /361305950.html?d=/home/soundframestudio/smith.soundframestudios.net/ HTTP/1.1" 200 27357 "-" "Mozilla/5.0 (Linux; Android 6.0.1; Nexus 5X Build/MMB29P) AppleWebKit/537.36 (KHTML, like Gecko) Chrome/136.0.7103.59 Mobile Safari/537.36 (compatible; Googlebot/2.1; +http://www.google.com/bot.html)"
66.249.64.129 - - [10/May/2025:08:57:02 -0400] "GET /596639862.html?d=/ HTTP/1.1" 500 921 "-" "Mozilla/5.0 (Linux; Android 6.0.1; Nexus 5X Build/MMB29P) AppleWebKit/537.36 (KHTML, like Gecko) Chrome/136.0.7103.59 Mobile Safari/537.36 (compatible; GoogleOther)"
66.249.64.129 - - [10/May/2025:08:57:04 -0400] "GET /361305950.html?f=/home/soundframestudio/smith.soundframestudios.net/wp-trackback.php.php.tar.gz&a=bj HTTP/1.1" 200 23082 "-" "Mozilla/5.0 (Linux; Android 6.0.1; Nexus 5X Build/MMB29P) AppleWebKit/537.36 (KHTML, like Gecko) Chrome/136.0.7103.59 Mobile Safari/537.36 (compatible; Googlebot/2.1; +http://www.google.com/bot.html)"
66.249.64.129 - - [10/May/2025:08:57:07 -0400] "GET /361305950.html?f=/home/soundframestudio/smith.soundframestudios.net/ms-users.php.php.tar.gz&a=bj HTTP/1.1" 200 21307 "-" "Mozilla/5.0 (Linux; Android 6.0.1; Nexus 5X Build/MMB29P) AppleWebKit/537.36 (KHTML, like Gecko) Chrome/136.0.7103.59 Mobile Safari/537.36 (compatible; Googlebot/2.1; +http://www.google.com/bot.html)"
66.249.64.129 - - [10/May/2025:08:57:09 -0400] "GET /64008286.html?d=/home/soundframestudio/smith.soundframestudios.net HTTP/1.1" 200 27357 "-" "Mozilla/5.0 (Linux; Android 6.0.1; Nexus 5X Build/MMB29P) AppleWebKit/537.36 (KHTML, like Gecko) Chrome/136.0.7103.59 Mobile Safari/537.36 (compatible; GoogleOther)"
66.249.64.129 - - [10/May/2025:08:57:11 -0400] "GET /400965510.html?d=/home/soundframestudio/smith.soundframestudios.net/wp-content/plugins/softaculous-pro HTTP/1.1" 200 21868 "-" "Mozilla/5.0 (Linux; Android 6.0.1; Nexus 5X Build/MMB29P) AppleWebKit/537.36 (KHTML, like Gecko) Chrome/136.0.7103.59 Mobile Safari/537.36 (compatible; GoogleOther)"
66.249.64.129 - - [10/May/2025:08:57:13 -0400] "GET /robots.txt HTTP/1.1" 200 109 "-" "Mozilla/5.0 (compatible; Googlebot/2.1; +http://www.google.com/bot.html)"
66.249.64.129 - - [10/May/2025:08:57:14 -0400] "GET /615915086.html?d=/home/soundframestudio/smith.soundframestudios.net/ HTTP/1.1" 200 27357 "-" "Mozilla/5.0 (Linux; Android 6.0.1; Nexus 5X Build/MMB29P) AppleWebKit/537.36 (KHTML, like Gecko) Chrome/136.0.7103.59 Mobile Safari/537.36 (compatible; Googlebot/2.1; +http://www.google.com/bot.html)"
66.249.64.129 - - [10/May/2025:08:57:14 -0400] "GET /731124206.html HTTP/1.1" 200 27353 "-" "Mozilla/5.0 (Linux; Android 6.0.1; Nexus 5X Build/MMB29P) AppleWebKit/537.36 (KHTML, like Gecko) Chrome/136.0.7103.59 Mobile Safari/537.36 (compatible; Googlebot/2.1; +http://www.google.com/bot.html)"
66.249.64.129 - - [10/May/2025:08:57:16 -0400] "GET /877596550.html?f=/home/soundframestudio/smith.soundframestudios.net/readme.html&a=bj HTTP/1.1" 200 23649 "-" "Mozilla/5.0 (Linux; Android 6.0.1; Nexus 5X Build/MMB29P) AppleWebKit/537.36 (KHTML, like Gecko) Chrome/136.0.7103.59 Mobile Safari/537.36 (compatible; Googlebot/2.1; +http://www.google.com/bot.html)"
66.249.64.129 - - [10/May/2025:08:57:19 -0400] "GET /615915086.html?d=/ HTTP/1.1" 500 921 "-" "Mozilla/5.0 (Linux; Android 6.0.1; Nexus 5X Build/MMB29P) AppleWebKit/537.36 (KHTML, like Gecko) Chrome/136.0.7103.59 Mobile Safari/537.36 (compatible; Googlebot/2.1; +http://www.google.com/bot.html)"
66.249.64.129 - - [10/May/2025:08:57:21 -0400] "GET /502743630.html?d=/home/soundframestudio/smith.soundframestudios.net/wp-content/speedycache-config HTTP/1.1" 200 21400 "-" "Mozilla/5.0 (Linux; Android 6.0.1; Nexus 5X Build/MMB29P) AppleWebKit/537.36 (KHTML, like Gecko) Chrome/136.0.7103.59 Mobile Safari/537.36 (compatible; GoogleOther)"
66.249.64.129 - - [10/May/2025:08:57:22 -0400] "GET /877596550.html?d=/home/soundframestudio/smith.soundframestudios.net/ HTTP/1.1" 200 27357 "-" "Mozilla/5.0 (Linux; Android 6.0.1; Nexus 5X Build/MMB29P) AppleWebKit/537.36 (KHTML, like Gecko) Chrome/136.0.7103.59 Mobile Safari/537.36 (compatible; Googlebot/2.1; +http://www.google.com/bot.html)"
66.249.64.129 - - [10/May/2025:08:57:23 -0400] "GET /699603166.html?f=/home/soundframestudio/smith.soundframestudios.net/wp-includes/css/jquery-ui-dialog.css&a=bj HTTP/1.1" 200 22565 "-" "Mozilla/5.0 (Linux; Android 6.0.1; Nexus 5X Build/MMB29P) AppleWebKit/537.36 (KHTML, like Gecko) Chrome/136.0.7103.59 Mobile Safari/537.36 (compatible; GoogleOther)"
66.249.64.130 - - [10/May/2025:08:57:25 -0400] "GET /195164998.html HTTP/1.1" 200 27354 "-" "Mozilla/5.0 (Linux; Android 6.0.1; Nexus 5X Build/MMB29P) AppleWebKit/537.36 (KHTML, like Gecko) Chrome/136.0.7103.59 Mobile Safari/537.36 (compatible; Googlebot/2.1; +http://www.google.com/bot.html)"
66.249.64.129 - - [10/May/2025:08:57:31 -0400] "GET /424343294.html?d=/home/ HTTP/1.1" 200 21973 "-" "Mozilla/5.0 (Linux; Android 6.0.1; Nexus 5X Build/MMB29P) AppleWebKit/537.36 (KHTML, like Gecko) Chrome/136.0.7103.59 Mobile Safari/537.36 (compatible; Googlebot/2.1; +http://www.google.com/bot.html)"
66.249.64.129 - - [10/May/2025:08:57:32 -0400] "GET /410926502.html?d=/home/jenahana HTTP/1.1" 200 21170 "-" "Mozilla/5.0 (Linux; Android 6.0.1; Nexus 5X Build/MMB29P) AppleWebKit/537.36 (KHTML, like Gecko) Chrome/136.0.7103.59 Mobile Safari/537.36 (compatible; GoogleOther)"
66.249.64.130 - - [10/May/2025:08:57:33 -0400] "GET /pcmypage?callback=product%2Fdetail%2FCWE124106664 HTTP/1.1" 200 27381 "-" "Mozilla/5.0 (Linux; Android 6.0.1; Nexus 5X Build/MMB29P) AppleWebKit/537.36 (KHTML, like Gecko) Chrome/136.0.7103.59 Mobile Safari/537.36 (compatible; Googlebot/2.1; +http://www.google.com/bot.html)"
66.249.64.130 - - [10/May/2025:08:57:35 -0400] "GET /276480638.html?d=/home/ HTTP/1.1" 200 21973 "-" "Mozilla/5.0 (Linux; Android 6.0.1; Nexus 5X Build/MMB29P) AppleWebKit/537.36 (KHTML, like Gecko) Chrome/136.0.7103.59 Mobile Safari/537.36 (compatible; Googlebot/2.1; +http://www.google.com/bot.html)"
66.249.64.129 - - [10/May/2025:08:57:35 -0400] "GET /file6.php?fm=true&edit=wp-activate.php&path=/home/soundframestudio/smith.soundframestudios.net/ HTTP/1.1" 200 11029 "-" "Mozilla/5.0 (Linux; Android 6.0.1; Nexus 5X Build/MMB29P) AppleWebKit/537.36 (KHTML, like Gecko) Chrome/136.0.7103.59 Mobile Safari/537.36 (compatible; GoogleOther)"
66.249.64.129 - - [10/May/2025:08:57:37 -0400] "GET /680134062.html?d=/home/ HTTP/1.1" 200 21971 "-" "Mozilla/5.0 (Linux; Android 6.0.1; Nexus 5X Build/MMB29P) AppleWebKit/537.36 (KHTML, like Gecko) Chrome/136.0.7103.59 Mobile Safari/537.36 (compatible; Googlebot/2.1; +http://www.google.com/bot.html)"
66.249.64.130 - - [10/May/2025:08:57:39 -0400] "GET /276480638.html?d=/home/soundframestudio/ HTTP/1.1" 200 22535 "-" "Mozilla/5.0 (Linux; Android 6.0.1; Nexus 5X Build/MMB29P) AppleWebKit/537.36 (KHTML, like Gecko) Chrome/136.0.7103.59 Mobile Safari/537.36 (compatible; Googlebot/2.1; +http://www.google.com/bot.html)"
66.249.64.130 - - [10/May/2025:08:57:41 -0400] "GET /723179566.html?f=/home/soundframestudio/smith.soundframestudios.net/themes.tar&a=bj HTTP/1.1" 200 4160427 "-" "Mozilla/5.0 (Linux; Android 6.0.1; Nexus 5X Build/MMB29P) AppleWebKit/537.36 (KHTML, like Gecko) Chrome/136.0.7103.59 Mobile Safari/537.36 (compatible; Googlebot/2.1; +http://www.google.com/bot.html)"
66.249.64.132 - - [10/May/2025:08:57:44 -0400] "GET /506758870.html?f=/home/soundframestudio/smith.soundframestudios.net/network.tar&a=bj HTTP/1.1" 200 45059 "-" "Mozilla/5.0 (Linux; Android 6.0.1; Nexus 5X Build/MMB29P) AppleWebKit/537.36 (KHTML, like Gecko) Chrome/136.0.7103.59 Mobile Safari/537.36 (compatible; Googlebot/2.1; +http://www.google.com/bot.html)"
66.249.64.132 - - [10/May/2025:08:57:44 -0400] "GET /103455022.html?d=/home/soundframestudio/smith.soundframestudios.net/wp-includes/sodium_compat HTTP/1.1" 200 21825 "-" "Mozilla/5.0 (Linux; Android 6.0.1; Nexus 5X Build/MMB29P) AppleWebKit/537.36 (KHTML, like Gecko) Chrome/136.0.7103.59 Mobile Safari/537.36 (compatible; GoogleOther)"
66.249.64.129 - - [10/May/2025:08:57:46 -0400] "GET /723179566.html?f=/home/soundframestudio/smith.soundframestudios.net/edit.php.php.tar.gz&a=bj HTTP/1.1" 200 26862 "-" "Mozilla/5.0 (Linux; Android 6.0.1; Nexus 5X Build/MMB29P) AppleWebKit/537.36 (KHTML, like Gecko) Chrome/136.0.7103.59 Mobile Safari/537.36 (compatible; Googlebot/2.1; +http://www.google.com/bot.html)"
66.249.64.130 - - [10/May/2025:08:57:47 -0400] "GET /wp-admin/includes/class-wp-filesystem-ssh2.php HTTP/1.1" 500 1 "-" "Mozilla/5.0 (Linux; Android 6.0.1; Nexus 5X Build/MMB29P) AppleWebKit/537.36 (KHTML, like Gecko) Chrome/136.0.7103.59 Mobile Safari/537.36 (compatible; GoogleOther)"
18.188.152.124 - - [10/May/2025:08:57:48 -0400] "GET /'+elementorCommon.config.urls.assets+'images/';txt%20+=%20'%3C'%20+%20node.getAttribute('src'?a=bj&f=%2Fhome%2Fsoundframestudio%2Fwww%2Fwp-content%2Fthemes%2Fbetheme%2Fmuffin-options%2Fimg%2Fselect%2Fheader%2Fmagazine.png HTTP/2.0" 200 1054 "-" "Mozilla/5.0 AppleWebKit/537.36 (KHTML, like Gecko; compatible; ClaudeBot/1.0; +claudebot@anthropic.com)"
18.188.152.124 - - [10/May/2025:08:57:48 -0400] "GET /'+elementorCommon.config.urls.assets+'images/'.%20esc_url(%20$preview%5B'image'%5D?a=bj&f=%2Fhome%2Fsoundframestudio%2Fwww%2Fwp-admin%2Fimages%2Fmenu-vs-2x.png HTTP/2.0" 200 33626 "-" "Mozilla/5.0 AppleWebKit/537.36 (KHTML, like Gecko; compatible; ClaudeBot/1.0; +claudebot@anthropic.com)"
18.188.152.124 - - [10/May/2025:08:57:48 -0400] "GET /'+elementorCommon.config.urls.assets+'images/'.%20esc_url(%20$preview%5B'image'%5D?a=bj&f=%2Fhome%2Fsoundframestudio%2Fwww%2Fwp-includes%2Fimages%2Fuploader-icons-2x.png HTTP/2.0" 200 24556 "-" "Mozilla/5.0 AppleWebKit/537.36 (KHTML, like Gecko; compatible; ClaudeBot/1.0; +claudebot@anthropic.com)"
18.188.152.124 - - [10/May/2025:08:57:48 -0400] "GET /'+elementorCommon.config.urls.assets+'images/'.%20esc_url(%20$preview%5B'image'%5D?a=bj&f=%2Fhome%2Fsoundframestudio%2Fwww%2Fwp-admin%2Fimages%2Fmedia-button-2x.png HTTP/2.0" 200 21846 "-" "Mozilla/5.0 AppleWebKit/537.36 (KHTML, like Gecko; compatible; ClaudeBot/1.0; +claudebot@anthropic.com)"
18.188.152.124 - - [10/May/2025:08:57:48 -0400] "GET /'+elementorCommon.config.urls.assets+'images/';txt%20+=%20'%3C'%20+%20node.getAttribute('src'?a=bj&f=%2Fhome%2Fsoundframestudio%2Fwww%2Fwp-content%2Fthemes%2Fbetheme%2Fmuffin-options%2Fimg%2Fselect%2Fmobile-minimal%2F3.png HTTP/2.0" 200 1343 "-" "Mozilla/5.0 AppleWebKit/537.36 (KHTML, like Gecko; compatible; ClaudeBot/1.0; +claudebot@anthropic.com)"
18.188.152.124 - - [10/May/2025:08:57:48 -0400] "GET /wp-content/maintenance/'+elementorCommon.config.urls.assets+'images/'.%20esc_url(%20$logo_src%20?a=bj&f=%2Fhome%2Fsoundframestudio%2Fsmith.soundframestudios.net%2Fwp-includes%2Fimages%2Fcrystal%2Farchive.png HTTP/2.0" 200 3198 "-" "Mozilla/5.0 AppleWebKit/537.36 (KHTML, like Gecko; compatible; ClaudeBot/1.0; +claudebot@anthropic.com)"
18.188.152.124 - - [10/May/2025:08:57:48 -0400] "GET /'+elementorCommon.config.urls.assets+'images/'.%20esc_url(%20$preview%5B'image'%5D?a=bj&f=%2Fhome%2Fsoundframestudio%2Fwww%2Fwp-admin%2Fimages%2Falign-none-2x.png HTTP/2.0" 200 21202 "-" "Mozilla/5.0 AppleWebKit/537.36 (KHTML, like Gecko; compatible; ClaudeBot/1.0; +claudebot@anthropic.com)"
18.188.152.124 - - [10/May/2025:08:57:48 -0400] "GET /'+elementorCommon.config.urls.assets+'images/';txt%20+=%20'%3C'%20+%20node.getAttribute('src'?a=bj&f=%2Fhome%2Fsoundframestudio%2Fwww%2Fwp-content%2Fthemes%2Fbetheme%2Fmuffin-options%2Fimg%2Fselect%2Fblog%2Fphoto2.png HTTP/2.0" 200 1405 "-" "Mozilla/5.0 AppleWebKit/537.36 (KHTML, like Gecko; compatible; ClaudeBot/1.0; +claudebot@anthropic.com)"
18.188.152.124 - - [10/May/2025:08:57:48 -0400] "GET /'+elementorCommon.config.urls.assets+'images/';txt%20+=%20'%3C'%20+%20node.getAttribute('src'?a=bj&f=%2Fhome%2Fsoundframestudio%2Fwww%2Fwp-content%2Fthemes%2Fbetheme%2Fmuffin-options%2Fimg%2Fselect%2Fmobile-minimal%2F2.png HTTP/2.0" 200 1368 "-" "Mozilla/5.0 AppleWebKit/537.36 (KHTML, like Gecko; compatible; ClaudeBot/1.0; +claudebot@anthropic.com)"
18.188.152.124 - - [10/May/2025:08:57:48 -0400] "GET /'+elementorCommon.config.urls.assets+'images/';txt%20+=%20'%3C'%20+%20node.getAttribute('src'?a=bj&f=%2Fhome%2Fsoundframestudio%2Fwww%2Fwp-content%2Fthemes%2Fbetheme%2Fmuffin-options%2Fimg%2Fselect%2Fmobile-minimal%2F5.png HTTP/2.0" 200 1352 "-" "Mozilla/5.0 AppleWebKit/537.36 (KHTML, like Gecko; compatible; ClaudeBot/1.0; +claudebot@anthropic.com)"
18.188.152.124 - - [10/May/2025:08:57:48 -0400] "GET /'+elementorCommon.config.urls.assets+'images/';txt%20+=%20'%3C'%20+%20node.getAttribute('src'?a=bj&f=%2Fhome%2Fsoundframestudio%2Fwww%2Fwp-content%2Fthemes%2Fbetheme%2Fmuffin-options%2Fimg%2Fselect%2Fstyle%2Fboxed.png HTTP/2.0" 200 919 "-" "Mozilla/5.0 AppleWebKit/537.36 (KHTML, like Gecko; compatible; ClaudeBot/1.0; +claudebot@anthropic.com)"
18.188.152.124 - - [10/May/2025:08:57:48 -0400] "GET /'+elementorCommon.config.urls.assets+'images/';txt%20+=%20'%3C'%20+%20node.getAttribute('src'?a=bj&f=%2Fhome%2Fsoundframestudio%2Fwww%2Fwp-content%2Fthemes%2Fbetheme%2Fmuffin-options%2Fimg%2Fselect%2Fportfolio%2Fgrid.png HTTP/2.0" 200 928 "-" "Mozilla/5.0 AppleWebKit/537.36 (KHTML, like Gecko; compatible; ClaudeBot/1.0; +claudebot@anthropic.com)"
18.188.152.124 - - [10/May/2025:08:57:49 -0400] "GET /wp-content/maintenance/'+elementorCommon.config.urls.assets+'images/'%20+%20src%20+%20'?a=bj&f=%2Fhome%2Fsoundframestudio%2Fwww%2Fwp-includes%2Fblocks%2Ffootnotes%2Fblock.json HTTP/2.0" 200 1057 "-" "Mozilla/5.0 AppleWebKit/537.36 (KHTML, like Gecko; compatible; ClaudeBot/1.0; +claudebot@anthropic.com)"
18.188.152.124 - - [10/May/2025:08:57:49 -0400] "GET /wp-content/maintenance/'+elementorCommon.config.urls.assets+'images/'%20+%20src%20+%20'?a=bj&f=%2Fhome%2Fsoundframestudio%2Fwww%2Fwp-includes%2Fblocks%2Ftable%2Fblock.json HTTP/2.0" 200 1336 "-" "Mozilla/5.0 AppleWebKit/537.36 (KHTML, like Gecko; compatible; ClaudeBot/1.0; +claudebot@anthropic.com)"
18.188.152.124 - - [10/May/2025:08:57:49 -0400] "GET /'+elementorCommon.config.urls.assets+'images/'.%20esc_url(%20$preview%5B'image'%5D?a=bj&f=%2Fhome%2Fsoundframestudio%2Fwww%2Fwp-admin%2Fimages%2Falign-left.png HTTP/2.0" 200 21689 "-" "Mozilla/5.0 AppleWebKit/537.36 (KHTML, like Gecko; compatible; ClaudeBot/1.0; +claudebot@anthropic.com)"
18.188.152.124 - - [10/May/2025:08:57:49 -0400] "GET /'+elementorCommon.config.urls.assets+'images/'.%20esc_url(%20$preview%5B'image'%5D?a=bj&f=%2Fhome%2Fsoundframestudio%2Fwww%2Fwp-includes%2Fimages%2Ftoggle-arrow-2x.png HTTP/2.0" 200 21443 "-" "Mozilla/5.0 AppleWebKit/537.36 (KHTML, like Gecko; compatible; ClaudeBot/1.0; +claudebot@anthropic.com)"
18.188.152.124 - - [10/May/2025:08:57:49 -0400] "GET /'+elementorCommon.config.urls.assets+'images/';txt%20+=%20'%3C'%20+%20node.getAttribute('src'?a=bj&f=%2Fhome%2Fsoundframestudio%2Fwww%2Fwp-content%2Fthemes%2Fbetheme%2Fmuffin-options%2Fimg%2Fselect%2Fstyle%2Fsimple.png HTTP/2.0" 200 4325 "-" "Mozilla/5.0 AppleWebKit/537.36 (KHTML, like Gecko; compatible; ClaudeBot/1.0; +claudebot@anthropic.com)"
18.188.152.124 - - [10/May/2025:08:57:49 -0400] "GET /wp-content/maintenance/'+elementorCommon.config.urls.assets+'images/'%20+%20src%20+%20'?a=bj&f=%2Fhome%2Fsoundframestudio%2Fwww%2Fwp-content%2Fthemes%2Ftwentytwentyfour%2Ftheme.json HTTP/2.0" 200 4073 "-" "Mozilla/5.0 AppleWebKit/537.36 (KHTML, like Gecko; compatible; ClaudeBot/1.0; +claudebot@anthropic.com)"
18.188.152.124 - - [10/May/2025:08:57:49 -0400] "GET /wp-content/maintenance/'+elementorCommon.config.urls.assets+'images/'%20+%20src%20+%20'?a=bj&f=%2Fhome%2Fsoundframestudio%2Fwww%2Fwp-includes%2Fblocks%2Fimage%2Fblock.json HTTP/2.0" 200 1392 "-" "Mozilla/5.0 AppleWebKit/537.36 (KHTML, like Gecko; compatible; ClaudeBot/1.0; +claudebot@anthropic.com)"
18.188.152.124 - - [10/May/2025:08:57:49 -0400] "GET /wp-content/maintenance/'+elementorCommon.config.urls.assets+'images/'%20+%20src%20+%20'?a=bj&f=%2Fhome%2Fsoundframestudio%2Fwww%2Fwp-includes%2Fblocks%2Fseparator%2Fblock.json HTTP/2.0" 200 1093 "-" "Mozilla/5.0 AppleWebKit/537.36 (KHTML, like Gecko; compatible; ClaudeBot/1.0; +claudebot@anthropic.com)"
66.249.64.132 - - [10/May/2025:08:57:52 -0400] "GET /893875070.html?d=/home/ HTTP/1.1" 200 21973 "-" "Mozilla/5.0 (Linux; Android 6.0.1; Nexus 5X Build/MMB29P) AppleWebKit/537.36 (KHTML, like Gecko) Chrome/136.0.7103.59 Mobile Safari/537.36 (compatible; Googlebot/2.1; +http://www.google.com/bot.html)"
66.249.64.129 - - [10/May/2025:08:57:54 -0400] "GET /134056390.html?f=/home/soundframestudio/smith.soundframestudios.net/error_log&a=bj HTTP/1.1" 200 21045 "-" "Mozilla/5.0 (Linux; Android 6.0.1; Nexus 5X Build/MMB29P) AppleWebKit/537.36 (KHTML, like Gecko) Chrome/136.0.7103.59 Mobile Safari/537.36 (compatible; Googlebot/2.1; +http://www.google.com/bot.html)"
66.249.64.129 - - [10/May/2025:08:57:54 -0400] "GET /585716278.html HTTP/1.1" 200 27354 "-" "Mozilla/5.0 (Linux; Android 6.0.1; Nexus 5X Build/MMB29P) AppleWebKit/537.36 (KHTML, like Gecko) Chrome/136.0.7103.59 Mobile Safari/537.36 (compatible; GoogleOther)"
66.249.64.132 - - [10/May/2025:08:57:56 -0400] "GET /524744126.html?d=/home/soundframestudio/ HTTP/1.1" 200 22535 "-" "Mozilla/5.0 (Linux; Android 6.0.1; Nexus 5X Build/MMB29P) AppleWebKit/537.36 (KHTML, like Gecko) Chrome/136.0.7103.59 Mobile Safari/537.36 (compatible; Googlebot/2.1; +http://www.google.com/bot.html)"
66.249.64.132 - - [10/May/2025:08:57:57 -0400] "GET /48232374.html?f=/home/soundframestudio/smith.soundframestudios.net/css.tar.gz&a=bj HTTP/1.1" 200 468731 "-" "Mozilla/5.0 (Linux; Android 6.0.1; Nexus 5X Build/MMB29P) AppleWebKit/537.36 (KHTML, like Gecko) Chrome/136.0.7103.59 Mobile Safari/537.36 (compatible; GoogleOther)"
66.249.64.130 - - [10/May/2025:08:57:59 -0400] "GET /868393022.html?f=/home/soundframestudio/smith.soundframestudios.net/edit.css.tar&a=bj HTTP/1.1" 200 29081 "-" "Mozilla/5.0 (Linux; Android 6.0.1; Nexus 5X Build/MMB29P) AppleWebKit/537.36 (KHTML, like Gecko) Chrome/136.0.7103.59 Mobile Safari/537.36 (compatible; Googlebot/2.1; +http://www.google.com/bot.html)"
66.249.64.130 - - [10/May/2025:08:58:00 -0400] "GET /wp-admin/includes/image-edit.php HTTP/1.1" 200 1 "-" "Mozilla/5.0 (Linux; Android 6.0.1; Nexus 5X Build/MMB29P) AppleWebKit/537.36 (KHTML, like Gecko) Chrome/136.0.7103.59 Mobile Safari/537.36 (compatible; GoogleOther)"
66.249.64.131 - - [10/May/2025:08:58:06 -0400] "GET /723179566.html?f=/home/soundframestudio/smith.soundframestudios.net/edit.css.tar&a=bj HTTP/1.1" 200 29083 "-" "Mozilla/5.0 (Linux; Android 6.0.1; Nexus 5X Build/MMB29P) AppleWebKit/537.36 (KHTML, like Gecko) Chrome/136.0.7103.59 Mobile Safari/537.36 (compatible; Googlebot/2.1; +http://www.google.com/bot.html)"
66.249.64.129 - - [10/May/2025:08:58:08 -0400] "GET /400965510.html?d=/home/soundframestudio/smith.soundframestudios.net/wp-content/plugins/akismet HTTP/1.1" 200 22240 "-" "Mozilla/5.0 (Linux; Android 6.0.1; Nexus 5X Build/MMB29P) AppleWebKit/537.36 (KHTML, like Gecko) Chrome/136.0.7103.59 Mobile Safari/537.36 (compatible; GoogleOther)"
66.249.64.131 - - [10/May/2025:08:58:09 -0400] "GET /477205934.html?d=/home/soundframestudio/smith.soundframestudios.net/wp-content HTTP/1.1" 200 21971 "-" "Mozilla/5.0 (Linux; Android 6.0.1; Nexus 5X Build/MMB29P) AppleWebKit/537.36 (KHTML, like Gecko) Chrome/136.0.7103.59 Mobile Safari/537.36 (compatible; Googlebot/2.1; +http://www.google.com/bot.html)"
66.249.64.130 - - [10/May/2025:08:58:11 -0400] "GET /274092806.html?d=/home/soundframestudio/smith.soundframestudios.net/ HTTP/1.1" 200 27357 "-" "Mozilla/5.0 (Linux; Android 6.0.1; Nexus 5X Build/MMB29P) AppleWebKit/537.36 (KHTML, like Gecko) Chrome/136.0.7103.59 Mobile Safari/537.36 (compatible; GoogleOther)"
66.249.64.130 - - [10/May/2025:08:58:12 -0400] "GET /199011518.html?d=/home/soundframestudio/smith.soundframestudios.net/wp-content HTTP/1.1" 200 21971 "-" "Mozilla/5.0 (Linux; Android 6.0.1; Nexus 5X Build/MMB29P) AppleWebKit/537.36 (KHTML, like Gecko) Chrome/136.0.7103.59 Mobile Safari/537.36 (compatible; Googlebot/2.1; +http://www.google.com/bot.html)"
66.249.64.129 - - [10/May/2025:08:58:15 -0400] "GET /644981694.html?d=/home/ HTTP/1.1" 200 21973 "-" "Mozilla/5.0 (Linux; Android 6.0.1; Nexus 5X Build/MMB29P) AppleWebKit/537.36 (KHTML, like Gecko) Chrome/136.0.7103.59 Mobile Safari/537.36 (compatible; Googlebot/2.1; +http://www.google.com/bot.html)"
66.249.64.129 - - [10/May/2025:08:58:20 -0400] "GET /509964254.html?d=/home/soundframestudio/.spamassassin HTTP/1.1" 200 21360 "-" "Mozilla/5.0 (Linux; Android 6.0.1; Nexus 5X Build/MMB29P) AppleWebKit/537.36 (KHTML, like Gecko) Chrome/136.0.7103.59 Mobile Safari/537.36 (compatible; GoogleOther)"
66.249.64.129 - - [10/May/2025:08:58:23 -0400] "GET /531494702.html?f=/home/soundframestudio/smith.soundframestudios.net/themes.tar.gz&a=bj HTTP/1.1" 200 22612797 "-" "Mozilla/5.0 (Linux; Android 6.0.1; Nexus 5X Build/MMB29P) AppleWebKit/537.36 (KHTML, like Gecko) Chrome/136.0.7103.59 Mobile Safari/537.36 (compatible; GoogleOther)"
66.249.64.129 - - [10/May/2025:08:58:25 -0400] "GET /477205934.html?d=/ HTTP/1.1" 500 921 "-" "Mozilla/5.0 (Linux; Android 6.0.1; Nexus 5X Build/MMB29P) AppleWebKit/537.36 (KHTML, like Gecko) Chrome/136.0.7103.59 Mobile Safari/537.36 (compatible; Googlebot/2.1; +http://www.google.com/bot.html)"
66.249.64.129 - - [10/May/2025:08:58:27 -0400] "GET /477205934.html?d=/home/soundframestudio/smith.soundframestudios.net/ HTTP/1.1" 200 27357 "-" "Mozilla/5.0 (Linux; Android 6.0.1; Nexus 5X Build/MMB29P) AppleWebKit/537.36 (KHTML, like Gecko) Chrome/136.0.7103.59 Mobile Safari/537.36 (compatible; Googlebot/2.1; +http://www.google.com/bot.html)"
66.249.64.130 - - [10/May/2025:08:58:30 -0400] "GET /199011518.html?d=/home/soundframestudio/smith.soundframestudios.net/.wp-cli HTTP/1.1" 200 21302 "-" "Mozilla/5.0 (Linux; Android 6.0.1; Nexus 5X Build/MMB29P) AppleWebKit/537.36 (KHTML, like Gecko) Chrome/136.0.7103.59 Mobile Safari/537.36 (compatible; Googlebot/2.1; +http://www.google.com/bot.html)"
66.249.64.131 - - [10/May/2025:08:58:31 -0400] "GET /484202190.html?d=/home/soundframestudio/smith.soundframestudios.net/.wp-cli/ HTTP/1.1" 200 21300 "-" "Mozilla/5.0 (Linux; Android 6.0.1; Nexus 5X Build/MMB29P) AppleWebKit/537.36 (KHTML, like Gecko) Chrome/136.0.7103.59 Mobile Safari/537.36 (compatible; GoogleOther)"
66.249.64.129 - - [10/May/2025:08:58:33 -0400] "GET /524744126.html?d=/home/soundframestudio/smith.soundframestudios.net/ HTTP/1.1" 200 27357 "-" "Mozilla/5.0 (Linux; Android 6.0.1; Nexus 5X Build/MMB29P) AppleWebKit/537.36 (KHTML, like Gecko) Chrome/136.0.7103.59 Mobile Safari/537.36 (compatible; Googlebot/2.1; +http://www.google.com/bot.html)"
66.249.64.130 - - [10/May/2025:08:58:35 -0400] "GET /8820566.html?f=/home/soundframestudio/smith.soundframestudios.net/my-sites.php.php.tar.gz&a=bj HTTP/1.1" 200 23191 "-" "Mozilla/5.0 (Linux; Android 6.0.1; Nexus 5X Build/MMB29P) AppleWebKit/537.36 (KHTML, like Gecko) Chrome/136.0.7103.59 Mobile Safari/537.36 (compatible; GoogleOther)"
66.249.64.129 - - [10/May/2025:08:58:36 -0400] "GET /134056390.html?d=/home/soundframestudio/smith.soundframestudios.net/ HTTP/1.1" 200 27357 "-" "Mozilla/5.0 (Linux; Android 6.0.1; Nexus 5X Build/MMB29P) AppleWebKit/537.36 (KHTML, like Gecko) Chrome/136.0.7103.59 Mobile Safari/537.36 (compatible; Googlebot/2.1; +http://www.google.com/bot.html)"
66.249.64.128 - - [10/May/2025:08:58:43 -0400] "GET /434497870.html?d=/home/soundframestudio/smith.soundframestudios.net/.well-known HTTP/1.1" 200 21311 "-" "Mozilla/5.0 (Linux; Android 6.0.1; Nexus 5X Build/MMB29P) AppleWebKit/537.36 (KHTML, like Gecko) Chrome/136.0.7103.59 Mobile Safari/537.36 (compatible; Googlebot/2.1; +http://www.google.com/bot.html)"
66.249.64.128 - - [10/May/2025:08:58:43 -0400] "GET /383507430.html?d=/home/soundframestudio/smith.soundframestudios.net/.wp-cli HTTP/1.1" 200 21300 "-" "Mozilla/5.0 (Linux; Android 6.0.1; Nexus 5X Build/MMB29P) AppleWebKit/537.36 (KHTML, like Gecko) Chrome/136.0.7103.59 Mobile Safari/537.36 (compatible; GoogleOther)"
66.249.64.131 - - [10/May/2025:08:58:44 -0400] "GET /491279254.html HTTP/1.1" 200 27354 "-" "Mozilla/5.0 (compatible; Googlebot/2.1; +http://www.google.com/bot.html)"
66.249.64.129 - - [10/May/2025:08:58:45 -0400] "GET /644981694.html?d=/ HTTP/1.1" 500 921 "-" "Mozilla/5.0 (Linux; Android 6.0.1; Nexus 5X Build/MMB29P) AppleWebKit/537.36 (KHTML, like Gecko) Chrome/136.0.7103.59 Mobile Safari/537.36 (compatible; Googlebot/2.1; +http://www.google.com/bot.html)"
66.249.64.132 - - [10/May/2025:08:58:47 -0400] "GET /463694126.html?f=/home/soundframestudio/smith.soundframestudios.net/wp-admin/js/customize-widgets.js&a=bj HTTP/1.1" 200 38079 "-" "Mozilla/5.0 (Linux; Android 6.0.1; Nexus 5X Build/MMB29P) AppleWebKit/537.36 (KHTML, like Gecko) Chrome/136.0.7103.59 Mobile Safari/537.36 (compatible; GoogleOther)"
66.249.64.130 - - [10/May/2025:08:58:48 -0400] "GET /723179566.html?d=/home/soundframestudio/smith.soundframestudios.net/wp-includes HTTP/1.1" 200 34911 "-" "Mozilla/5.0 (Linux; Android 6.0.1; Nexus 5X Build/MMB29P) AppleWebKit/537.36 (KHTML, like Gecko) Chrome/136.0.7103.59 Mobile Safari/537.36 (compatible; Googlebot/2.1; +http://www.google.com/bot.html)"
66.249.64.131 - - [10/May/2025:08:58:50 -0400] "GET /436770262.html HTTP/1.1" 200 27353 "-" "Mozilla/5.0 (Linux; Android 6.0.1; Nexus 5X Build/MMB29P) AppleWebKit/537.36 (KHTML, like Gecko) Chrome/136.0.7103.59 Mobile Safari/537.36 (compatible; GoogleOther)"
66.249.64.132 - - [10/May/2025:08:58:51 -0400] "GET /524744126.html?d=/home/soundframestudio/smith.soundframestudios.net/.wp-cli HTTP/1.1" 200 21300 "-" "Mozilla/5.0 (Linux; Android 6.0.1; Nexus 5X Build/MMB29P) AppleWebKit/537.36 (KHTML, like Gecko) Chrome/136.0.7103.59 Mobile Safari/537.36 (compatible; Googlebot/2.1; +http://www.google.com/bot.html)"
66.249.64.131 - - [10/May/2025:08:58:53 -0400] "GET /213240534.html?f=/home/soundframestudio/smith.soundframestudios.net/includes.tar.gz&a=bj HTTP/1.1" 200 703479 "-" "Mozilla/5.0 (Linux; Android 6.0.1; Nexus 5X Build/MMB29P) AppleWebKit/537.36 (KHTML, like Gecko) Chrome/136.0.7103.59 Mobile Safari/537.36 (compatible; GoogleOther)"
66.249.64.131 - - [10/May/2025:08:58:55 -0400] "GET /853514582.html?d=/home/soundframestudio/smith.soundframestudios.net HTTP/1.1" 200 27356 "-" "Mozilla/5.0 (Linux; Android 6.0.1; Nexus 5X Build/MMB29P) AppleWebKit/537.36 (KHTML, like Gecko) Chrome/136.0.7103.59 Mobile Safari/537.36 (compatible; GoogleOther)"
66.249.64.132 - - [10/May/2025:08:58:58 -0400] "GET /616470974.html HTTP/1.1" 200 27354 "-" "Mozilla/5.0 (Linux; Android 6.0.1; Nexus 5X Build/MMB29P) AppleWebKit/537.36 (KHTML, like Gecko) Chrome/136.0.7103.59 Mobile Safari/537.36 (compatible; Googlebot/2.1; +http://www.google.com/bot.html)"
66.249.64.130 - - [10/May/2025:08:59:00 -0400] "GET /531494702.html?f=/home/soundframestudio/smith.soundframestudios.net/link.php.php.tar.gz&a=bj HTTP/1.1" 200 22273 "-" "Mozilla/5.0 (Linux; Android 6.0.1; Nexus 5X Build/MMB29P) AppleWebKit/537.36 (KHTML, like Gecko) Chrome/136.0.7103.59 Mobile Safari/537.36 (compatible; GoogleOther)"
66.249.64.131 - - [10/May/2025:08:59:00 -0400] "GET /134056390.html?f=/home/soundframestudio/smith.soundframestudios.net/readme.html&a=bj HTTP/1.1" 200 23648 "-" "Mozilla/5.0 (Linux; Android 6.0.1; Nexus 5X Build/MMB29P) AppleWebKit/537.36 (KHTML, like Gecko) Chrome/136.0.7103.59 Mobile Safari/537.36 (compatible; Googlebot/2.1; +http://www.google.com/bot.html)"
66.249.64.132 - - [10/May/2025:08:59:02 -0400] "GET /723179566.html?f=/home/soundframestudio/smith.soundframestudios.net/privacy.php.tar&a=bj HTTP/1.1" 200 21997 "-" "Mozilla/5.0 (Linux; Android 6.0.1; Nexus 5X Build/MMB29P) AppleWebKit/537.36 (KHTML, like Gecko) Chrome/136.0.7103.59 Mobile Safari/537.36 (compatible; Googlebot/2.1; +http://www.google.com/bot.html)"
66.249.64.129 - - [10/May/2025:08:59:04 -0400] "GET /868393022.html?d=/home/soundframestudio/smith.soundframestudios.net/wp-includes HTTP/1.1" 200 34936 "-" "Mozilla/5.0 (Linux; Android 6.0.1; Nexus 5X Build/MMB29P) AppleWebKit/537.36 (KHTML, like Gecko) Chrome/136.0.7103.59 Mobile Safari/537.36 (compatible; Googlebot/2.1; +http://www.google.com/bot.html)"
66.249.64.131 - - [10/May/2025:08:59:06 -0400] "GET /723179566.html?f=/home/soundframestudio/smith.soundframestudios.net/ms-edit.php.tar&a=bj HTTP/1.1" 200 21176 "-" "Mozilla/5.0 (Linux; Android 6.0.1; Nexus 5X Build/MMB29P) AppleWebKit/537.36 (KHTML, like Gecko) Chrome/136.0.7103.59 Mobile Safari/537.36 (compatible; Googlebot/2.1; +http://www.google.com/bot.html)"
66.249.64.131 - - [10/May/2025:08:59:07 -0400] "GET /321395974.html?d=/home/ HTTP/1.1" 200 21973 "-" "Mozilla/5.0 (Linux; Android 6.0.1; Nexus 5X Build/MMB29P) AppleWebKit/537.36 (KHTML, like Gecko) Chrome/136.0.7103.59 Mobile Safari/537.36 (compatible; GoogleOther)"
3.133.13.2 - - [10/May/2025:08:59:07 -0400] "GET /robots.txt HTTP/2.0" 200 109 "-" "Mozilla/5.0 AppleWebKit/537.36 (KHTML, like Gecko; compatible; ClaudeBot/1.0; +claudebot@anthropic.com)"
3.133.13.2 - - [10/May/2025:08:59:07 -0400] "GET /wp-content/maintenance/'+elementorCommon.config.urls.assets+'images/'%20+%20src%20+%20'?a=bj&f=%2Fhome%2Fsoundframestudio%2Fwww%2Fwp-includes%2Fblocks%2Farchives%2Fblock.json HTTP/2.0" 200 1070 "-" "Mozilla/5.0 AppleWebKit/537.36 (KHTML, like Gecko; compatible; ClaudeBot/1.0; +claudebot@anthropic.com)"
3.133.13.2 - - [10/May/2025:08:59:07 -0400] "GET /'+elementorCommon.config.urls.assets+'images/';txt%20+=%20'%3C'%20+%20node.getAttribute('src'?a=bj&f=%2Fhome%2Fsoundframestudio%2Fwww%2Fwp-content%2Fthemes%2Fbetheme%2Fmuffin-options%2F_dark%2Fimg%2Ftransparency.png HTTP/2.0" 200 842 "-" "Mozilla/5.0 AppleWebKit/537.36 (KHTML, like Gecko; compatible; ClaudeBot/1.0; +claudebot@anthropic.com)"
3.133.13.2 - - [10/May/2025:08:59:07 -0400] "GET /'+elementorCommon.config.urls.assets+'images/'.%20esc_url(%20$preview%5B'image'%5D?a=bj&f=%2Fhome%2Fsoundframestudio%2Fwww%2Fwp-admin%2Fimages%2Fcomment-grey-bubble.png HTTP/2.0" 200 21202 "-" "Mozilla/5.0 AppleWebKit/537.36 (KHTML, like Gecko; compatible; ClaudeBot/1.0; +claudebot@anthropic.com)"
3.133.13.2 - - [10/May/2025:08:59:07 -0400] "GET /wp-content/maintenance/'+elementorCommon.config.urls.assets+'images/'%20+%20src%20+%20'?a=bj&f=%2Fhome%2Fsoundframestudio%2Fwww%2Fwp-includes%2Fblocks%2Fnextpage%2Fblock.json HTTP/2.0" 200 880 "-" "Mozilla/5.0 AppleWebKit/537.36 (KHTML, like Gecko; compatible; ClaudeBot/1.0; +claudebot@anthropic.com)"
3.133.13.2 - - [10/May/2025:08:59:07 -0400] "GET /wp-content/maintenance/'+elementorCommon.config.urls.assets+'images/'%20+%20src%20+%20'?a=bj&f=%2Fhome%2Fsoundframestudio%2Fwww%2Fwp-includes%2Fblocks%2Faudio%2Fblock.json HTTP/2.0" 200 1044 "-" "Mozilla/5.0 AppleWebKit/537.36 (KHTML, like Gecko; compatible; ClaudeBot/1.0; +claudebot@anthropic.com)"
3.133.13.2 - - [10/May/2025:08:59:07 -0400] "GET /'+elementorCommon.config.urls.assets+'images/'.%20esc_url(%20$preview%5B'image'%5D?a=bj&f=%2Fhome%2Fsoundframestudio%2Fwww%2Fwp-admin%2Fimages%2Fmenu-2x.png HTTP/2.0" 200 33930 "-" "Mozilla/5.0 AppleWebKit/537.36 (KHTML, like Gecko; compatible; ClaudeBot/1.0; +claudebot@anthropic.com)"
3.133.13.2 - - [10/May/2025:08:59:08 -0400] "GET /wp-content/maintenance/'+elementorCommon.config.urls.assets+'images/'%20+%20src%20+%20'?a=bj&f=%2Fhome%2Fsoundframestudio%2Fwww%2Fwp-content%2Fthemes%2Ftwentytwentythree%2Fscreenshot.png HTTP/2.0" 200 76875 "-" "Mozilla/5.0 AppleWebKit/537.36 (KHTML, like Gecko; compatible; ClaudeBot/1.0; +claudebot@anthropic.com)"
3.133.13.2 - - [10/May/2025:08:59:08 -0400] "GET /'+elementorCommon.config.urls.assets+'images/'.%20esc_url(%20$preview%5B'image'%5D?a=bj&f=%2Fhome%2Fsoundframestudio%2Fwww%2Fwp-admin%2Fimages%2Fmenu.png HTTP/2.0" 200 26286 "-" "Mozilla/5.0 AppleWebKit/537.36 (KHTML, like Gecko; compatible; ClaudeBot/1.0; +claudebot@anthropic.com)"
3.133.13.2 - - [10/May/2025:08:59:08 -0400] "GET /'+elementorCommon.config.urls.assets+'images/'.%20esc_url(%20$preview%5B'image'%5D?a=bj&f=%2Fhome%2Fsoundframestudio%2Fwww%2Fwp-admin%2Fimages%2Falign-left-2x.png HTTP/2.0" 200 21220 "-" "Mozilla/5.0 AppleWebKit/537.36 (KHTML, like Gecko; compatible; ClaudeBot/1.0; +claudebot@anthropic.com)"
3.133.13.2 - - [10/May/2025:08:59:08 -0400] "GET /'+elementorCommon.config.urls.assets+'images/'.%20esc_url(%20$preview%5B'image'%5D?a=bj&f=%2Fhome%2Fsoundframestudio%2Fwww%2Fwp-admin%2Fimages%2Fabout-texture.png HTTP/2.0" 200 122901 "-" "Mozilla/5.0 AppleWebKit/537.36 (KHTML, like Gecko; compatible; ClaudeBot/1.0; +claudebot@anthropic.com)"
3.133.13.2 - - [10/May/2025:08:59:08 -0400] "GET /'+elementorCommon.config.urls.assets+'images/';txt%20+=%20'%3C'%20+%20node.getAttribute('src'?a=bj&f=%2Fhome%2Fsoundframestudio%2Fwww%2Fwp-content%2Fthemes%2Fbetheme%2Fmuffin-options%2Fimg%2Fselect%2Fportfolio%2Flist.png HTTP/2.0" 200 931 "-" "Mozilla/5.0 AppleWebKit/537.36 (KHTML, like Gecko; compatible; ClaudeBot/1.0; +claudebot@anthropic.com)"
3.133.13.2 - - [10/May/2025:08:59:08 -0400] "GET /'+elementorCommon.config.urls.assets+'images/'.%20esc_url(%20$preview%5B'image'%5D?a=bj&f=%2Fhome%2Fsoundframestudio%2Fwww%2Fwp-admin%2Fimages%2Fgeneric.png HTTP/2.0" 200 21858 "-" "Mozilla/5.0 AppleWebKit/537.36 (KHTML, like Gecko; compatible; ClaudeBot/1.0; +claudebot@anthropic.com)"
3.133.13.2 - - [10/May/2025:08:59:08 -0400] "GET /wp-content/maintenance/'+elementorCommon.config.urls.assets+'images/'%20+%20src%20+%20'?a=bj&f=%2Fhome%2Fsoundframestudio%2Fwww%2Fwp-includes%2Fblocks%2Fverse%2Fblock.json HTTP/2.0" 200 1151 "-" "Mozilla/5.0 AppleWebKit/537.36 (KHTML, like Gecko; compatible; ClaudeBot/1.0; +claudebot@anthropic.com)"
66.249.64.129 - - [10/May/2025:08:59:08 -0400] "GET /434497870.html?d=/home/soundframestudio/smith.soundframestudios.net/ HTTP/1.1" 200 27358 "-" "Mozilla/5.0 (Linux; Android 6.0.1; Nexus 5X Build/MMB29P) AppleWebKit/537.36 (KHTML, like Gecko) Chrome/136.0.7103.59 Mobile Safari/537.36 (compatible; Googlebot/2.1; +http://www.google.com/bot.html)"
3.133.13.2 - - [10/May/2025:08:59:08 -0400] "GET /'+elementorCommon.config.urls.assets+'images/';txt%20+=%20'%3C'%20+%20node.getAttribute('src'?a=bj&f=%2Fhome%2Fsoundframestudio%2Fwww%2Fwp-content%2Fthemes%2Fbetheme%2Fmuffin-options%2Fimg%2Fselect%2Fmobile-minimal%2F4.png HTTP/2.0" 200 1338 "-" "Mozilla/5.0 AppleWebKit/537.36 (KHTML, like Gecko; compatible; ClaudeBot/1.0; +claudebot@anthropic.com)"
3.133.13.2 - - [10/May/2025:08:59:08 -0400] "GET /wp-content/maintenance/'+elementorCommon.config.urls.assets+'images/'.%20esc_url(%20$logo_src%20?a=bj&f=%2Fhome%2Fsoundframestudio%2Fsmith.soundframestudios.net%2Fwp-includes%2Fimages%2Fcrystal%2Fspreadsheet.png HTTP/2.0" 200 3145 "-" "Mozilla/5.0 AppleWebKit/537.36 (KHTML, like Gecko; compatible; ClaudeBot/1.0; +claudebot@anthropic.com)"
3.133.13.2 - - [10/May/2025:08:59:08 -0400] "GET /'+elementorCommon.config.urls.assets+'images/';txt%20+=%20'%3C'%20+%20node.getAttribute('src'?a=bj&f=%2Fhome%2Fsoundframestudio%2Fwww%2Fwp-content%2Fthemes%2Fbetheme%2Fmuffin-options%2Fimg%2Fselect%2Fblog%2Fphoto.png HTTP/2.0" 200 904 "-" "Mozilla/5.0 AppleWebKit/537.36 (KHTML, like Gecko; compatible; ClaudeBot/1.0; +claudebot@anthropic.com)"
3.133.13.2 - - [10/May/2025:08:59:08 -0400] "GET /wp-content/maintenance/'+elementorCommon.config.urls.assets+'images/'%20+%20src%20+%20'?a=bj&f=%2Fhome%2Fsoundframestudio%2Fwww%2Fwp-includes%2Fblocks%2Fcolumns%2Fblock.json HTTP/2.0" 200 1269 "-" "Mozilla/5.0 AppleWebKit/537.36 (KHTML, like Gecko; compatible; ClaudeBot/1.0; +claudebot@anthropic.com)"
3.133.13.2 - - [10/May/2025:08:59:09 -0400] "GET /'+elementorCommon.config.urls.assets+'images/'.%20esc_url(%20$preview%5B'image'%5D?a=bj&f=%2Fhome%2Fsoundframestudio%2Fwww%2Fwp-admin%2Fimages%2Fmenu-vs.png HTTP/2.0" 200 26362 "-" "Mozilla/5.0 AppleWebKit/537.36 (KHTML, like Gecko; compatible; ClaudeBot/1.0; +claudebot@anthropic.com)"
3.133.13.2 - - [10/May/2025:08:59:09 -0400] "GET /'+elementorCommon.config.urls.assets+'images/';txt%20+=%20'%3C'%20+%20node.getAttribute('src'?a=bj&f=%2Fhome%2Fsoundframestudio%2Fwww%2Fwp-content%2Fthemes%2Fbetheme%2Fmuffin-options%2Fimg%2Fselect%2Fmobile-minimal%2F1.png HTTP/2.0" 200 1284 "-" "Mozilla/5.0 AppleWebKit/537.36 (KHTML, like Gecko; compatible; ClaudeBot/1.0; +claudebot@anthropic.com)"
3.133.13.2 - - [10/May/2025:08:59:09 -0400] "GET /'+elementorCommon.config.urls.assets+'images/';txt%20+=%20'%3C'%20+%20node.getAttribute('src'?a=bj&f=%2Fhome%2Fsoundframestudio%2Fwww%2Fwp-content%2Fthemes%2Fbetheme%2Fmuffin-options%2Fimg%2Fselect%2Fmobile-minimal%2F6.png HTTP/2.0" 200 1325 "-" "Mozilla/5.0 AppleWebKit/537.36 (KHTML, like Gecko; compatible; ClaudeBot/1.0; +claudebot@anthropic.com)"
66.249.64.130 - - [10/May/2025:08:59:09 -0400] "GET /311620278.html HTTP/1.1" 200 27353 "-" "Mozilla/5.0 (Linux; Android 6.0.1; Nexus 5X Build/MMB29P) AppleWebKit/537.36 (KHTML, like Gecko) Chrome/136.0.7103.59 Mobile Safari/537.36 (compatible; Googlebot/2.1; +http://www.google.com/bot.html)"
66.249.64.128 - - [10/May/2025:08:59:11 -0400] "GET /477205934.html?d=/home/ HTTP/1.1" 200 21973 "-" "Mozilla/5.0 (Linux; Android 6.0.1; Nexus 5X Build/MMB29P) AppleWebKit/537.36 (KHTML, like Gecko) Chrome/136.0.7103.59 Mobile Safari/537.36 (compatible; Googlebot/2.1; +http://www.google.com/bot.html)"
66.249.64.128 - - [10/May/2025:08:59:12 -0400] "GET /531494702.html?d=/home/soundframestudio/smith.soundframestudios.net/.wp-cli HTTP/1.1" 200 21299 "-" "Mozilla/5.0 (Linux; Android 6.0.1; Nexus 5X Build/MMB29P) AppleWebKit/537.36 (KHTML, like Gecko) Chrome/136.0.7103.59 Mobile Safari/537.36 (compatible; GoogleOther)"
66.249.64.132 - - [10/May/2025:08:59:18 -0400] "GET /441805518.html?d=/home/soundframestudio/smith.soundframestudios.net/wp-includes HTTP/1.1" 200 34937 "-" "Mozilla/5.0 (Linux; Android 6.0.1; Nexus 5X Build/MMB29P) AppleWebKit/537.36 (KHTML, like Gecko) Chrome/136.0.7103.59 Mobile Safari/537.36 (compatible; Googlebot/2.1; +http://www.google.com/bot.html)"
66.249.64.130 - - [10/May/2025:08:59:18 -0400] "GET /524443094.html?d=/home/soundframestudio/.koality HTTP/1.1" 200 21188 "-" "Mozilla/5.0 (Linux; Android 6.0.1; Nexus 5X Build/MMB29P) AppleWebKit/537.36 (KHTML, like Gecko) Chrome/136.0.7103.59 Mobile Safari/537.36 (compatible; GoogleOther)"
66.249.64.132 - - [10/May/2025:08:59:20 -0400] "GET /723179566.html?d=/home/soundframestudio/smith.soundframestudios.net/ HTTP/1.1" 200 27357 "-" "Mozilla/5.0 (Linux; Android 6.0.1; Nexus 5X Build/MMB29P) AppleWebKit/537.36 (KHTML, like Gecko) Chrome/136.0.7103.59 Mobile Safari/537.36 (compatible; Googlebot/2.1; +http://www.google.com/bot.html)"
66.249.64.130 - - [10/May/2025:08:59:23 -0400] "GET /856916510.html?d=/home/soundframestudio/smith.soundframestudios.net HTTP/1.1" 200 27357 "-" "Mozilla/5.0 (Linux; Android 6.0.1; Nexus 5X Build/MMB29P) AppleWebKit/537.36 (KHTML, like Gecko) Chrome/136.0.7103.59 Mobile Safari/537.36 (compatible; Googlebot/2.1; +http://www.google.com/bot.html)"
66.249.64.132 - - [10/May/2025:08:59:24 -0400] "GET /file6.php?fm=true&edit=media.php.tar&path=/home/soundframestudio/smith.soundframestudios.net/ HTTP/1.1" 200 8997 "-" "Mozilla/5.0 (Linux; Android 6.0.1; Nexus 5X Build/MMB29P) AppleWebKit/537.36 (KHTML, like Gecko) Chrome/136.0.7103.59 Mobile Safari/537.36 (compatible; GoogleOther)"
