18.190.154.24 - - [10/May/2025:09:16:10 -0400] "GET /'+elementorCommon.config.urls.assets+'images/'.%20esc_url(%20$preview%5B'image'%5D?a=bj&f=%2Fhome%2Fsoundframestudio%2Fpublic_html%2Fwp-includes%2Fjs%2Fdist%2Fnux.min.js HTTP/2.0" 200 22471 "-" "Mozilla/5.0 AppleWebKit/537.36 (KHTML, like Gecko; compatible; ClaudeBot/1.0; +claudebot@anthropic.com)"
18.190.154.24 - - [10/May/2025:09:16:10 -0400] "GET /'+elementorCommon.config.urls.assets+'images/'.%20esc_url(%20$preview%5B'image'%5D?a=bj&f=%2Fhome%2Fsoundframestudio%2Fwww%2Fwp-includes%2Fjs%2Fdist%2Fblob.js HTTP/2.0" 200 22355 "-" "Mozilla/5.0 AppleWebKit/537.36 (KHTML, like Gecko; compatible; ClaudeBot/1.0; +claudebot@anthropic.com)"
18.190.154.24 - - [10/May/2025:09:16:10 -0400] "GET /'+elementorCommon.config.urls.assets+'images/'.%20esc_url(%20$preview%5B'image'%5D?a=bj&f=%2Fhome%2Fsoundframestudio%2Fwww%2Fwp-includes%2Fjs%2Fdist%2Fcore-commands.min.js HTTP/2.0" 200 23898 "-" "Mozilla/5.0 AppleWebKit/537.36 (KHTML, like Gecko; compatible; ClaudeBot/1.0; +claudebot@anthropic.com)"
18.190.154.24 - - [10/May/2025:09:16:10 -0400] "GET /'+elementorCommon.config.urls.assets+'images/'.%20esc_url(%20$preview%5B'image'%5D?a=bj&f=%2Fhome%2Fsoundframestudio%2Fpublic_html%2Fwp-admin%2Fjs%2Fwidgets%2Fmedia-video-widget.js HTTP/2.0" 200 23080 "-" "Mozilla/5.0 AppleWebKit/537.36 (KHTML, like Gecko; compatible; ClaudeBot/1.0; +claudebot@anthropic.com)"
66.249.64.129 - - [10/May/2025:09:16:10 -0400] "GET /549607830.html?d=/home/soundframestudio/smith.soundframestudios.net/.well-known HTTP/1.1" 200 21312 "-" "Mozilla/5.0 (Linux; Android 6.0.1; Nexus 5X Build/MMB29P) AppleWebKit/537.36 (KHTML, like Gecko) Chrome/136.0.7103.59 Mobile Safari/537.36 (compatible; Googlebot/2.1; +http://www.google.com/bot.html)"
18.190.154.24 - - [10/May/2025:09:16:10 -0400] "GET /'+elementorCommon.config.urls.assets+'images/'.%20esc_url(%20$preview%5B'image'%5D?a=bj&f=%2Fhome%2Fsoundframestudio%2Fpublic_html%2Fwp-includes%2Fjs%2Fplupload%2Fplupload.min.js HTTP/2.0" 200 26346 "-" "Mozilla/5.0 AppleWebKit/537.36 (KHTML, like Gecko; compatible; ClaudeBot/1.0; +claudebot@anthropic.com)"
66.249.64.129 - - [10/May/2025:09:16:11 -0400] "GET /111857870.html?d=/home/soundframestudio/smith.soundframestudios.net/wp-includes/sodium_compat HTTP/1.1" 200 21829 "-" "Mozilla/5.0 (Linux; Android 6.0.1; Nexus 5X Build/MMB29P) AppleWebKit/537.36 (KHTML, like Gecko) Chrome/136.0.7103.59 Mobile Safari/537.36 (compatible; GoogleOther)"
66.249.64.129 - - [10/May/2025:09:16:12 -0400] "GET /370229758.html?d=/home/soundframestudio/smith.soundframestudios.net/.wp-cli HTTP/1.1" 200 21300 "-" "Mozilla/5.0 (Linux; Android 6.0.1; Nexus 5X Build/MMB29P) AppleWebKit/537.36 (KHTML, like Gecko) Chrome/136.0.7103.59 Mobile Safari/537.36 (compatible; Googlebot/2.1; +http://www.google.com/bot.html)"
66.249.64.129 - - [10/May/2025:09:16:15 -0400] "GET /867571918.html?f=/home/soundframestudio/smith.soundframestudios.net/mu-plugins.tar&a=bj HTTP/1.1" 200 21406 "-" "Mozilla/5.0 (Linux; Android 6.0.1; Nexus 5X Build/MMB29P) AppleWebKit/537.36 (KHTML, like Gecko) Chrome/136.0.7103.59 Mobile Safari/537.36 (compatible; Googlebot/2.1; +http://www.google.com/bot.html)"
66.249.64.129 - - [10/May/2025:09:16:18 -0400] "GET /497691206.html?d=/home/soundframestudio/smith.soundframestudios.net/wp-includes/blocks/text-columns HTTP/1.1" 200 21874 "-" "Mozilla/5.0 (Linux; Android 6.0.1; Nexus 5X Build/MMB29P) AppleWebKit/537.36 (KHTML, like Gecko) Chrome/136.0.7103.59 Mobile Safari/537.36 (compatible; GoogleOther)"
66.249.64.129 - - [10/May/2025:09:16:18 -0400] "GET /666532862.html?d=/home/ HTTP/1.1" 200 21972 "-" "Mozilla/5.0 (Linux; Android 6.0.1; Nexus 5X Build/MMB29P) AppleWebKit/537.36 (KHTML, like Gecko) Chrome/136.0.7103.59 Mobile Safari/537.36 (compatible; Googlebot/2.1; +http://www.google.com/bot.html)"
66.249.64.129 - - [10/May/2025:09:16:23 -0400] "GET /335027070.html?d=/home/soundframestudio/smith.soundframestudios.net/.wp-cli HTTP/1.1" 200 21303 "-" "Mozilla/5.0 (Linux; Android 6.0.1; Nexus 5X Build/MMB29P) AppleWebKit/537.36 (KHTML, like Gecko) Chrome/136.0.7103.59 Mobile Safari/537.36 (compatible; GoogleOther)"
66.249.64.129 - - [10/May/2025:09:16:25 -0400] "GET /867571918.html?f=/home/soundframestudio/smith.soundframestudios.net/plugins.php.tar&a=bj HTTP/1.1" 200 28165 "-" "Mozilla/5.0 (Linux; Android 6.0.1; Nexus 5X Build/MMB29P) AppleWebKit/537.36 (KHTML, like Gecko) Chrome/136.0.7103.59 Mobile Safari/537.36 (compatible; Googlebot/2.1; +http://www.google.com/bot.html)"
66.249.64.129 - - [10/May/2025:09:16:28 -0400] "GET /867571918.html?f=/home/soundframestudio/smith.soundframestudios.net/mu-plugins.zip&a=bj HTTP/1.1" 200 21430 "-" "Mozilla/5.0 (Linux; Android 6.0.1; Nexus 5X Build/MMB29P) AppleWebKit/537.36 (KHTML, like Gecko) Chrome/136.0.7103.59 Mobile Safari/537.36 (compatible; Googlebot/2.1; +http://www.google.com/bot.html)"
66.249.64.129 - - [10/May/2025:09:16:28 -0400] "GET /685789142.html HTTP/1.1" 200 27354 "-" "Mozilla/5.0 (Linux; Android 6.0.1; Nexus 5X Build/MMB29P) AppleWebKit/537.36 (KHTML, like Gecko) Chrome/136.0.7103.59 Mobile Safari/537.36 (compatible; Googlebot/2.1; +http://www.google.com/bot.html)"
66.249.64.129 - - [10/May/2025:09:16:30 -0400] "GET /666532862.html?d=/home/soundframestudio/smith.soundframestudios.net/wp-includes/blocks/query-pagination-numbers HTTP/1.1" 200 21633 "-" "Mozilla/5.0 (Linux; Android 6.0.1; Nexus 5X Build/MMB29P) AppleWebKit/537.36 (KHTML, like Gecko) Chrome/136.0.7103.59 Mobile Safari/537.36 (compatible; GoogleOther)"
66.249.64.129 - - [10/May/2025:09:16:31 -0400] "GET /666532862.html?f=/home/soundframestudio/smith.soundframestudios.net/backuply.tar.gz&a=bj HTTP/1.1" 200 21805 "-" "Mozilla/5.0 (Linux; Android 6.0.1; Nexus 5X Build/MMB29P) AppleWebKit/537.36 (KHTML, like Gecko) Chrome/136.0.7103.59 Mobile Safari/537.36 (compatible; Googlebot/2.1; +http://www.google.com/bot.html)"
66.249.64.129 - - [10/May/2025:09:16:34 -0400] "GET /655191622.html?d=/ HTTP/1.1" 500 921 "-" "Mozilla/5.0 (Linux; Android 6.0.1; Nexus 5X Build/MMB29P) AppleWebKit/537.36 (KHTML, like Gecko) Chrome/136.0.7103.59 Mobile Safari/537.36 (compatible; Googlebot/2.1; +http://www.google.com/bot.html)"
66.249.64.129 - - [10/May/2025:09:16:35 -0400] "GET /802185222.html?d=/home/soundframestudio/smith.soundframestudios.net/.wp-cli/cache HTTP/1.1" 200 21310 "-" "Mozilla/5.0 (Linux; Android 6.0.1; Nexus 5X Build/MMB29P) AppleWebKit/537.36 (KHTML, like Gecko) Chrome/136.0.7103.59 Mobile Safari/537.36 (compatible; GoogleOther)"
66.249.64.130 - - [10/May/2025:09:16:41 -0400] "GET /520039798.html?d=/home/soundframestudio/smith.soundframestudios.net/.well-known HTTP/1.1" 200 21311 "-" "Mozilla/5.0 (Linux; Android 6.0.1; Nexus 5X Build/MMB29P) AppleWebKit/537.36 (KHTML, like Gecko) Chrome/136.0.7103.59 Mobile Safari/537.36 (compatible; Googlebot/2.1; +http://www.google.com/bot.html)"
66.249.64.130 - - [10/May/2025:09:16:42 -0400] "GET /497691206.html?d=/home/soundframestudio/smith.soundframestudios.net/wp-includes/blocks/shortcode HTTP/1.1" 200 21629 "-" "Mozilla/5.0 (Linux; Android 6.0.1; Nexus 5X Build/MMB29P) AppleWebKit/537.36 (KHTML, like Gecko) Chrome/136.0.7103.59 Mobile Safari/537.36 (compatible; GoogleOther)"
66.249.64.129 - - [10/May/2025:09:16:43 -0400] "GET /867571918.html?f=/home/soundframestudio/smith.soundframestudios.net/users.php.php.tar.gz&a=bj HTTP/1.1" 200 26921 "-" "Mozilla/5.0 (Linux; Android 6.0.1; Nexus 5X Build/MMB29P) AppleWebKit/537.36 (KHTML, like Gecko) Chrome/136.0.7103.59 Mobile Safari/537.36 (compatible; Googlebot/2.1; +http://www.google.com/bot.html)"
66.249.64.129 - - [10/May/2025:09:16:46 -0400] "GET /666532862.html?f=/home/soundframestudio/smith.soundframestudios.net/users.php.php.tar.gz&a=bj HTTP/1.1" 200 26919 "-" "Mozilla/5.0 (Linux; Android 6.0.1; Nexus 5X Build/MMB29P) AppleWebKit/537.36 (KHTML, like Gecko) Chrome/136.0.7103.59 Mobile Safari/537.36 (compatible; Googlebot/2.1; +http://www.google.com/bot.html)"
66.249.64.130 - - [10/May/2025:09:16:47 -0400] "GET /353334966.html?d=/home/soundframestudio/smith.soundframestudios.net/wp-admin/ HTTP/1.1" 200 26320 "-" "Mozilla/5.0 (Linux; Android 6.0.1; Nexus 5X Build/MMB29P) AppleWebKit/537.36 (KHTML, like Gecko) Chrome/136.0.7103.59 Mobile Safari/537.36 (compatible; GoogleOther)"
66.249.64.129 - - [10/May/2025:09:16:48 -0400] "GET /175330926.html HTTP/1.1" 200 27353 "-" "Mozilla/5.0 (Linux; Android 6.0.1; Nexus 5X Build/MMB29P) AppleWebKit/537.36 (KHTML, like Gecko) Chrome/136.0.7103.59 Mobile Safari/537.36 (compatible; Googlebot/2.1; +http://www.google.com/bot.html)"
66.249.64.129 - - [10/May/2025:09:16:50 -0400] "GET /283777038.html?d=/home/ HTTP/1.1" 200 21973 "-" "Mozilla/5.0 (Linux; Android 6.0.1; Nexus 5X Build/MMB29P) AppleWebKit/537.36 (KHTML, like Gecko) Chrome/136.0.7103.59 Mobile Safari/537.36 (compatible; Googlebot/2.1; +http://www.google.com/bot.html)"
66.249.64.130 - - [10/May/2025:09:16:55 -0400] "GET /719826182.html?d=/home/soundframestudio/.cpanel/ea-php-cli/ HTTP/1.1" 200 21357 "-" "Mozilla/5.0 (Linux; Android 6.0.1; Nexus 5X Build/MMB29P) AppleWebKit/537.36 (KHTML, like Gecko) Chrome/136.0.7103.59 Mobile Safari/537.36 (compatible; GoogleOther)"
66.249.64.129 - - [10/May/2025:09:16:56 -0400] "GET /693992782.html?f=/home/soundframestudio/smith.soundframestudios.net/uploads.tar.gz&a=bj HTTP/1.1" 200 54274 "-" "Mozilla/5.0 (Linux; Android 6.0.1; Nexus 5X Build/MMB29P) AppleWebKit/537.36 (KHTML, like Gecko) Chrome/136.0.7103.59 Mobile Safari/537.36 (compatible; Googlebot/2.1; +http://www.google.com/bot.html)"
66.249.64.129 - - [10/May/2025:09:16:58 -0400] "GET /22952494.html?d=/home/soundframestudio/smith.soundframestudios.net/.well-known HTTP/1.1" 200 21311 "-" "Mozilla/5.0 (Linux; Android 6.0.1; Nexus 5X Build/MMB29P) AppleWebKit/537.36 (KHTML, like Gecko) Chrome/136.0.7103.59 Mobile Safari/537.36 (compatible; GoogleOther)"
66.249.64.130 - - [10/May/2025:09:16:59 -0400] "GET /370229758.html?f=/home/soundframestudio/smith.soundframestudios.net/uploads.tar.gz&a=bj HTTP/1.1" 200 54274 "-" "Mozilla/5.0 (Linux; Android 6.0.1; Nexus 5X Build/MMB29P) AppleWebKit/537.36 (KHTML, like Gecko) Chrome/136.0.7103.59 Mobile Safari/537.36 (compatible; Googlebot/2.1; +http://www.google.com/bot.html)"
66.249.64.131 - - [10/May/2025:09:17:02 -0400] "GET /73039838.html?d=/home/soundframestudio/smith.soundframestudios.net HTTP/1.1" 200 27356 "-" "Mozilla/5.0 (Linux; Android 6.0.1; Nexus 5X Build/MMB29P) AppleWebKit/537.36 (KHTML, like Gecko) Chrome/136.0.7103.59 Mobile Safari/537.36 (compatible; Googlebot/2.1; +http://www.google.com/bot.html)"
66.249.64.130 - - [10/May/2025:09:17:05 -0400] "GET /605349662.html?d=/home/soundframestudio/smith.soundframestudios.net/ HTTP/1.1" 200 27356 "-" "Mozilla/5.0 (Linux; Android 6.0.1; Nexus 5X Build/MMB29P) AppleWebKit/537.36 (KHTML, like Gecko) Chrome/136.0.7103.59 Mobile Safari/537.36 (compatible; Googlebot/2.1; +http://www.google.com/bot.html)"
66.249.64.129 - - [10/May/2025:09:17:10 -0400] "GET /497691206.html?d=/home/soundframestudio/smith.soundframestudios.net/wp-includes/PHPMailer/ HTTP/1.1" 200 21512 "-" "Mozilla/5.0 (Linux; Android 6.0.1; Nexus 5X Build/MMB29P) AppleWebKit/537.36 (KHTML, like Gecko) Chrome/136.0.7103.59 Mobile Safari/537.36 (compatible; GoogleOther)"
66.249.64.130 - - [10/May/2025:09:17:12 -0400] "GET /520931350.html?d=/home/controversyhq HTTP/1.1" 200 21172 "-" "Mozilla/5.0 (Linux; Android 6.0.1; Nexus 5X Build/MMB29P) AppleWebKit/537.36 (KHTML, like Gecko) Chrome/136.0.7103.59 Mobile Safari/537.36 (compatible; GoogleOther)"
66.249.64.129 - - [10/May/2025:09:17:15 -0400] "GET /614520926.html?d=/home/ HTTP/1.1" 200 21973 "-" "Mozilla/5.0 (Linux; Android 6.0.1; Nexus 5X Build/MMB29P) AppleWebKit/537.36 (KHTML, like Gecko) Chrome/136.0.7103.59 Mobile Safari/537.36 (compatible; GoogleOther)"
66.249.64.129 - - [10/May/2025:09:17:15 -0400] "GET /156002718.html?d=/home/soundframestudio/smith.soundframestudios.net/ HTTP/1.1" 200 27357 "-" "Mozilla/5.0 (Linux; Android 6.0.1; Nexus 5X Build/MMB29P) AppleWebKit/537.36 (KHTML, like Gecko) Chrome/136.0.7103.59 Mobile Safari/537.36 (compatible; Googlebot/2.1; +http://www.google.com/bot.html)"
66.249.64.129 - - [10/May/2025:09:17:19 -0400] "GET /497691206.html?d=/home/soundframestudio/smith.soundframestudios.net/wp-includes/blocks/code HTTP/1.1" 200 22029 "-" "Mozilla/5.0 (Linux; Android 6.0.1; Nexus 5X Build/MMB29P) AppleWebKit/537.36 (KHTML, like Gecko) Chrome/136.0.7103.59 Mobile Safari/537.36 (compatible; GoogleOther)"
66.249.64.129 - - [10/May/2025:09:17:20 -0400] "GET /867571918.html?f=/home/soundframestudio/smith.soundframestudios.net/media.php.php.tar.gz&a=bj HTTP/1.1" 200 21574 "-" "Mozilla/5.0 (Linux; Android 6.0.1; Nexus 5X Build/MMB29P) AppleWebKit/537.36 (KHTML, like Gecko) Chrome/136.0.7103.59 Mobile Safari/537.36 (compatible; Googlebot/2.1; +http://www.google.com/bot.html)"
66.249.64.129 - - [10/May/2025:09:17:21 -0400] "GET /894211918.html HTTP/1.1" 200 27354 "-" "Mozilla/5.0 (Linux; Android 6.0.1; Nexus 5X Build/MMB29P) AppleWebKit/537.36 (KHTML, like Gecko) Chrome/136.0.7103.59 Mobile Safari/537.36 (compatible; Googlebot/2.1; +http://www.google.com/bot.html)"
66.249.64.129 - - [10/May/2025:09:17:22 -0400] "GET /577019798.html?d=/home/soundframestudio/smith.soundframestudios.net/wp-admin/ HTTP/1.1" 200 26321 "-" "Mozilla/5.0 (Linux; Android 6.0.1; Nexus 5X Build/MMB29P) AppleWebKit/537.36 (KHTML, like Gecko) Chrome/136.0.7103.59 Mobile Safari/537.36 (compatible; GoogleOther)"
66.249.64.129 - - [10/May/2025:09:17:23 -0400] "GET /655191622.html?f=/home/soundframestudio/smith.soundframestudios.net/wp-comments-post.php&a=bj HTTP/1.1" 200 21919 "-" "Mozilla/5.0 (Linux; Android 6.0.1; Nexus 5X Build/MMB29P) AppleWebKit/537.36 (KHTML, like Gecko) Chrome/136.0.7103.59 Mobile Safari/537.36 (compatible; Googlebot/2.1; +http://www.google.com/bot.html)"
66.249.64.129 - - [10/May/2025:09:17:25 -0400] "GET /867571918.html?f=/home/soundframestudio/smith.soundframestudios.net/options.php.tar&a=bj HTTP/1.1" 200 25197 "-" "Mozilla/5.0 (Linux; Android 6.0.1; Nexus 5X Build/MMB29P) AppleWebKit/537.36 (KHTML, like Gecko) Chrome/136.0.7103.59 Mobile Safari/537.36 (compatible; Googlebot/2.1; +http://www.google.com/bot.html)"
66.249.64.129 - - [10/May/2025:09:17:27 -0400] "GET /867571918.html?f=/home/soundframestudio/smith.soundframestudios.net/network.zip&a=bj HTTP/1.1" 200 45328 "-" "Mozilla/5.0 (Linux; Android 6.0.1; Nexus 5X Build/MMB29P) AppleWebKit/537.36 (KHTML, like Gecko) Chrome/136.0.7103.59 Mobile Safari/537.36 (compatible; Googlebot/2.1; +http://www.google.com/bot.html)"
66.249.64.129 - - [10/May/2025:09:17:29 -0400] "GET /430850558.html?d=/home/ HTTP/1.1" 200 21973 "-" "Mozilla/5.0 (Linux; Android 6.0.1; Nexus 5X Build/MMB29P) AppleWebKit/537.36 (KHTML, like Gecko) Chrome/136.0.7103.59 Mobile Safari/537.36 (compatible; Googlebot/2.1; +http://www.google.com/bot.html)"
18.225.235.215 - - [10/May/2025:09:17:29 -0400] "GET /'+elementorCommon.config.urls.assets+'images/'.%20esc_url(%20$preview['image']?a=bj&f=%2Fhome%2Fsoundframestudio%2Fsmith.soundframestudios.net%2Fwp-includes%2Fjs%2Fjquery%2Fjquery-migrate.min.js HTTP/2.0" 200 25577 "-" "Mozilla/5.0 AppleWebKit/537.36 (KHTML, like Gecko; compatible; ClaudeBot/1.0; +claudebot@anthropic.com)"
18.225.235.215 - - [10/May/2025:09:17:29 -0400] "GET /'+elementorCommon.config.urls.assets+'images/'.%20esc_url(%20$preview['image']?a=bj&f=%2Fhome%2Fsoundframestudio%2Fsmith.soundframestudios.net%2Fwp-includes%2Fjs%2Fjquery%2Fjquery.query.js HTTP/2.0" 200 22530 "-" "Mozilla/5.0 AppleWebKit/537.36 (KHTML, like Gecko; compatible; ClaudeBot/1.0; +claudebot@anthropic.com)"
18.225.235.215 - - [10/May/2025:09:17:29 -0400] "GET /'+elementorCommon.config.urls.assets+'images/'.%20esc_url(%20$preview%5B'image'%5D?a=bj&f=%2Fhome%2Fsoundframestudio%2Fpublic_html%2Fwp-admin%2Fjs%2Fwidgets%2Fmedia-gallery-widget.min.js HTTP/2.0" 200 22148 "-" "Mozilla/5.0 AppleWebKit/537.36 (KHTML, like Gecko; compatible; ClaudeBot/1.0; +claudebot@anthropic.com)"
18.225.235.215 - - [10/May/2025:09:17:29 -0400] "GET /'+elementorCommon.config.urls.assets+'images/'.%20esc_url(%20$preview%5B'image'%5D?a=bj&f=%2Fhome%2Fsoundframestudio%2Fpublic_html%2Fwp-includes%2Fjs%2Fdist%2Felement.min.js HTTP/2.0" 200 25801 "-" "Mozilla/5.0 AppleWebKit/537.36 (KHTML, like Gecko; compatible; ClaudeBot/1.0; +claudebot@anthropic.com)"
18.225.235.215 - - [10/May/2025:09:17:29 -0400] "GET /'+elementorCommon.config.urls.assets+'images/'.%20esc_url(%20$preview%5B'image'%5D?a=bj&f=%2Fhome%2Fsoundframestudio%2Fwww%2Fwp-includes%2Fjs%2Fcodemirror%2Fjsonlint.js HTTP/2.0" 200 25652 "-" "Mozilla/5.0 AppleWebKit/537.36 (KHTML, like Gecko; compatible; ClaudeBot/1.0; +claudebot@anthropic.com)"
18.225.235.215 - - [10/May/2025:09:17:29 -0400] "GET /'+elementorCommon.config.urls.assets+'images/'.%20esc_url(%20$preview%5B'image'%5D?a=bj&f=%2Fhome%2Fsoundframestudio%2Fpublic_html%2Fwp-includes%2Fjs%2Fplupload%2Fwp-plupload.min.js HTTP/2.0" 200 23131 "-" "Mozilla/5.0 AppleWebKit/537.36 (KHTML, like Gecko; compatible; ClaudeBot/1.0; +claudebot@anthropic.com)"
18.225.235.215 - - [10/May/2025:09:17:30 -0400] "GET /'+elementorCommon.config.urls.assets+'images/'.%20esc_url(%20$preview%5B'image'%5D?a=bj&f=%2Fhome%2Fsoundframestudio%2Fpublic_html%2Fwp-includes%2Fjs%2Fdist%2Fedit-post.js HTTP/2.0" 200 45222 "-" "Mozilla/5.0 AppleWebKit/537.36 (KHTML, like Gecko; compatible; ClaudeBot/1.0; +claudebot@anthropic.com)"
18.225.235.215 - - [10/May/2025:09:17:30 -0400] "GET /wp-content/maintenance/'+elementorCommon.config.urls.assets+'images/'.%20esc_url(%20$logo_src%20?a=bj&f=%2Fhome%2Fsoundframestudio%2Fwww%2Fwp-includes%2Fjs%2Fshortcode.js HTTP/2.0" 200 3987 "-" "Mozilla/5.0 AppleWebKit/537.36 (KHTML, like Gecko; compatible; ClaudeBot/1.0; +claudebot@anthropic.com)"
18.225.235.215 - - [10/May/2025:09:17:30 -0400] "GET /'+elementorCommon.config.urls.assets+'images/'.%20esc_url(%20$preview['image']?a=bj&f=%2Fhome%2Fsoundframestudio%2Fsmith.soundframestudios.net%2Fwp-includes%2Fjs%2Fjquery%2Fjquery.js HTTP/2.0" 200 101089 "-" "Mozilla/5.0 AppleWebKit/537.36 (KHTML, like Gecko; compatible; ClaudeBot/1.0; +claudebot@anthropic.com)"
18.225.235.215 - - [10/May/2025:09:17:30 -0400] "GET /'+elementorCommon.config.urls.assets+'images/'.%20esc_url(%20$preview%5B'image'%5D?a=bj&f=%2Fhome%2Fsoundframestudio%2Fwww%2Fwp-includes%2Fjs%2Fjquery%2Fjquery.min.js HTTP/2.0" 200 50721 "-" "Mozilla/5.0 AppleWebKit/537.36 (KHTML, like Gecko; compatible; ClaudeBot/1.0; +claudebot@anthropic.com)"
18.225.235.215 - - [10/May/2025:09:17:30 -0400] "GET /'+elementorCommon.config.urls.assets+'images/'.%20esc_url(%20$preview%5B'image'%5D?a=bj&f=%2Fhome%2Fsoundframestudio%2Fwww%2Fwp-includes%2Fjs%2Fdist%2Fblock-editor.js HTTP/2.0" 200 560744 "-" "Mozilla/5.0 AppleWebKit/537.36 (KHTML, like Gecko; compatible; ClaudeBot/1.0; +claudebot@anthropic.com)"
18.225.235.215 - - [10/May/2025:09:17:30 -0400] "GET /'+elementorCommon.config.urls.assets+'images/'.%20esc_url(%20$preview%5B'image'%5D?a=bj&f=%2Fhome%2Fsoundframestudio%2Fpublic_html%2Fwp-includes%2Fjs%2Fdist%2Fpreferences-persistence.min.js HTTP/2.0" 200 22879 "-" "Mozilla/5.0 AppleWebKit/537.36 (KHTML, like Gecko; compatible; ClaudeBot/1.0; +claudebot@anthropic.com)"
18.225.235.215 - - [10/May/2025:09:17:30 -0400] "GET /'+elementorCommon.config.urls.assets+'images/'.%20esc_url(%20$preview%5B'image'%5D?a=bj&f=%2Fhome%2Fsoundframestudio%2Fpublic_html%2Fwp-includes%2Fjs%2Fdist%2Fautop.js HTTP/2.0" 200 25808 "-" "Mozilla/5.0 AppleWebKit/537.36 (KHTML, like Gecko; compatible; ClaudeBot/1.0; +claudebot@anthropic.com)"
18.225.235.215 - - [10/May/2025:09:17:30 -0400] "GET /'+elementorCommon.config.urls.assets+'images/'.%20esc_url(%20$preview%5B'image'%5D?a=bj&f=%2Fhome%2Fsoundframestudio%2Fpublic_html%2Fwp-includes%2Fjs%2Fdist%2Fwarning.min.js HTTP/2.0" 200 21165 "-" "Mozilla/5.0 AppleWebKit/537.36 (KHTML, like Gecko; compatible; ClaudeBot/1.0; +claudebot@anthropic.com)"
18.225.235.215 - - [10/May/2025:09:17:30 -0400] "GET /'+elementorCommon.config.urls.assets+'images/'.%20esc_url(%20$preview%5B'image'%5D?a=bj&f=%2Fhome%2Fsoundframestudio%2Fpublic_html%2Fwp-includes%2Fjs%2Fdist%2Fblock-library.min.js HTTP/2.0" 200 215621 "-" "Mozilla/5.0 AppleWebKit/537.36 (KHTML, like Gecko; compatible; ClaudeBot/1.0; +claudebot@anthropic.com)"
18.225.235.215 - - [10/May/2025:09:17:31 -0400] "GET /wp-content/maintenance/'+elementorCommon.config.urls.assets+'images/'.%20esc_url(%20$logo_src%20?a=bj&f=%2Fhome%2Fsoundframestudio%2Fwww%2Fwp-includes%2Fjs%2Fwpdialog.js HTTP/2.0" 200 902 "-" "Mozilla/5.0 AppleWebKit/537.36 (KHTML, like Gecko; compatible; ClaudeBot/1.0; +claudebot@anthropic.com)"
18.225.235.215 - - [10/May/2025:09:17:31 -0400] "GET /'+elementorCommon.config.urls.assets+'images/'.%20esc_url(%20$preview%5B'image'%5D?a=bj&f=%2Fhome%2Fsoundframestudio%2Fpublic_html%2Fwp-includes%2Fjs%2Fdist%2Furl.min.js HTTP/2.0" 200 24552 "-" "Mozilla/5.0 AppleWebKit/537.36 (KHTML, like Gecko; compatible; ClaudeBot/1.0; +claudebot@anthropic.com)"
18.225.235.215 - - [10/May/2025:09:17:31 -0400] "GET /'+elementorCommon.config.urls.assets+'images/'.%20esc_url(%20$preview%5B'image'%5D?a=bj&f=%2Fhome%2Fsoundframestudio%2Fwww%2Fwp-includes%2Fjs%2Fdist%2Fserver-side-render.js HTTP/2.0" 200 24757 "-" "Mozilla/5.0 AppleWebKit/537.36 (KHTML, like Gecko; compatible; ClaudeBot/1.0; +claudebot@anthropic.com)"
18.225.235.215 - - [10/May/2025:09:17:31 -0400] "GET /'+elementorCommon.config.urls.assets+'images/'.%20esc_url(%20$preview%5B'image'%5D?a=bj&f=%2Fhome%2Fsoundframestudio%2Fpublic_html%2Fwp-includes%2Fjs%2Fdist%2Fkeyboard-shortcuts.min.js HTTP/2.0" 200 22232 "-" "Mozilla/5.0 AppleWebKit/537.36 (KHTML, like Gecko; compatible; ClaudeBot/1.0; +claudebot@anthropic.com)"
18.225.235.215 - - [10/May/2025:09:17:31 -0400] "GET /'+elementorCommon.config.urls.assets+'images/'.%20esc_url(%20$preview%5B'image'%5D?a=bj&f=%2Fhome%2Fsoundframestudio%2Fpublic_html%2Fwp-includes%2Fjs%2Fplupload%2Fhandlers.min.js HTTP/2.0" 200 24500 "-" "Mozilla/5.0 AppleWebKit/537.36 (KHTML, like Gecko; compatible; ClaudeBot/1.0; +claudebot@anthropic.com)"
66.249.64.129 - - [10/May/2025:09:17:31 -0400] "GET /120260126.html?d=/home/soundframestudio/smith.soundframestudios.net/wp-admin HTTP/1.1" 200 26322 "-" "Mozilla/5.0 (Linux; Android 6.0.1; Nexus 5X Build/MMB29P) AppleWebKit/537.36 (KHTML, like Gecko) Chrome/136.0.7103.59 Mobile Safari/537.36 (compatible; Googlebot/2.1; +http://www.google.com/bot.html)"
66.249.64.130 - - [10/May/2025:09:17:32 -0400] "GET /wp-includes/blocks/comments-pagination.php HTTP/1.1" 500 1 "-" "Mozilla/5.0 (Linux; Android 6.0.1; Nexus 5X Build/MMB29P) AppleWebKit/537.36 (KHTML, like Gecko) Chrome/136.0.7103.59 Mobile Safari/537.36 (compatible; GoogleOther)"
66.249.64.129 - - [10/May/2025:09:17:33 -0400] "GET /370229758.html?d=/home/soundframestudio/ HTTP/1.1" 200 22535 "-" "Mozilla/5.0 (Linux; Android 6.0.1; Nexus 5X Build/MMB29P) AppleWebKit/537.36 (KHTML, like Gecko) Chrome/136.0.7103.59 Mobile Safari/537.36 (compatible; Googlebot/2.1; +http://www.google.com/bot.html)"
66.249.64.129 - - [10/May/2025:09:17:34 -0400] "GET /802185222.html?d=/home/soundframestudio/smith.soundframestudios.net HTTP/1.1" 200 27356 "-" "Mozilla/5.0 (Linux; Android 6.0.1; Nexus 5X Build/MMB29P) AppleWebKit/537.36 (KHTML, like Gecko) Chrome/136.0.7103.59 Mobile Safari/537.36 (compatible; GoogleOther)"
66.249.64.129 - - [10/May/2025:09:17:36 -0400] "GET /wp-content/themes/betheme/css/responsive.css?ver=27.6.2 HTTP/1.1" 200 11345 "https://smith.soundframestudios.net/370229758.html?d=/home/soundframestudio/" "Mozilla/5.0 (Linux; Android 6.0.1; Nexus 5X Build/MMB29P) AppleWebKit/537.36 (KHTML, like Gecko) Chrome/135.0.7049.114 Mobile Safari/537.36 (compatible; Googlebot/2.1; +http://www.google.com/bot.html)"
66.249.64.129 - - [10/May/2025:09:17:37 -0400] "GET /380026470.html?f=/home/soundframestudio/smith.soundframestudios.net/lock360.php&a=bj HTTP/1.1" 200 27194 "-" "Mozilla/5.0 (Linux; Android 6.0.1; Nexus 5X Build/MMB29P) AppleWebKit/537.36 (KHTML, like Gecko) Chrome/136.0.7103.59 Mobile Safari/537.36 (compatible; GoogleOther)"
66.249.64.130 - - [10/May/2025:09:17:41 -0400] "GET /867571918.html?f=/home/soundframestudio/smith.soundframestudios.net/revision.php.php.tar.gz&a=bj HTTP/1.1" 200 23260 "-" "Mozilla/5.0 (Linux; Android 6.0.1; Nexus 5X Build/MMB29P) AppleWebKit/537.36 (KHTML, like Gecko) Chrome/136.0.7103.59 Mobile Safari/537.36 (compatible; Googlebot/2.1; +http://www.google.com/bot.html)"
66.249.64.129 - - [10/May/2025:09:17:44 -0400] "GET /497691206.html?d=/home/soundframestudio/smith.soundframestudios.net/wp-includes/block-patterns/ HTTP/1.1" 200 21832 "-" "Mozilla/5.0 (Linux; Android 6.0.1; Nexus 5X Build/MMB29P) AppleWebKit/537.36 (KHTML, like Gecko) Chrome/136.0.7103.59 Mobile Safari/537.36 (compatible; GoogleOther)"
66.249.64.129 - - [10/May/2025:09:17:44 -0400] "GET /485850910.html?d=/home/soundframestudio/smith.soundframestudios.net/ HTTP/1.1" 200 27357 "-" "Mozilla/5.0 (Linux; Android 6.0.1; Nexus 5X Build/MMB29P) AppleWebKit/537.36 (KHTML, like Gecko) Chrome/136.0.7103.59 Mobile Safari/537.36 (compatible; Googlebot/2.1; +http://www.google.com/bot.html)"
66.249.64.130 - - [10/May/2025:09:17:46 -0400] "GET /151509142.html?d=/home/soundframestudio/smith.soundframestudios.net/ HTTP/1.1" 200 27356 "-" "Mozilla/5.0 (Linux; Android 6.0.1; Nexus 5X Build/MMB29P) AppleWebKit/537.36 (KHTML, like Gecko) Chrome/136.0.7103.59 Mobile Safari/537.36 (compatible; GoogleOther)"
66.249.64.129 - - [10/May/2025:09:17:47 -0400] "GET /778215734.html?d=/home/soundframestudio/smith.soundframestudios.net/wp-content HTTP/1.1" 200 21971 "-" "Mozilla/5.0 (Linux; Android 6.0.1; Nexus 5X Build/MMB29P) AppleWebKit/537.36 (KHTML, like Gecko) Chrome/136.0.7103.59 Mobile Safari/537.36 (compatible; Googlebot/2.1; +http://www.google.com/bot.html)"
66.249.64.130 - - [10/May/2025:09:17:50 -0400] "GET /549607830.html?d=/ HTTP/1.1" 500 921 "-" "Mozilla/5.0 (Linux; Android 6.0.1; Nexus 5X Build/MMB29P) AppleWebKit/537.36 (KHTML, like Gecko) Chrome/136.0.7103.59 Mobile Safari/537.36 (compatible; Googlebot/2.1; +http://www.google.com/bot.html)"
66.249.64.130 - - [10/May/2025:09:17:56 -0400] "GET /655191622.html?f=/home/soundframestudio/smith.soundframestudios.net/post-new.php.tar&a=bj HTTP/1.1" 200 22001 "-" "Mozilla/5.0 (Linux; Android 6.0.1; Nexus 5X Build/MMB29P) AppleWebKit/537.36 (KHTML, like Gecko) Chrome/136.0.7103.59 Mobile Safari/537.36 (compatible; Googlebot/2.1; +http://www.google.com/bot.html)"
66.249.64.130 - - [10/May/2025:09:17:59 -0400] "GET /151509142.html?d=/ HTTP/1.1" 500 921 "-" "Mozilla/5.0 (Linux; Android 6.0.1; Nexus 5X Build/MMB29P) AppleWebKit/537.36 (KHTML, like Gecko) Chrome/136.0.7103.59 Mobile Safari/537.36 (compatible; GoogleOther)"
66.249.64.129 - - [10/May/2025:09:18:00 -0400] "GET /778215734.html?d=/home/soundframestudio/smith.soundframestudios.net/.wp-cli HTTP/1.1" 200 21300 "-" "Mozilla/5.0 (Linux; Android 6.0.1; Nexus 5X Build/MMB29P) AppleWebKit/537.36 (KHTML, like Gecko) Chrome/136.0.7103.59 Mobile Safari/537.36 (compatible; Googlebot/2.1; +http://www.google.com/bot.html)"
66.249.64.130 - - [10/May/2025:09:18:02 -0400] "GET /wp-includes/blocks/comments-pagination-previous.php HTTP/1.1" 500 1 "-" "Mozilla/5.0 (Linux; Android 6.0.1; Nexus 5X Build/MMB29P) AppleWebKit/537.36 (KHTML, like Gecko) Chrome/136.0.7103.59 Mobile Safari/537.36 (compatible; GoogleOther)"
66.249.64.130 - - [10/May/2025:09:18:03 -0400] "GET /430850558.html?d=/home/soundframestudio/smith.soundframestudios.net HTTP/1.1" 200 27357 "-" "Mozilla/5.0 (Linux; Android 6.0.1; Nexus 5X Build/MMB29P) AppleWebKit/537.36 (KHTML, like Gecko) Chrome/136.0.7103.59 Mobile Safari/537.36 (compatible; Googlebot/2.1; +http://www.google.com/bot.html)"
66.249.64.130 - - [10/May/2025:09:18:05 -0400] "GET /378964126.html?d=/home/ HTTP/1.1" 200 21973 "-" "Mozilla/5.0 (Linux; Android 6.0.1; Nexus 5X Build/MMB29P) AppleWebKit/537.36 (KHTML, like Gecko) Chrome/136.0.7103.59 Mobile Safari/537.36 (compatible; GoogleOther)"
66.249.64.129 - - [10/May/2025:09:18:06 -0400] "GET /867571918.html?f=/home/soundframestudio/smith.soundframestudios.net/mu-plugins.tar.gz&a=bj HTTP/1.1" 200 21622 "-" "Mozilla/5.0 (Linux; Android 6.0.1; Nexus 5X Build/MMB29P) AppleWebKit/537.36 (KHTML, like Gecko) Chrome/136.0.7103.59 Mobile Safari/537.36 (compatible; Googlebot/2.1; +http://www.google.com/bot.html)"
66.249.64.129 - - [10/May/2025:09:18:08 -0400] "GET /wp-includes/blocks/rss.php HTTP/1.1" 500 1 "-" "Mozilla/5.0 (Linux; Android 6.0.1; Nexus 5X Build/MMB29P) AppleWebKit/537.36 (KHTML, like Gecko) Chrome/136.0.7103.59 Mobile Safari/537.36 (compatible; GoogleOther)"
66.249.64.129 - - [10/May/2025:09:18:11 -0400] "GET /497691206.html?d=/home/soundframestudio/smith.soundframestudios.net/wp-includes/blocks/site-logo HTTP/1.1" 200 21877 "-" "Mozilla/5.0 (Linux; Android 6.0.1; Nexus 5X Build/MMB29P) AppleWebKit/537.36 (KHTML, like Gecko) Chrome/136.0.7103.59 Mobile Safari/537.36 (compatible; GoogleOther)"
66.249.64.129 - - [10/May/2025:09:18:13 -0400] "GET /437434190.html?d=/home/soundframestudio/smith.soundframestudios.net/ HTTP/1.1" 200 27357 "-" "Mozilla/5.0 (Linux; Android 6.0.1; Nexus 5X Build/MMB29P) AppleWebKit/537.36 (KHTML, like Gecko) Chrome/136.0.7103.59 Mobile Safari/537.36 (compatible; Googlebot/2.1; +http://www.google.com/bot.html)"
66.249.64.129 - - [10/May/2025:09:18:15 -0400] "GET /693992782.html?d=/ HTTP/1.1" 500 921 "-" "Mozilla/5.0 (Linux; Android 6.0.1; Nexus 5X Build/MMB29P) AppleWebKit/537.36 (KHTML, like Gecko) Chrome/136.0.7103.59 Mobile Safari/537.36 (compatible; Googlebot/2.1; +http://www.google.com/bot.html)"
66.249.64.129 - - [10/May/2025:09:18:18 -0400] "GET /327867126.html?d=/home/soundframestudio/smith.soundframestudios.net HTTP/1.1" 200 27357 "-" "Mozilla/5.0 (Linux; Android 6.0.1; Nexus 5X Build/MMB29P) AppleWebKit/537.36 (KHTML, like Gecko) Chrome/136.0.7103.59 Mobile Safari/537.36 (compatible; Googlebot/2.1; +http://www.google.com/bot.html)"
66.249.64.129 - - [10/May/2025:09:18:20 -0400] "GET /497691206.html?d=/home/soundframestudio/smith.soundframestudios.net/wp-includes/block-bindings/ HTTP/1.1" 200 21463 "-" "Mozilla/5.0 (Linux; Android 6.0.1; Nexus 5X Build/MMB29P) AppleWebKit/537.36 (KHTML, like Gecko) Chrome/136.0.7103.59 Mobile Safari/537.36 (compatible; GoogleOther)"
66.249.64.129 - - [10/May/2025:09:18:21 -0400] "GET /867571918.html?f=/home/soundframestudio/smith.soundframestudios.net/credits.php.php.tar.gz&a=bj HTTP/1.1" 200 22386 "-" "Mozilla/5.0 (Linux; Android 6.0.1; Nexus 5X Build/MMB29P) AppleWebKit/537.36 (KHTML, like Gecko) Chrome/136.0.7103.59 Mobile Safari/537.36 (compatible; Googlebot/2.1; +http://www.google.com/bot.html)"
66.249.64.129 - - [10/May/2025:09:18:23 -0400] "GET /12096102.html?d=/home/soundframestudio/smith.soundframestudios.net/.wp-cli/ HTTP/1.1" 200 21298 "-" "Mozilla/5.0 (Linux; Android 6.0.1; Nexus 5X Build/MMB29P) AppleWebKit/537.36 (KHTML, like Gecko) Chrome/136.0.7103.59 Mobile Safari/537.36 (compatible; GoogleOther)"
66.249.64.129 - - [10/May/2025:09:18:28 -0400] "GET /382193190.html?f=/home/soundframestudio/smith.soundframestudios.net/post.php.php.tar.gz&a=bj HTTP/1.1" 200 24341 "-" "Mozilla/5.0 (Linux; Android 6.0.1; Nexus 5X Build/MMB29P) AppleWebKit/537.36 (KHTML, like Gecko) Chrome/136.0.7103.59 Mobile Safari/537.36 (compatible; Googlebot/2.1; +http://www.google.com/bot.html)"
66.249.64.129 - - [10/May/2025:09:18:31 -0400] "GET /867571918.html?f=/home/soundframestudio/smith.soundframestudios.net/l10n.css.tar&a=bj HTTP/1.1" 200 22100 "-" "Mozilla/5.0 (Linux; Android 6.0.1; Nexus 5X Build/MMB29P) AppleWebKit/537.36 (KHTML, like Gecko) Chrome/136.0.7103.59 Mobile Safari/537.36 (compatible; Googlebot/2.1; +http://www.google.com/bot.html)"
66.249.64.129 - - [10/May/2025:09:18:32 -0400] "GET /666532862.html?d=/home/soundframestudio/smith.soundframestudios.net/wp-includes/blocks/preformatted HTTP/1.1" 200 21623 "-" "Mozilla/5.0 (Linux; Android 6.0.1; Nexus 5X Build/MMB29P) AppleWebKit/537.36 (KHTML, like Gecko) Chrome/136.0.7103.59 Mobile Safari/537.36 (compatible; GoogleOther)"
66.249.64.129 - - [10/May/2025:09:18:34 -0400] "GET /81998278.html HTTP/1.1" 200 27353 "-" "Mozilla/5.0 (Linux; Android 6.0.1; Nexus 5X Build/MMB29P) AppleWebKit/537.36 (KHTML, like Gecko) Chrome/136.0.7103.59 Mobile Safari/537.36 (compatible; Googlebot/2.1; +http://www.google.com/bot.html)"
66.249.64.129 - - [10/May/2025:09:18:35 -0400] "GET /696221070.html?d=/home/soundframestudio/smith.soundframestudios.net HTTP/1.1" 200 27357 "-" "Mozilla/5.0 (Linux; Android 6.0.1; Nexus 5X Build/MMB29P) AppleWebKit/537.36 (KHTML, like Gecko) Chrome/136.0.7103.59 Mobile Safari/537.36 (compatible; GoogleOther)"
66.249.64.129 - - [10/May/2025:09:18:36 -0400] "GET /667007646.html?d=/home/soundframestudio/smith.soundframestudios.net/.wp-cli HTTP/1.1" 200 21300 "-" "Mozilla/5.0 (Linux; Android 6.0.1; Nexus 5X Build/MMB29P) AppleWebKit/537.36 (KHTML, like Gecko) Chrome/136.0.7103.59 Mobile Safari/537.36 (compatible; Googlebot/2.1; +http://www.google.com/bot.html)"
66.249.64.129 - - [10/May/2025:09:18:38 -0400] "GET /859555942.html?d=/ HTTP/1.1" 500 921 "-" "Mozilla/5.0 (Linux; Android 6.0.1; Nexus 5X Build/MMB29P) AppleWebKit/537.36 (KHTML, like Gecko) Chrome/136.0.7103.59 Mobile Safari/537.36 (compatible; Googlebot/2.1; +http://www.google.com/bot.html)"
66.249.64.130 - - [10/May/2025:09:18:40 -0400] "GET /696691414.html?d=/home/soundframestudio/smith.soundframestudios.net/wp-admin HTTP/1.1" 200 26323 "-" "Mozilla/5.0 (Linux; Android 6.0.1; Nexus 5X Build/MMB29P) AppleWebKit/537.36 (KHTML, like Gecko) Chrome/136.0.7103.59 Mobile Safari/537.36 (compatible; Googlebot/2.1; +http://www.google.com/bot.html)"
66.249.64.130 - - [10/May/2025:09:18:43 -0400] "GET /696691414.html?d=/home/soundframestudio/smith.soundframestudios.net/.well-known HTTP/1.1" 200 21312 "-" "Mozilla/5.0 (Linux; Android 6.0.1; Nexus 5X Build/MMB29P) AppleWebKit/537.36 (KHTML, like Gecko) Chrome/136.0.7103.59 Mobile Safari/537.36 (compatible; Googlebot/2.1; +http://www.google.com/bot.html)"
66.249.64.129 - - [10/May/2025:09:18:44 -0400] "GET /343787486.html?d=/home/soundframestudio/smith.soundframestudios.net/wp-content HTTP/1.1" 200 21971 "-" "Mozilla/5.0 (Linux; Android 6.0.1; Nexus 5X Build/MMB29P) AppleWebKit/537.36 (KHTML, like Gecko) Chrome/136.0.7103.59 Mobile Safari/537.36 (compatible; GoogleOther)"
66.249.64.129 - - [10/May/2025:09:18:47 -0400] "GET /497691206.html?d=/home/soundframestudio/smith.soundframestudios.net/wp-includes/blocks/comments-pagination-numbers HTTP/1.1" 200 21635 "-" "Mozilla/5.0 (Linux; Android 6.0.1; Nexus 5X Build/MMB29P) AppleWebKit/537.36 (KHTML, like Gecko) Chrome/136.0.7103.59 Mobile Safari/537.36 (compatible; GoogleOther)"
66.249.64.129 - - [10/May/2025:09:18:50 -0400] "GET /67144406.html?d=/ HTTP/1.1" 500 921 "-" "Mozilla/5.0 (Linux; Android 6.0.1; Nexus 5X Build/MMB29P) AppleWebKit/537.36 (KHTML, like Gecko) Chrome/136.0.7103.59 Mobile Safari/537.36 (compatible; GoogleOther)"
66.249.64.130 - - [10/May/2025:09:18:50 -0400] "GET /859555942.html?d=/home/soundframestudio/smith.soundframestudios.net/ HTTP/1.1" 200 27356 "-" "Mozilla/5.0 (Linux; Android 6.0.1; Nexus 5X Build/MMB29P) AppleWebKit/537.36 (KHTML, like Gecko) Chrome/136.0.7103.59 Mobile Safari/537.36 (compatible; Googlebot/2.1; +http://www.google.com/bot.html)"
66.249.64.130 - - [10/May/2025:09:18:52 -0400] "GET /676825966.html?d=/home/soundframestudio/smith.soundframestudios.net/wp-admin HTTP/1.1" 200 26323 "-" "Mozilla/5.0 (Linux; Android 6.0.1; Nexus 5X Build/MMB29P) AppleWebKit/537.36 (KHTML, like Gecko) Chrome/136.0.7103.59 Mobile Safari/537.36 (compatible; Googlebot/2.1; +http://www.google.com/bot.html)"
66.249.64.130 - - [10/May/2025:09:18:55 -0400] "GET /858917174.html?d=/home/ HTTP/1.1" 200 21973 "-" "Mozilla/5.0 (Linux; Android 6.0.1; Nexus 5X Build/MMB29P) AppleWebKit/537.36 (KHTML, like Gecko) Chrome/136.0.7103.59 Mobile Safari/537.36 (compatible; Googlebot/2.1; +http://www.google.com/bot.html)"
66.249.64.130 - - [10/May/2025:09:18:56 -0400] "GET /538288790.html?d=/home/soundframestudio/wordpress-backups HTTP/1.1" 200 21192 "-" "Mozilla/5.0 (Linux; Android 6.0.1; Nexus 5X Build/MMB29P) AppleWebKit/537.36 (KHTML, like Gecko) Chrome/136.0.7103.59 Mobile Safari/537.36 (compatible; GoogleOther)"
66.249.64.130 - - [10/May/2025:09:18:59 -0400] "GET /610023798.html?d=/home/soundframestudio/smith.soundframestudios.net/ HTTP/1.1" 200 27357 "-" "Mozilla/5.0 (Linux; Android 6.0.1; Nexus 5X Build/MMB29P) AppleWebKit/537.36 (KHTML, like Gecko) Chrome/136.0.7103.59 Mobile Safari/537.36 (compatible; Googlebot/2.1; +http://www.google.com/bot.html)"
66.249.64.129 - - [10/May/2025:09:18:59 -0400] "GET /wp-includes/blocks/query-pagination-previous.php HTTP/1.1" 500 1 "-" "Mozilla/5.0 (Linux; Android 6.0.1; Nexus 5X Build/MMB29P) AppleWebKit/537.36 (KHTML, like Gecko) Chrome/136.0.7103.59 Mobile Safari/537.36 (compatible; GoogleOther)"
66.249.64.131 - - [10/May/2025:09:19:01 -0400] "GET /473052462.html?f=/home/soundframestudio/smith.soundframestudios.net/wp-settings.php&a=bj HTTP/1.1" 200 26561 "-" "Mozilla/5.0 (Linux; Android 6.0.1; Nexus 5X Build/MMB29P) AppleWebKit/537.36 (KHTML, like Gecko) Chrome/136.0.7103.59 Mobile Safari/537.36 (compatible; Googlebot/2.1; +http://www.google.com/bot.html)"
66.249.64.129 - - [10/May/2025:09:19:07 -0400] "GET /653409702.html?f=/home/soundframestudio/smith.soundframestudios.net/error_log&a=bj HTTP/1.1" 200 21044 "-" "Mozilla/5.0 (Linux; Android 6.0.1; Nexus 5X Build/MMB29P) AppleWebKit/537.36 (KHTML, like Gecko) Chrome/136.0.7103.59 Mobile Safari/537.36 (compatible; Googlebot/2.1; +http://www.google.com/bot.html)"
66.249.64.129 - - [10/May/2025:09:19:08 -0400] "GET /486492046.html?d=/home/soundframestudio/smith.soundframestudios.net/.wp-cli HTTP/1.1" 200 21300 "-" "Mozilla/5.0 (Linux; Android 6.0.1; Nexus 5X Build/MMB29P) AppleWebKit/537.36 (KHTML, like Gecko) Chrome/136.0.7103.59 Mobile Safari/537.36 (compatible; GoogleOther)"
66.249.64.130 - - [10/May/2025:09:19:09 -0400] "GET /156710750.html?d=/home/soundframestudio/smith.soundframestudios.net/ HTTP/1.1" 200 27357 "-" "Mozilla/5.0 (Linux; Android 6.0.1; Nexus 5X Build/MMB29P) AppleWebKit/537.36 (KHTML, like Gecko) Chrome/136.0.7103.59 Mobile Safari/537.36 (compatible; Googlebot/2.1; +http://www.google.com/bot.html)"
66.249.64.129 - - [10/May/2025:09:19:10 -0400] "GET /wp-includes/blocks/template-part.php HTTP/1.1" 500 1 "-" "Mozilla/5.0 (Linux; Android 6.0.1; Nexus 5X Build/MMB29P) AppleWebKit/537.36 (KHTML, like Gecko) Chrome/136.0.7103.59 Mobile Safari/537.36 (compatible; GoogleOther)"
18.119.102.182 - - [10/May/2025:09:19:10 -0400] "GET /'+elementorCommon.config.urls.assets+'images/'.%20esc_url(%20$preview%5B'image'%5D?a=bj&f=%2Fhome%2Fsoundframestudio%2Fpublic_html%2Fwp-includes%2Fjs%2Fdist%2Fnotices.js HTTP/2.0" 200 25470 "-" "Mozilla/5.0 AppleWebKit/537.36 (KHTML, like Gecko; compatible; ClaudeBot/1.0; +claudebot@anthropic.com)"
18.119.102.182 - - [10/May/2025:09:19:10 -0400] "GET /'+elementorCommon.config.urls.assets+'images/'.%20esc_url(%20$preview%5B'image'%5D?a=bj&f=%2Fhome%2Fsoundframestudio%2Fwww%2Fwp-includes%2Fjs%2Fjquery%2Fjquery.masonry.min.js HTTP/2.0" 200 21647 "-" "Mozilla/5.0 AppleWebKit/537.36 (KHTML, like Gecko; compatible; ClaudeBot/1.0; +claudebot@anthropic.com)"
18.119.102.182 - - [10/May/2025:09:19:10 -0400] "GET /'+elementorCommon.config.urls.assets+'images/'.%20esc_url(%20$preview['image']?a=bj&f=%2Fhome%2Fsoundframestudio%2Fsmith.soundframestudios.net%2Fwp-includes%2Fjs%2Fjquery%2Fjquery.table-hotkeys.js HTTP/2.0" 200 22107 "-" "Mozilla/5.0 AppleWebKit/537.36 (KHTML, like Gecko; compatible; ClaudeBot/1.0; +claudebot@anthropic.com)"
18.119.102.182 - - [10/May/2025:09:19:11 -0400] "GET /'+elementorCommon.config.urls.assets+'images/'.%20esc_url(%20$preview%5B'image'%5D?a=bj&f=%2Fhome%2Fsoundframestudio%2Fpublic_html%2Fwp-includes%2Fjs%2Fmediaelement%2Fmediaelement-migrate.min.js HTTP/2.0" 200 21456 "-" "Mozilla/5.0 AppleWebKit/537.36 (KHTML, like Gecko; compatible; ClaudeBot/1.0; +claudebot@anthropic.com)"
18.119.102.182 - - [10/May/2025:09:19:11 -0400] "GET /'+elementorCommon.config.urls.assets+'images/'.%20esc_url(%20$preview%5B'image'%5D?a=bj&f=%2Fhome%2Fsoundframestudio%2Fwww%2Fwp-includes%2Fjs%2Fjquery%2Fjquery.table-hotkeys.min.js HTTP/2.0" 200 21844 "-" "Mozilla/5.0 AppleWebKit/537.36 (KHTML, like Gecko; compatible; ClaudeBot/1.0; +claudebot@anthropic.com)"
18.119.102.182 - - [10/May/2025:09:19:11 -0400] "GET /'+elementorCommon.config.urls.assets+'images/'.%20esc_url(%20$preview%5B'image'%5D?a=bj&f=%2Fhome%2Fsoundframestudio%2Fpublic_html%2Fwp-includes%2Fjs%2Fdist%2Fdom-ready.min.js HTTP/2.0" 200 21208 "-" "Mozilla/5.0 AppleWebKit/537.36 (KHTML, like Gecko; compatible; ClaudeBot/1.0; +claudebot@anthropic.com)"
18.119.102.182 - - [10/May/2025:09:19:11 -0400] "GET /'+elementorCommon.config.urls.assets+'images/'.%20esc_url(%20$preview%5B'image'%5D?a=bj&f=%2Fhome%2Fsoundframestudio%2Fpublic_html%2Fwp-admin%2Fjs%2Fwidgets%2Fmedia-audio-widget.min.js HTTP/2.0" 200 21599 "-" "Mozilla/5.0 AppleWebKit/537.36 (KHTML, like Gecko; compatible; ClaudeBot/1.0; +claudebot@anthropic.com)"
66.249.64.129 - - [10/May/2025:09:19:11 -0400] "GET /8492302.html?d=/home/soundframestudio/smith.soundframestudios.net/ HTTP/1.1" 200 27354 "-" "Mozilla/5.0 (Linux; Android 6.0.1; Nexus 5X Build/MMB29P) AppleWebKit/537.36 (KHTML, like Gecko) Chrome/136.0.7103.59 Mobile Safari/537.36 (compatible; Googlebot/2.1; +http://www.google.com/bot.html)"
18.119.102.182 - - [10/May/2025:09:19:11 -0400] "GET /'+elementorCommon.config.urls.assets+'images/'.%20esc_url(%20$preview%5B'image'%5D?a=bj&f=%2Fhome%2Fsoundframestudio%2Fpublic_html%2Fwp-includes%2Fjs%2Fplupload%2Fmoxie.min.js HTTP/2.0" 200 47484 "-" "Mozilla/5.0 AppleWebKit/537.36 (KHTML, like Gecko; compatible; ClaudeBot/1.0; +claudebot@anthropic.com)"
18.119.102.182 - - [10/May/2025:09:19:11 -0400] "GET /'+elementorCommon.config.urls.assets+'images/'.%20esc_url(%20$preview%5B'image'%5D?a=bj&f=%2Fhome%2Fsoundframestudio%2Fwww%2Fwp-includes%2Fjs%2Fdist%2Fcustomize-widgets.js HTTP/2.0" 200 40708 "-" "Mozilla/5.0 AppleWebKit/537.36 (KHTML, like Gecko; compatible; ClaudeBot/1.0; +claudebot@anthropic.com)"
18.119.102.182 - - [10/May/2025:09:19:11 -0400] "GET /'+elementorCommon.config.urls.assets+'images/'.%20esc_url(%20$preview%5B'image'%5D?a=bj&f=%2Fhome%2Fsoundframestudio%2Fwww%2Fwp-includes%2Fjs%2Fcodemirror%2Fcsslint.js HTTP/2.0" 200 83621 "-" "Mozilla/5.0 AppleWebKit/537.36 (KHTML, like Gecko; compatible; ClaudeBot/1.0; +claudebot@anthropic.com)"
18.119.102.182 - - [10/May/2025:09:19:11 -0400] "GET /'+elementorCommon.config.urls.assets+'images/'.%20esc_url(%20$preview%5B'image'%5D?a=bj&f=%2Fhome%2Fsoundframestudio%2Fpublic_html%2Fwp-includes%2Fjs%2Fdist%2Fviewport.js HTTP/2.0" 200 24023 "-" "Mozilla/5.0 AppleWebKit/537.36 (KHTML, like Gecko; compatible; ClaudeBot/1.0; +claudebot@anthropic.com)"
18.119.102.182 - - [10/May/2025:09:19:11 -0400] "GET /'+elementorCommon.config.urls.assets+'images/'.%20esc_url(%20$preview%5B'image'%5D?a=bj&f=%2Fhome%2Fsoundframestudio%2Fpublic_html%2Fwp-includes%2Fjs%2Fdist%2Fblock-directory.min.js HTTP/2.0" 200 27599 "-" "Mozilla/5.0 AppleWebKit/537.36 (KHTML, like Gecko; compatible; ClaudeBot/1.0; +claudebot@anthropic.com)"
18.119.102.182 - - [10/May/2025:09:19:11 -0400] "GET /'+elementorCommon.config.urls.assets+'images/'.%20esc_url(%20$preview%5B'image'%5D?a=bj&f=%2Fhome%2Fsoundframestudio%2Fpublic_html%2Fwp-includes%2Fjs%2Fmediaelement%2Fwp-mediaelement.min.js HTTP/2.0" 200 21409 "-" "Mozilla/5.0 AppleWebKit/537.36 (KHTML, like Gecko; compatible; ClaudeBot/1.0; +claudebot@anthropic.com)"
18.119.102.182 - - [10/May/2025:09:19:11 -0400] "GET /'+elementorCommon.config.urls.assets+'images/'.%20esc_url(%20$preview%5B'image'%5D?a=bj&f=%2Fhome%2Fsoundframestudio%2Fwww%2Fwp-includes%2Fjs%2Fdist%2Fhtml-entities.min.js HTTP/2.0" 200 21318 "-" "Mozilla/5.0 AppleWebKit/537.36 (KHTML, like Gecko; compatible; ClaudeBot/1.0; +claudebot@anthropic.com)"
18.119.102.182 - - [10/May/2025:09:19:12 -0400] "GET /wp-content/maintenance/'+elementorCommon.config.urls.assets+'images/'.%20esc_url(%20$logo_src%20?a=bj&f=%2Fhome%2Fsoundframestudio%2Fwww%2Fwp-includes%2Fjs%2FhoverIntent.js HTTP/2.0" 200 2916 "-" "Mozilla/5.0 AppleWebKit/537.36 (KHTML, like Gecko; compatible; ClaudeBot/1.0; +claudebot@anthropic.com)"
18.119.102.182 - - [10/May/2025:09:19:12 -0400] "GET /'+elementorCommon.config.urls.assets+'images/'.%20esc_url(%20$preview['image']?a=bj&f=%2Fhome%2Fsoundframestudio%2Fsmith.soundframestudios.net%2Fwp-includes%2Fjs%2Fjquery%2Fjquery.form.js HTTP/2.0" 200 33867 "-" "Mozilla/5.0 AppleWebKit/537.36 (KHTML, like Gecko; compatible; ClaudeBot/1.0; +claudebot@anthropic.com)"
18.119.102.182 - - [10/May/2025:09:19:12 -0400] "GET /'+elementorCommon.config.urls.assets+'images/'.%20esc_url(%20$preview%5B'image'%5D?a=bj&f=%2Fhome%2Fsoundframestudio%2Fpublic_html%2Fwp-includes%2Fjs%2Fdist%2Fdata.min.js HTTP/2.0" 200 29492 "-" "Mozilla/5.0 AppleWebKit/537.36 (KHTML, like Gecko; compatible; ClaudeBot/1.0; +claudebot@anthropic.com)"
18.119.102.182 - - [10/May/2025:09:19:12 -0400] "GET /'+elementorCommon.config.urls.assets+'images/'.%20esc_url(%20$preview%5B'image'%5D?a=bj&f=%2Fhome%2Fsoundframestudio%2Fsmith.soundframestudios.net%2Fwp-includes%2Fjs%2Fjquery%2Fui%2Feffect-explode.js HTTP/2.0" 200 22238 "-" "Mozilla/5.0 AppleWebKit/537.36 (KHTML, like Gecko; compatible; ClaudeBot/1.0; +claudebot@anthropic.com)"
18.119.102.182 - - [10/May/2025:09:19:12 -0400] "GET /'+elementorCommon.config.urls.assets+'images/'.%20esc_url(%20$preview%5B'image'%5D?a=bj&f=%2Fhome%2Fsoundframestudio%2Fwww%2Fwp-includes%2Fjs%2Fjquery%2Fjquery.form.min.js HTTP/2.0" 200 26634 "-" "Mozilla/5.0 AppleWebKit/537.36 (KHTML, like Gecko; compatible; ClaudeBot/1.0; +claudebot@anthropic.com)"
18.119.102.182 - - [10/May/2025:09:19:12 -0400] "GET /'+elementorCommon.config.urls.assets+'images/'.%20esc_url(%20$preview%5B'image'%5D?a=bj&f=%2Fhome%2Fsoundframestudio%2Fpublic_html%2Fwp-includes%2Fjs%2Fdist%2Fpreferences.min.js HTTP/2.0" 200 23689 "-" "Mozilla/5.0 AppleWebKit/537.36 (KHTML, like Gecko; compatible; ClaudeBot/1.0; +claudebot@anthropic.com)"
66.249.64.129 - - [10/May/2025:09:19:13 -0400] "GET /380638006.html?d=/home/ HTTP/1.1" 200 21973 "-" "Mozilla/5.0 (Linux; Android 6.0.1; Nexus 5X Build/MMB29P) AppleWebKit/537.36 (KHTML, like Gecko) Chrome/136.0.7103.59 Mobile Safari/537.36 (compatible; Googlebot/2.1; +http://www.google.com/bot.html)"
66.249.64.129 - - [10/May/2025:09:19:19 -0400] "GET /676825966.html?d=/home/soundframestudio/smith.soundframestudios.net/ HTTP/1.1" 200 27358 "-" "Mozilla/5.0 (Linux; Android 6.0.1; Nexus 5X Build/MMB29P) AppleWebKit/537.36 (KHTML, like Gecko) Chrome/136.0.7103.59 Mobile Safari/537.36 (compatible; Googlebot/2.1; +http://www.google.com/bot.html)"
66.249.64.129 - - [10/May/2025:09:19:20 -0400] "GET /614520926.html?d=/home/soundframestudio/smith.soundframestudios.net/ HTTP/1.1" 200 27357 "-" "Mozilla/5.0 (Linux; Android 6.0.1; Nexus 5X Build/MMB29P) AppleWebKit/537.36 (KHTML, like Gecko) Chrome/136.0.7103.59 Mobile Safari/537.36 (compatible; GoogleOther)"
66.249.64.129 - - [10/May/2025:09:19:21 -0400] "GET /696691414.html?f=/home/soundframestudio/smith.soundframestudios.net/readme.html&a=bj HTTP/1.1" 200 23647 "-" "Mozilla/5.0 (Linux; Android 6.0.1; Nexus 5X Build/MMB29P) AppleWebKit/537.36 (KHTML, like Gecko) Chrome/136.0.7103.59 Mobile Safari/537.36 (compatible; Googlebot/2.1; +http://www.google.com/bot.html)"
66.249.64.129 - - [10/May/2025:09:19:22 -0400] "GET /887065886.html HTTP/1.1" 200 27354 "-" "Mozilla/5.0 (Linux; Android 6.0.1; Nexus 5X Build/MMB29P) AppleWebKit/537.36 (KHTML, like Gecko) Chrome/136.0.7103.59 Mobile Safari/537.36 (compatible; GoogleOther)"
66.249.64.129 - - [10/May/2025:09:19:24 -0400] "GET /676825966.html?d=/home/soundframestudio/smith.soundframestudios.net/.well-known HTTP/1.1" 200 21312 "-" "Mozilla/5.0 (Linux; Android 6.0.1; Nexus 5X Build/MMB29P) AppleWebKit/537.36 (KHTML, like Gecko) Chrome/136.0.7103.59 Mobile Safari/537.36 (compatible; Googlebot/2.1; +http://www.google.com/bot.html)"
66.249.64.129 - - [10/May/2025:09:19:25 -0400] "GET /wp-includes/blocks/latest-posts.php HTTP/1.1" 500 1 "-" "Mozilla/5.0 (Linux; Android 6.0.1; Nexus 5X Build/MMB29P) AppleWebKit/537.36 (KHTML, like Gecko) Chrome/136.0.7103.59 Mobile Safari/537.36 (compatible; GoogleOther)"
66.249.64.129 - - [10/May/2025:09:19:27 -0400] "GET /22948350.html?d=/home/soundframestudio/smith.soundframestudios.net/ HTTP/1.1" 200 27356 "-" "Mozilla/5.0 (Linux; Android 6.0.1; Nexus 5X Build/MMB29P) AppleWebKit/537.36 (KHTML, like Gecko) Chrome/136.0.7103.59 Mobile Safari/537.36 (compatible; Googlebot/2.1; +http://www.google.com/bot.html)"
66.249.64.129 - - [10/May/2025:09:19:28 -0400] "GET /home/soundframestudio/smith.soundframestudios.net/wp-includes/blocks/comments-pagination-numbers.php HTTP/1.1" 200 27360 "-" "Mozilla/5.0 (Linux; Android 6.0.1; Nexus 5X Build/MMB29P) AppleWebKit/537.36 (KHTML, like Gecko) Chrome/136.0.7103.59 Mobile Safari/537.36 (compatible; GoogleOther)"
66.249.64.129 - - [10/May/2025:09:19:30 -0400] "GET /33224878.html?d=/home/soundframestudio/smith.soundframestudios.net/ HTTP/1.1" 200 27356 "-" "Mozilla/5.0 (Linux; Android 6.0.1; Nexus 5X Build/MMB29P) AppleWebKit/537.36 (KHTML, like Gecko) Chrome/136.0.7103.59 Mobile Safari/537.36 (compatible; Googlebot/2.1; +http://www.google.com/bot.html)"
66.249.64.130 - - [10/May/2025:09:19:31 -0400] "GET /191318478.html?d=/home/soundframestudio/smith.soundframestudios.net/wp-content HTTP/1.1" 200 21971 "-" "Mozilla/5.0 (Linux; Android 6.0.1; Nexus 5X Build/MMB29P) AppleWebKit/537.36 (KHTML, like Gecko) Chrome/136.0.7103.59 Mobile Safari/537.36 (compatible; GoogleOther)"
