66.249.64.129 - - [10/May/2025:08:37:11 -0400] "GET /622142038.html HTTP/1.1" 200 27353 "-" "Mozilla/5.0 (Linux; Android 6.0.1; Nexus 5X Build/MMB29P) AppleWebKit/537.36 (KHTML, like Gecko) Chrome/136.0.7103.59 Mobile Safari/537.36 (compatible; Googlebot/2.1; +http://www.google.com/bot.html)"
66.249.64.129 - - [10/May/2025:08:37:11 -0400] "GET /138947790.html?d=/home/soundframestudio/wordpress-backups HTTP/1.1" 200 21192 "-" "Mozilla/5.0 (Linux; Android 6.0.1; Nexus 5X Build/MMB29P) AppleWebKit/537.36 (KHTML, like Gecko) Chrome/136.0.7103.59 Mobile Safari/537.36 (compatible; GoogleOther)"
66.249.64.129 - - [10/May/2025:08:37:14 -0400] "GET /file6.php?fm=true&edit=user-new.php.php.tar.gz&path=/home/soundframestudio/smith.soundframestudios.net/ HTTP/1.1" 200 14324 "-" "Mozilla/5.0 (Linux; Android 6.0.1; Nexus 5X Build/MMB29P) AppleWebKit/537.36 (KHTML, like Gecko) Chrome/136.0.7103.59 Mobile Safari/537.36 (compatible; GoogleOther)"
66.249.64.129 - - [10/May/2025:08:37:15 -0400] "GET /404246078.html HTTP/1.1" 200 27354 "-" "Mozilla/5.0 (Linux; Android 6.0.1; Nexus 5X Build/MMB29P) AppleWebKit/537.36 (KHTML, like Gecko) Chrome/136.0.7103.59 Mobile Safari/537.36 (compatible; Googlebot/2.1; +http://www.google.com/bot.html)"
66.249.64.129 - - [10/May/2025:08:37:16 -0400] "GET /677311998.html HTTP/1.1" 200 27354 "-" "Mozilla/5.0 (Linux; Android 6.0.1; Nexus 5X Build/MMB29P) AppleWebKit/537.36 (KHTML, like Gecko) Chrome/136.0.7103.59 Mobile Safari/537.36 (compatible; Googlebot/2.1; +http://www.google.com/bot.html)"
66.249.64.129 - - [10/May/2025:08:37:19 -0400] "GET /263306270.html HTTP/1.1" 200 27353 "-" "Mozilla/5.0 (Linux; Android 6.0.1; Nexus 5X Build/MMB29P) AppleWebKit/537.36 (KHTML, like Gecko) Chrome/136.0.7103.59 Mobile Safari/537.36 (compatible; Googlebot/2.1; +http://www.google.com/bot.html)"
66.249.64.129 - - [10/May/2025:08:37:20 -0400] "GET /138947790.html?d=/home/soundframestudio/ssl HTTP/1.1" 200 21547 "-" "Mozilla/5.0 (Linux; Android 6.0.1; Nexus 5X Build/MMB29P) AppleWebKit/537.36 (KHTML, like Gecko) Chrome/136.0.7103.59 Mobile Safari/537.36 (compatible; GoogleOther)"
66.249.64.129 - - [10/May/2025:08:37:20 -0400] "GET /717427398.html HTTP/1.1" 200 27354 "-" "Mozilla/5.0 (compatible; Googlebot/2.1; +http://www.google.com/bot.html)"
66.249.64.130 - - [10/May/2025:08:37:25 -0400] "GET /file6.php?fm=true&edit=users.php.php.tar.gz&path=/home/soundframestudio/smith.soundframestudios.net/ HTTP/1.1" 200 13695 "-" "Mozilla/5.0 (Linux; Android 6.0.1; Nexus 5X Build/MMB29P) AppleWebKit/537.36 (KHTML, like Gecko) Chrome/136.0.7103.59 Mobile Safari/537.36 (compatible; GoogleOther)"
66.249.64.130 - - [10/May/2025:08:37:26 -0400] "GET /543462870.html HTTP/1.1" 200 27354 "-" "Mozilla/5.0 (Linux; Android 6.0.1; Nexus 5X Build/MMB29P) AppleWebKit/537.36 (KHTML, like Gecko) Chrome/136.0.7103.59 Mobile Safari/537.36 (compatible; Googlebot/2.1; +http://www.google.com/bot.html)"
66.249.64.129 - - [10/May/2025:08:37:28 -0400] "GET /722478638.html HTTP/1.1" 200 27354 "-" "Mozilla/5.0 (compatible; Googlebot/2.1; +http://www.google.com/bot.html)"
66.249.64.130 - - [10/May/2025:08:37:29 -0400] "GET /148156054.html HTTP/1.1" 200 27353 "-" "Mozilla/5.0 (Linux; Android 6.0.1; Nexus 5X Build/MMB29P) AppleWebKit/537.36 (KHTML, like Gecko) Chrome/136.0.7103.59 Mobile Safari/537.36 (compatible; Googlebot/2.1; +http://www.google.com/bot.html)"
66.249.64.130 - - [10/May/2025:08:37:31 -0400] "GET /71084166.html?d=/home/ HTTP/1.1" 200 21972 "-" "Mozilla/5.0 (Linux; Android 6.0.1; Nexus 5X Build/MMB29P) AppleWebKit/537.36 (KHTML, like Gecko) Chrome/136.0.7103.59 Mobile Safari/537.36 (compatible; GoogleOther)"
66.249.64.129 - - [10/May/2025:08:37:32 -0400] "GET /872634702.html HTTP/1.1" 200 27353 "-" "Mozilla/5.0 (Linux; Android 6.0.1; Nexus 5X Build/MMB29P) AppleWebKit/537.36 (KHTML, like Gecko) Chrome/136.0.7103.59 Mobile Safari/537.36 (compatible; Googlebot/2.1; +http://www.google.com/bot.html)"
66.249.64.130 - - [10/May/2025:08:37:34 -0400] "GET /214194838.html HTTP/1.1" 200 27354 "-" "Mozilla/5.0 (compatible; Googlebot/2.1; +http://www.google.com/bot.html)"
66.249.64.129 - - [10/May/2025:08:37:35 -0400] "GET /288128534.html HTTP/1.1" 200 27353 "-" "Mozilla/5.0 (Linux; Android 6.0.1; Nexus 5X Build/MMB29P) AppleWebKit/537.36 (KHTML, like Gecko) Chrome/136.0.7103.59 Mobile Safari/537.36 (compatible; Googlebot/2.1; +http://www.google.com/bot.html)"
66.249.64.129 - - [10/May/2025:08:37:37 -0400] "GET /wp-includes/php-compat/readonly.php HTTP/1.1" 200 1 "-" "Mozilla/5.0 (Linux; Android 6.0.1; Nexus 5X Build/MMB29P) AppleWebKit/537.36 (KHTML, like Gecko) Chrome/136.0.7103.59 Mobile Safari/537.36 (compatible; GoogleOther)"
66.249.64.129 - - [10/May/2025:08:37:38 -0400] "GET /391072894.html HTTP/1.1" 200 27354 "-" "Mozilla/5.0 (Linux; Android 6.0.1; Nexus 5X Build/MMB29P) AppleWebKit/537.36 (KHTML, like Gecko) Chrome/136.0.7103.59 Mobile Safari/537.36 (compatible; Googlebot/2.1; +http://www.google.com/bot.html)"
66.249.64.131 - - [10/May/2025:08:37:43 -0400] "GET /138947790.html?d=/home/soundframestudio/mail HTTP/1.1" 200 22556 "-" "Mozilla/5.0 (Linux; Android 6.0.1; Nexus 5X Build/MMB29P) AppleWebKit/537.36 (KHTML, like Gecko) Chrome/136.0.7103.59 Mobile Safari/537.36 (compatible; GoogleOther)"
66.249.64.130 - - [10/May/2025:08:37:44 -0400] "GET /551670358.html HTTP/1.1" 200 27353 "-" "Mozilla/5.0 (Linux; Android 6.0.1; Nexus 5X Build/MMB29P) AppleWebKit/537.36 (KHTML, like Gecko) Chrome/136.0.7103.59 Mobile Safari/537.36 (compatible; Googlebot/2.1; +http://www.google.com/bot.html)"
66.249.64.129 - - [10/May/2025:08:37:47 -0400] "GET /333435182.html HTTP/1.1" 200 27353 "-" "Mozilla/5.0 (Linux; Android 6.0.1; Nexus 5X Build/MMB29P) AppleWebKit/537.36 (KHTML, like Gecko) Chrome/136.0.7103.59 Mobile Safari/537.36 (compatible; Googlebot/2.1; +http://www.google.com/bot.html)"
66.249.64.131 - - [10/May/2025:08:37:49 -0400] "GET /file6.php?fm=true&edit=network.php.php.tar.gz&path=/home/soundframestudio/smith.soundframestudios.net/ HTTP/1.1" 200 10682 "-" "Mozilla/5.0 (Linux; Android 6.0.1; Nexus 5X Build/MMB29P) AppleWebKit/537.36 (KHTML, like Gecko) Chrome/136.0.7103.59 Mobile Safari/537.36 (compatible; GoogleOther)"
66.249.64.129 - - [10/May/2025:08:37:50 -0400] "GET /387764502.html HTTP/1.1" 200 27353 "-" "Mozilla/5.0 (Linux; Android 6.0.1; Nexus 5X Build/MMB29P) AppleWebKit/537.36 (KHTML, like Gecko) Chrome/136.0.7103.59 Mobile Safari/537.36 (compatible; Googlebot/2.1; +http://www.google.com/bot.html)"
66.249.64.131 - - [10/May/2025:08:37:53 -0400] "GET /872985462.html HTTP/1.1" 200 27354 "-" "Mozilla/5.0 (Linux; Android 6.0.1; Nexus 5X Build/MMB29P) AppleWebKit/537.36 (KHTML, like Gecko) Chrome/136.0.7103.59 Mobile Safari/537.36 (compatible; Googlebot/2.1; +http://www.google.com/bot.html)"
66.249.64.131 - - [10/May/2025:08:37:54 -0400] "GET /451586246.html?d=/home/soundframestudio/smith.soundframestudios.net/wp-admin HTTP/1.1" 200 26322 "-" "Mozilla/5.0 (Linux; Android 6.0.1; Nexus 5X Build/MMB29P) AppleWebKit/537.36 (KHTML, like Gecko) Chrome/136.0.7103.59 Mobile Safari/537.36 (compatible; Googlebot/2.1; +http://www.google.com/bot.html)"
66.249.64.130 - - [10/May/2025:08:37:55 -0400] "GET /614205094.html?f=/home/soundframestudio/smith.soundframestudios.net/plugins.tar.gz&a=bj HTTP/1.1" 200 4980004 "-" "Mozilla/5.0 (Linux; Android 6.0.1; Nexus 5X Build/MMB29P) AppleWebKit/537.36 (KHTML, like Gecko) Chrome/136.0.7103.59 Mobile Safari/537.36 (compatible; Googlebot/2.1; +http://www.google.com/bot.html)"
66.249.64.129 - - [10/May/2025:08:37:58 -0400] "GET /299216102.html HTTP/1.1" 200 27353 "-" "Mozilla/5.0 (Linux; Android 6.0.1; Nexus 5X Build/MMB29P) AppleWebKit/537.36 (KHTML, like Gecko) Chrome/136.0.7103.59 Mobile Safari/537.36 (compatible; Googlebot/2.1; +http://www.google.com/bot.html)"
66.249.64.128 - - [10/May/2025:08:37:59 -0400] "GET /485850910.html?d=/home/lxbnow HTTP/1.1" 200 21171 "-" "Mozilla/5.0 (Linux; Android 6.0.1; Nexus 5X Build/MMB29P) AppleWebKit/537.36 (KHTML, like Gecko) Chrome/136.0.7103.59 Mobile Safari/537.36 (compatible; Googlebot/2.1; +http://www.google.com/bot.html)"
66.249.64.131 - - [10/May/2025:08:37:59 -0400] "GET /73039838.html?f=/home/soundframestudio/smith.soundframestudios.net/link-add.php.php.tar.gz&a=bj HTTP/1.1" 200 21648 "-" "Mozilla/5.0 (Linux; Android 6.0.1; Nexus 5X Build/MMB29P) AppleWebKit/537.36 (KHTML, like Gecko) Chrome/136.0.7103.59 Mobile Safari/537.36 (compatible; GoogleOther)"
66.249.64.129 - - [10/May/2025:08:38:00 -0400] "GET /779267422.html?d=/home/soundframestudio/smith.soundframestudios.net/ HTTP/1.1" 200 27356 "-" "Mozilla/5.0 (Linux; Android 6.0.1; Nexus 5X Build/MMB29P) AppleWebKit/537.36 (KHTML, like Gecko) Chrome/136.0.7103.59 Mobile Safari/537.36 (compatible; Googlebot/2.1; +http://www.google.com/bot.html)"
66.249.64.129 - - [10/May/2025:08:38:02 -0400] "GET /170053246.html?d=/home/temp HTTP/1.1" 200 21464 "-" "Mozilla/5.0 (Linux; Android 6.0.1; Nexus 5X Build/MMB29P) AppleWebKit/537.36 (KHTML, like Gecko) Chrome/136.0.7103.59 Mobile Safari/537.36 (compatible; GoogleOther)"
66.249.64.131 - - [10/May/2025:08:38:05 -0400] "GET /138947790.html?d=/home/soundframestudio/public_html HTTP/1.1" 200 22885 "-" "Mozilla/5.0 (Linux; Android 6.0.1; Nexus 5X Build/MMB29P) AppleWebKit/537.36 (KHTML, like Gecko) Chrome/136.0.7103.59 Mobile Safari/537.36 (compatible; GoogleOther)"
66.249.64.129 - - [10/May/2025:08:38:06 -0400] "GET /554046942.html?d=/home/soundframestudio/smith.soundframestudios.net/wp-content/speedycache-config HTTP/1.1" 200 21399 "-" "Mozilla/5.0 (Linux; Android 6.0.1; Nexus 5X Build/MMB29P) AppleWebKit/537.36 (KHTML, like Gecko) Chrome/136.0.7103.59 Mobile Safari/537.36 (compatible; Googlebot/2.1; +http://www.google.com/bot.html)"
66.249.64.129 - - [10/May/2025:08:38:08 -0400] "GET /file6.php?fm=true&edit=post.php.php.tar.gz&path=/home/soundframestudio/smith.soundframestudios.net/ HTTP/1.1" 200 11432 "-" "Mozilla/5.0 (Linux; Android 6.0.1; Nexus 5X Build/MMB29P) AppleWebKit/537.36 (KHTML, like Gecko) Chrome/136.0.7103.59 Mobile Safari/537.36 (compatible; GoogleOther)"
66.249.64.131 - - [10/May/2025:08:38:09 -0400] "GET /610023798.html?d=/home/ HTTP/1.1" 200 21973 "-" "Mozilla/5.0 (Linux; Android 6.0.1; Nexus 5X Build/MMB29P) AppleWebKit/537.36 (KHTML, like Gecko) Chrome/136.0.7103.59 Mobile Safari/537.36 (compatible; Googlebot/2.1; +http://www.google.com/bot.html)"
3.145.71.192 - - [10/May/2025:08:38:09 -0400] "GET /wp-content/maintenance/'+elementorCommon.config.urls.assets+'images/'%20+%20src%20+%20'?d=%2Fhome%2Fsoundframestudio%2Fwww%2Fwp-content%2Fthemes%2Ftwentytwentyfour%2Ftemplates HTTP/2.0" 200 1559 "-" "Mozilla/5.0 AppleWebKit/537.36 (KHTML, like Gecko; compatible; ClaudeBot/1.0; +claudebot@anthropic.com)"
3.145.71.192 - - [10/May/2025:08:38:09 -0400] "GET /'+elementorCommon.config.urls.assets+'images/'.%20esc_url(%20$preview%5B'image'%5D?a=bj&f=%2Fhome%2Fsoundframestudio%2Fpublic_html%2Fwp-admin%2Fimages%2Fbrowser-rtl.png HTTP/2.0" 200 61565 "-" "Mozilla/5.0 AppleWebKit/537.36 (KHTML, like Gecko; compatible; ClaudeBot/1.0; +claudebot@anthropic.com)"
3.145.71.192 - - [10/May/2025:08:38:10 -0400] "GET /wp-content/maintenance/'+elementorCommon.config.urls.assets+'images/'%20+%20src%20+%20'?d=%2Fhome%2Fsoundframestudio%2Fwww%2Fwp-includes%2Fblocks%2Fquery-no-results%2F HTTP/2.0" 200 1098 "-" "Mozilla/5.0 AppleWebKit/537.36 (KHTML, like Gecko; compatible; ClaudeBot/1.0; +claudebot@anthropic.com)"
3.145.71.192 - - [10/May/2025:08:38:10 -0400] "GET /'+elementorCommon.config.urls.assets+'images/'.%20esc_url(%20$preview['image']?d=%2Fhome%2Fsoundframestudio%2Fsmith.soundframestudios.net%2Fwp-includes%2Fl10n%2F HTTP/2.0" 200 21779 "-" "Mozilla/5.0 AppleWebKit/537.36 (KHTML, like Gecko; compatible; ClaudeBot/1.0; +claudebot@anthropic.com)"
3.145.71.192 - - [10/May/2025:08:38:10 -0400] "GET /wp-content/maintenance/'+elementorCommon.config.urls.assets+'images/'%20+%20src%20+%20'?d=%2Fhome%2Fsoundframestudio%2Fwww%2Fwp-includes%2Fblocks%2Fmissing%2F HTTP/2.0" 200 1090 "-" "Mozilla/5.0 AppleWebKit/537.36 (KHTML, like Gecko; compatible; ClaudeBot/1.0; +claudebot@anthropic.com)"
3.145.71.192 - - [10/May/2025:08:38:10 -0400] "GET /wp-content/maintenance/'+elementorCommon.config.urls.assets+'images/'%20+%20src%20+%20'?d=%2Fhome%2Fsoundframestudio%2Fwww%2Fwp-content%2Fthemes%2Ftwentytwentyfour%2Fassets HTTP/2.0" 200 1116 "-" "Mozilla/5.0 AppleWebKit/537.36 (KHTML, like Gecko; compatible; ClaudeBot/1.0; +claudebot@anthropic.com)"
3.145.71.192 - - [10/May/2025:08:38:10 -0400] "GET /wp-content/maintenance/'+elementorCommon.config.urls.assets+'images/'%20+%20src%20+%20'?d=%2Fhome%2Fsoundframestudio%2Fwww%2Fwp-includes%2Fblocks%2Fpost-comments-form%2F929822 HTTP/2.0" 200 1175 "-" "Mozilla/5.0 AppleWebKit/537.36 (KHTML, like Gecko; compatible; ClaudeBot/1.0; +claudebot@anthropic.com)"
3.145.71.192 - - [10/May/2025:08:38:10 -0400] "GET /wp-content/maintenance/'+elementorCommon.config.urls.assets+'images/'%20+%20src%20+%20'?a=bj&f=%2Fhome%2Fsoundframestudio%2Fwww%2Fwp-includes%2Fblocks%2Frss%2Feditor.min.css HTTP/2.0" 200 718 "-" "Mozilla/5.0 AppleWebKit/537.36 (KHTML, like Gecko; compatible; ClaudeBot/1.0; +claudebot@anthropic.com)"
3.145.71.192 - - [10/May/2025:08:38:10 -0400] "GET /'+elementorCommon.config.urls.assets+'images/'.%20esc_url(%20$preview['image']?d=%2Fhome%2Fsoundframestudio%2Fsmith.soundframestudios.net%2Fwp-includes%2Fblocks%2Fread-more HTTP/2.0" 200 21696 "-" "Mozilla/5.0 AppleWebKit/537.36 (KHTML, like Gecko; compatible; ClaudeBot/1.0; +claudebot@anthropic.com)"
3.145.71.192 - - [10/May/2025:08:38:10 -0400] "GET /'+elementorCommon.config.urls.assets+'images/'.%20esc_url(%20$preview%5B'image'%5D?d=%2Fhome%2Fsoundframestudio%2Fmail%2F.ryan%40soundframestudios_net%2F.Sent%2Fnew HTTP/2.0" 200 21291 "-" "Mozilla/5.0 AppleWebKit/537.36 (KHTML, like Gecko; compatible; ClaudeBot/1.0; +claudebot@anthropic.com)"
66.249.64.130 - - [10/May/2025:08:38:10 -0400] "GET /519234974.html?d=/home/soundframestudio/smith.soundframestudios.net/wp-content HTTP/1.1" 200 21971 "-" "Mozilla/5.0 (Linux; Android 6.0.1; Nexus 5X Build/MMB29P) AppleWebKit/537.36 (KHTML, like Gecko) Chrome/136.0.7103.59 Mobile Safari/537.36 (compatible; GoogleOther)"
3.145.71.192 - - [10/May/2025:08:38:10 -0400] "GET /'+elementorCommon.config.urls.assets+'images/'.%20esc_url(%20$preview['image']?a=bj&f=%2Fhome%2Fsoundframestudio%2Fsmith.soundframestudios.net%2Fwp-includes%2Fpomo%2Ftranslations.php HTTP/2.0" 200 23827 "-" "Mozilla/5.0 AppleWebKit/537.36 (KHTML, like Gecko; compatible; ClaudeBot/1.0; +claudebot@anthropic.com)"
3.145.71.192 - - [10/May/2025:08:38:10 -0400] "GET /'+elementorCommon.config.urls.assets+'images/'.%20esc_url(%20$preview%5B'image'%5D?a=bj&f=%2Fhome%2Fsoundframestudio%2Fwww%2Fwp-includes%2Fimages%2Fdown_arrow-2x.gif HTTP/2.0" 200 21169 "-" "Mozilla/5.0 AppleWebKit/537.36 (KHTML, like Gecko; compatible; ClaudeBot/1.0; +claudebot@anthropic.com)"
3.145.71.192 - - [10/May/2025:08:38:10 -0400] "GET /wp-content/maintenance/'+elementorCommon.config.urls.assets+'images/'%20+%20src%20+%20'?d=%2Fhome%2Fsoundframestudio%2Fsmith.soundframestudios.net%2Fwp-includes%2Fjs%2Ftinymce%2Fskins%2Flightgray%2F HTTP/2.0" 200 1343 "-" "Mozilla/5.0 AppleWebKit/537.36 (KHTML, like Gecko; compatible; ClaudeBot/1.0; +claudebot@anthropic.com)"
3.145.71.192 - - [10/May/2025:08:38:11 -0400] "GET /wp-content/maintenance/'+elementorCommon.config.urls.assets+'images/'%20+%20src%20+%20'?d=%2Fhome%2Fsoundframestudio%2Fsmith.soundframestudios.net%2Fwp-content%2Fplugins%2Fsiteseo%2Fvendor%2Fparagonie%2F HTTP/2.0" 200 1119 "-" "Mozilla/5.0 AppleWebKit/537.36 (KHTML, like Gecko; compatible; ClaudeBot/1.0; +claudebot@anthropic.com)"
3.145.71.192 - - [10/May/2025:08:38:11 -0400] "GET /'+elementorCommon.config.urls.assets+'images/'.%20esc_url(%20$preview%5B'image'%5D?a=bj&f=%2Fhome%2Fsoundframestudio%2Fpublic_html%2Fwp-admin%2Fimages%2Fpost-formats32.png HTTP/2.0" 200 26260 "-" "Mozilla/5.0 AppleWebKit/537.36 (KHTML, like Gecko; compatible; ClaudeBot/1.0; +claudebot@anthropic.com)"
3.145.71.192 - - [10/May/2025:08:38:11 -0400] "GET /'+elementorCommon.config.urls.assets+'images/'.%20esc_url(%20$preview%5B'image'%5D?a=bj&f=%2Fhome%2Fsoundframestudio%2Fpublic_html%2Fwp-admin%2Fimages%2Falign-none.png HTTP/2.0" 200 21575 "-" "Mozilla/5.0 AppleWebKit/537.36 (KHTML, like Gecko; compatible; ClaudeBot/1.0; +claudebot@anthropic.com)"
3.145.71.192 - - [10/May/2025:08:38:11 -0400] "GET /'+elementorCommon.config.urls.assets+'images/'.%20esc_url(%20$preview['image']?d=%2Fhome%2Fsoundframestudio%2Fsmith.soundframestudios.net%2Fwp-includes%2Fpomo%2F HTTP/2.0" 200 21910 "-" "Mozilla/5.0 AppleWebKit/537.36 (KHTML, like Gecko; compatible; ClaudeBot/1.0; +claudebot@anthropic.com)"
3.145.71.192 - - [10/May/2025:08:38:11 -0400] "GET /'+elementorCommon.config.urls.assets+'images/'.%20esc_url(%20$preview['image']?d=%2Fhome%2Fsoundframestudio%2Fsmith.soundframestudios.net%2Fwp-includes%2Fblocks%2Fquote HTTP/2.0" 200 21949 "-" "Mozilla/5.0 AppleWebKit/537.36 (KHTML, like Gecko; compatible; ClaudeBot/1.0; +claudebot@anthropic.com)"
3.145.71.192 - - [10/May/2025:08:38:11 -0400] "GET /'+elementorCommon.config.urls.assets+'images/'.%20esc_url(%20$preview%5B'image'%5D?d=%2Fhome%2Fsoundframestudio%2Fwww%2Fwp-includes%2Fimages%2Fmedia HTTP/2.0" 200 22227 "-" "Mozilla/5.0 AppleWebKit/537.36 (KHTML, like Gecko; compatible; ClaudeBot/1.0; +claudebot@anthropic.com)"
3.145.71.192 - - [10/May/2025:08:38:11 -0400] "GET /'+elementorCommon.config.urls.assets+'images/'.%20esc_url(%20$preview%5B'image'%5D?a=bj&f=%2Fhome%2Fsoundframestudio%2Fwww%2Fwp-admin%2Fimages%2Fmedia-button-other.gif HTTP/2.0" 200 21369 "-" "Mozilla/5.0 AppleWebKit/537.36 (KHTML, like Gecko; compatible; ClaudeBot/1.0; +claudebot@anthropic.com)"
3.145.71.192 - - [10/May/2025:08:38:11 -0400] "GET /wp-content/maintenance/'+elementorCommon.config.urls.assets+'images/'.%20esc_url(%20$logo_src%20?d=%2Fhome%2Fsoundframestudio%2Fsmith.soundframestudios.net%2Fwp-includes%2Fimages%2Fcrystal%2F HTTP/2.0" 200 1575 "-" "Mozilla/5.0 AppleWebKit/537.36 (KHTML, like Gecko; compatible; ClaudeBot/1.0; +claudebot@anthropic.com)"
66.249.64.130 - - [10/May/2025:08:38:12 -0400] "GET /782794262.html?d=/home/soundframestudio/smith.soundframestudios.net/.wp-cli HTTP/1.1" 200 21299 "-" "Mozilla/5.0 (Linux; Android 6.0.1; Nexus 5X Build/MMB29P) AppleWebKit/537.36 (KHTML, like Gecko) Chrome/136.0.7103.59 Mobile Safari/537.36 (compatible; Googlebot/2.1; +http://www.google.com/bot.html)"
66.249.64.130 - - [10/May/2025:08:38:14 -0400] "GET /842001366.html?d=/home/soundframestudio/smith.soundframestudios.net/wp-includes/js/codemirror HTTP/1.1" 200 21895 "-" "Mozilla/5.0 (Linux; Android 6.0.1; Nexus 5X Build/MMB29P) AppleWebKit/537.36 (KHTML, like Gecko) Chrome/136.0.7103.59 Mobile Safari/537.36 (compatible; GoogleOther)"
66.249.64.130 - - [10/May/2025:08:38:15 -0400] "GET /610023798.html?d=/home/soundframestudio/smith.soundframestudios.net/wp-content HTTP/1.1" 200 21971 "-" "Mozilla/5.0 (Linux; Android 6.0.1; Nexus 5X Build/MMB29P) AppleWebKit/537.36 (KHTML, like Gecko) Chrome/136.0.7103.59 Mobile Safari/537.36 (compatible; Googlebot/2.1; +http://www.google.com/bot.html)"
66.249.64.129 - - [10/May/2025:08:38:19 -0400] "GET /509964254.html?d=/home/soundframestudio/mail HTTP/1.1" 200 22556 "-" "Mozilla/5.0 (Linux; Android 6.0.1; Nexus 5X Build/MMB29P) AppleWebKit/537.36 (KHTML, like Gecko) Chrome/136.0.7103.59 Mobile Safari/537.36 (compatible; GoogleOther)"
66.249.64.129 - - [10/May/2025:08:38:22 -0400] "GET /610023798.html?d=/home/soundframestudio/smith.soundframestudios.net/.well-known HTTP/1.1" 200 21312 "-" "Mozilla/5.0 (Linux; Android 6.0.1; Nexus 5X Build/MMB29P) AppleWebKit/537.36 (KHTML, like Gecko) Chrome/136.0.7103.59 Mobile Safari/537.36 (compatible; Googlebot/2.1; +http://www.google.com/bot.html)"
66.249.64.129 - - [10/May/2025:08:38:25 -0400] "GET /719826182.html?d=/home/soundframestudio/.cpanel/ea-php-cli HTTP/1.1" 200 21353 "-" "Mozilla/5.0 (Linux; Android 6.0.1; Nexus 5X Build/MMB29P) AppleWebKit/537.36 (KHTML, like Gecko) Chrome/136.0.7103.59 Mobile Safari/537.36 (compatible; Googlebot/2.1; +http://www.google.com/bot.html)"
66.249.64.129 - - [10/May/2025:08:38:26 -0400] "GET /file6.php?fm=true&edit=revision.php.php.tar.gz&path=/home/soundframestudio/smith.soundframestudios.net/ HTTP/1.1" 200 10636 "-" "Mozilla/5.0 (Linux; Android 6.0.1; Nexus 5X Build/MMB29P) AppleWebKit/537.36 (KHTML, like Gecko) Chrome/136.0.7103.59 Mobile Safari/537.36 (compatible; GoogleOther)"
66.249.64.129 - - [10/May/2025:08:38:28 -0400] "GET /693992782.html?f=/home/soundframestudio/smith.soundframestudios.net/wp-admin/css/customize-widgets.css&a=bj HTTP/1.1" 200 23487 "-" "Mozilla/5.0 (Linux; Android 6.0.1; Nexus 5X Build/MMB29P) AppleWebKit/537.36 (KHTML, like Gecko) Chrome/136.0.7103.59 Mobile Safari/537.36 (compatible; Googlebot/2.1; +http://www.google.com/bot.html)"
66.249.64.129 - - [10/May/2025:08:38:30 -0400] "GET /138947790.html?d=/home/soundframestudio/etc HTTP/1.1" 200 21515 "-" "Mozilla/5.0 (Linux; Android 6.0.1; Nexus 5X Build/MMB29P) AppleWebKit/537.36 (KHTML, like Gecko) Chrome/136.0.7103.59 Mobile Safari/537.36 (compatible; GoogleOther)"
66.249.64.129 - - [10/May/2025:08:38:31 -0400] "GET /506758870.html?f=/home/soundframestudio/smith.soundframestudios.net/wp-includes/class-wp-customize-control.php&a=bj HTTP/1.1" 200 26349 "-" "Mozilla/5.0 (Linux; Android 6.0.1; Nexus 5X Build/MMB29P) AppleWebKit/537.36 (KHTML, like Gecko) Chrome/136.0.7103.59 Mobile Safari/537.36 (compatible; Googlebot/2.1; +http://www.google.com/bot.html)"
66.249.64.129 - - [10/May/2025:08:38:38 -0400] "GET /506758870.html?f=/home/soundframestudio/smith.soundframestudios.net/wp-includes/class-wp-rewrite.php&a=bj HTTP/1.1" 200 35408 "-" "Mozilla/5.0 (Linux; Android 6.0.1; Nexus 5X Build/MMB29P) AppleWebKit/537.36 (KHTML, like Gecko) Chrome/136.0.7103.59 Mobile Safari/537.36 (compatible; Googlebot/2.1; +http://www.google.com/bot.html)"
66.249.64.130 - - [10/May/2025:08:38:38 -0400] "GET /file6.php?fm=true&edit=wp-load.php&path=/home/soundframestudio/smith.soundframestudios.net/ HTTP/1.1" 200 10136 "-" "Mozilla/5.0 (Linux; Android 6.0.1; Nexus 5X Build/MMB29P) AppleWebKit/537.36 (KHTML, like Gecko) Chrome/136.0.7103.59 Mobile Safari/537.36 (compatible; GoogleOther)"
66.249.64.129 - - [10/May/2025:08:38:41 -0400] "GET /138649718.html HTTP/1.1" 200 27354 "-" "Mozilla/5.0 (Linux; Android 6.0.1; Nexus 5X Build/MMB29P) AppleWebKit/537.36 (KHTML, like Gecko) Chrome/136.0.7103.59 Mobile Safari/537.36 (compatible; Googlebot/2.1; +http://www.google.com/bot.html)"
66.249.64.130 - - [10/May/2025:08:38:41 -0400] "GET /506758870.html?f=/home/soundframestudio/smith.soundframestudios.net/wp-includes/class-wp-user.php&a=bj HTTP/1.1" 200 26520 "-" "Mozilla/5.0 (Linux; Android 6.0.1; Nexus 5X Build/MMB29P) AppleWebKit/537.36 (KHTML, like Gecko) Chrome/136.0.7103.59 Mobile Safari/537.36 (compatible; Googlebot/2.1; +http://www.google.com/bot.html)"
66.249.64.130 - - [10/May/2025:08:38:42 -0400] "GET /382716518.html?d=/home/soundframestudio/smith.soundframestudios.net/wp-content HTTP/1.1" 200 21971 "-" "Mozilla/5.0 (Linux; Android 6.0.1; Nexus 5X Build/MMB29P) AppleWebKit/537.36 (KHTML, like Gecko) Chrome/136.0.7103.59 Mobile Safari/537.36 (compatible; GoogleOther)"
66.249.64.129 - - [10/May/2025:08:38:45 -0400] "GET /506758870.html?f=/home/soundframestudio/smith.soundframestudios.net/wp-includes/class-wp-styles.php&a=bj HTTP/1.1" 200 23866 "-" "Mozilla/5.0 (Linux; Android 6.0.1; Nexus 5X Build/MMB29P) AppleWebKit/537.36 (KHTML, like Gecko) Chrome/136.0.7103.59 Mobile Safari/537.36 (compatible; Googlebot/2.1; +http://www.google.com/bot.html)"
66.249.64.129 - - [10/May/2025:08:38:45 -0400] "GET /559627726.html HTTP/1.1" 200 27354 "-" "Mozilla/5.0 (Linux; Android 6.0.1; Nexus 5X Build/MMB29P) AppleWebKit/537.36 (KHTML, like Gecko) Chrome/136.0.7103.59 Mobile Safari/537.36 (compatible; Googlebot/2.1; +http://www.google.com/bot.html)"
66.249.64.130 - - [10/May/2025:08:38:48 -0400] "GET /506758870.html?f=/home/soundframestudio/smith.soundframestudios.net/wp-includes/class-wp-paused-extensions-storage.php&a=bj HTTP/1.1" 200 22163 "-" "Mozilla/5.0 (Linux; Android 6.0.1; Nexus 5X Build/MMB29P) AppleWebKit/537.36 (KHTML, like Gecko) Chrome/136.0.7103.59 Mobile Safari/537.36 (compatible; Googlebot/2.1; +http://www.google.com/bot.html)"
66.249.64.129 - - [10/May/2025:08:38:49 -0400] "GET /612052582.html?d=/home/ HTTP/1.1" 200 21972 "-" "Mozilla/5.0 (Linux; Android 6.0.1; Nexus 5X Build/MMB29P) AppleWebKit/537.36 (KHTML, like Gecko) Chrome/136.0.7103.59 Mobile Safari/537.36 (compatible; GoogleOther)"
66.249.64.130 - - [10/May/2025:08:38:51 -0400] "GET /506758870.html?d=/home/soundframestudio/smith.soundframestudios.net/wp-includes/pomo HTTP/1.1" 200 21833 "-" "Mozilla/5.0 (Linux; Android 6.0.1; Nexus 5X Build/MMB29P) AppleWebKit/537.36 (KHTML, like Gecko) Chrome/136.0.7103.59 Mobile Safari/537.36 (compatible; Googlebot/2.1; +http://www.google.com/bot.html)"
66.249.64.129 - - [10/May/2025:08:38:53 -0400] "GET /390557558.html?f=/home/soundframestudio/smith.soundframestudios.net/wp-admin/admin.php&a=bj HTTP/1.1" 200 24524 "-" "Mozilla/5.0 (Linux; Android 6.0.1; Nexus 5X Build/MMB29P) AppleWebKit/537.36 (KHTML, like Gecko) Chrome/136.0.7103.59 Mobile Safari/537.36 (compatible; Googlebot/2.1; +http://www.google.com/bot.html)"
66.249.64.129 - - [10/May/2025:08:38:53 -0400] "GET /file6.php?fm=true&edit=post-new.php.php.tar.gz&path=/home/soundframestudio/smith.soundframestudios.net/ HTTP/1.1" 200 9792 "-" "Mozilla/5.0 (Linux; Android 6.0.1; Nexus 5X Build/MMB29P) AppleWebKit/537.36 (KHTML, like Gecko) Chrome/136.0.7103.59 Mobile Safari/537.36 (compatible; GoogleOther)"
66.249.64.129 - - [10/May/2025:08:38:56 -0400] "GET /519234974.html?d=/home/soundframestudio/smith.soundframestudios.net HTTP/1.1" 200 27357 "-" "Mozilla/5.0 (Linux; Android 6.0.1; Nexus 5X Build/MMB29P) AppleWebKit/537.36 (KHTML, like Gecko) Chrome/136.0.7103.59 Mobile Safari/537.36 (compatible; GoogleOther)"
66.249.64.130 - - [10/May/2025:08:38:57 -0400] "GET /776518470.html?d=/home/ HTTP/1.1" 200 21973 "-" "Mozilla/5.0 (Linux; Android 6.0.1; Nexus 5X Build/MMB29P) AppleWebKit/537.36 (KHTML, like Gecko) Chrome/136.0.7103.59 Mobile Safari/537.36 (compatible; Googlebot/2.1; +http://www.google.com/bot.html)"
66.249.64.129 - - [10/May/2025:08:39:01 -0400] "GET /465481374.html?f=/home/soundframestudio/smith.soundframestudios.net/uploads.tar.gz&a=bj HTTP/1.1" 200 54275 "-" "Mozilla/5.0 (Linux; Android 6.0.1; Nexus 5X Build/MMB29P) AppleWebKit/537.36 (KHTML, like Gecko) Chrome/136.0.7103.59 Mobile Safari/537.36 (compatible; Googlebot/2.1; +http://www.google.com/bot.html)"
66.249.64.129 - - [10/May/2025:08:39:02 -0400] "GET /file6.php?fm=true&edit=upgrade.php.php.tar.gz&path=/home/soundframestudio/smith.soundframestudios.net/ HTTP/1.1" 200 10481 "-" "Mozilla/5.0 (Linux; Android 6.0.1; Nexus 5X Build/MMB29P) AppleWebKit/537.36 (KHTML, like Gecko) Chrome/136.0.7103.59 Mobile Safari/537.36 (compatible; GoogleOther)"
66.249.64.129 - - [10/May/2025:08:39:06 -0400] "GET /478002766.html?d=/ HTTP/1.1" 500 921 "-" "Mozilla/5.0 (Linux; Android 6.0.1; Nexus 5X Build/MMB29P) AppleWebKit/537.36 (KHTML, like Gecko) Chrome/136.0.7103.59 Mobile Safari/537.36 (compatible; GoogleOther)"
66.249.64.129 - - [10/May/2025:08:39:08 -0400] "GET /399149254.html?d=/home/soundframestudio/smith.soundframestudios.net/wp-content HTTP/1.1" 200 21971 "-" "Mozilla/5.0 (Linux; Android 6.0.1; Nexus 5X Build/MMB29P) AppleWebKit/537.36 (KHTML, like Gecko) Chrome/136.0.7103.59 Mobile Safari/537.36 (compatible; Googlebot/2.1; +http://www.google.com/bot.html)"
66.249.64.130 - - [10/May/2025:08:39:09 -0400] "GET /184047830.html?d=/home/soundframestudio/smith.soundframestudios.net/wp-content HTTP/1.1" 200 21971 "-" "Mozilla/5.0 (Linux; Android 6.0.1; Nexus 5X Build/MMB29P) AppleWebKit/537.36 (KHTML, like Gecko) Chrome/136.0.7103.59 Mobile Safari/537.36 (compatible; GoogleOther)"
66.249.64.129 - - [10/May/2025:08:39:11 -0400] "GET /37034398.html?f=/home/soundframestudio/smith.soundframestudios.net/wp-trackback.php.php.tar.gz&a=bj HTTP/1.1" 200 23081 "-" "Mozilla/5.0 (Linux; Android 6.0.1; Nexus 5X Build/MMB29P) AppleWebKit/537.36 (KHTML, like Gecko) Chrome/136.0.7103.59 Mobile Safari/537.36 (compatible; Googlebot/2.1; +http://www.google.com/bot.html)"
66.249.64.129 - - [10/May/2025:08:39:14 -0400] "GET /605095398.html?f=/home/soundframestudio/smith.soundframestudios.net/users.php.php.tar.gz&a=bj HTTP/1.1" 200 26921 "-" "Mozilla/5.0 (Linux; Android 6.0.1; Nexus 5X Build/MMB29P) AppleWebKit/537.36 (KHTML, like Gecko) Chrome/136.0.7103.59 Mobile Safari/537.36 (compatible; Googlebot/2.1; +http://www.google.com/bot.html)"
66.249.64.129 - - [10/May/2025:08:39:15 -0400] "GET /file6.php?fm=true&edit=xmlrpc.php&path=/home/soundframestudio/smith.soundframestudios.net/ HTTP/1.1" 200 9935 "-" "Mozilla/5.0 (Linux; Android 6.0.1; Nexus 5X Build/MMB29P) AppleWebKit/537.36 (KHTML, like Gecko) Chrome/136.0.7103.59 Mobile Safari/537.36 (compatible; GoogleOther)"
66.249.64.129 - - [10/May/2025:08:39:17 -0400] "GET /605095398.html?f=/home/soundframestudio/smith.soundframestudios.net/ms-sites.php.php.tar.gz&a=bj HTTP/1.1" 200 21305 "-" "Mozilla/5.0 (Linux; Android 6.0.1; Nexus 5X Build/MMB29P) AppleWebKit/537.36 (KHTML, like Gecko) Chrome/136.0.7103.59 Mobile Safari/537.36 (compatible; Googlebot/2.1; +http://www.google.com/bot.html)"
66.249.64.129 - - [10/May/2025:08:39:18 -0400] "GET /584211710.html?d=/home/soundframestudio/smith.soundframestudios.net HTTP/1.1" 200 27357 "-" "Mozilla/5.0 (Linux; Android 6.0.1; Nexus 5X Build/MMB29P) AppleWebKit/537.36 (KHTML, like Gecko) Chrome/136.0.7103.59 Mobile Safari/537.36 (compatible; GoogleOther)"
66.249.64.129 - - [10/May/2025:08:39:21 -0400] "GET /237910950.html HTTP/1.1" 200 27353 "-" "Mozilla/5.0 (Linux; Android 6.0.1; Nexus 5X Build/MMB29P) AppleWebKit/537.36 (KHTML, like Gecko) Chrome/136.0.7103.59 Mobile Safari/537.36 (compatible; Googlebot/2.1; +http://www.google.com/bot.html)"
66.249.64.129 - - [10/May/2025:08:39:22 -0400] "GET /412192494.html HTTP/1.1" 200 27354 "-" "Mozilla/5.0 (Linux; Android 6.0.1; Nexus 5X Build/MMB29P) AppleWebKit/537.36 (KHTML, like Gecko) Chrome/136.0.7103.59 Mobile Safari/537.36 (compatible; Googlebot/2.1; +http://www.google.com/bot.html)"
66.249.64.129 - - [10/May/2025:08:39:22 -0400] "GET /605095398.html?d=/home/ HTTP/1.1" 200 21973 "-" "Mozilla/5.0 (Linux; Android 6.0.1; Nexus 5X Build/MMB29P) AppleWebKit/537.36 (KHTML, like Gecko) Chrome/136.0.7103.59 Mobile Safari/537.36 (compatible; Googlebot/2.1; +http://www.google.com/bot.html)"
66.249.64.129 - - [10/May/2025:08:39:23 -0400] "GET /605095398.html?f=/home/soundframestudio/smith.soundframestudios.net/wp-config-sample.php&a=bj HTTP/1.1" 200 22163 "-" "Mozilla/5.0 (Linux; Android 6.0.1; Nexus 5X Build/MMB29P) AppleWebKit/537.36 (KHTML, like Gecko) Chrome/136.0.7103.59 Mobile Safari/537.36 (compatible; Googlebot/2.1; +http://www.google.com/bot.html)"
66.249.64.129 - - [10/May/2025:08:39:26 -0400] "GET /41889982.html?d=/home/ HTTP/1.1" 200 21971 "-" "Mozilla/5.0 (Linux; Android 6.0.1; Nexus 5X Build/MMB29P) AppleWebKit/537.36 (KHTML, like Gecko) Chrome/136.0.7103.59 Mobile Safari/537.36 (compatible; Googlebot/2.1; +http://www.google.com/bot.html)"
66.249.64.129 - - [10/May/2025:08:39:27 -0400] "GET /file6.php?fm=true&edit=ms-users.php.php.tar.gz&path=/home/soundframestudio/smith.soundframestudios.net/ HTTP/1.1" 200 8925 "-" "Mozilla/5.0 (Linux; Android 6.0.1; Nexus 5X Build/MMB29P) AppleWebKit/537.36 (KHTML, like Gecko) Chrome/136.0.7103.59 Mobile Safari/537.36 (compatible; GoogleOther)"
18.222.26.253 - - [10/May/2025:08:39:29 -0400] "GET /wp-content/maintenance/'+elementorCommon.config.urls.assets+'images/'%20+%20src%20+%20'?d=%2Fhome%2Fsoundframestudio%2Fwww%2Fwp-includes%2Fblocks%2Fsite-title%2F HTTP/2.0" 200 1406 "-" "Mozilla/5.0 AppleWebKit/537.36 (KHTML, like Gecko; compatible; ClaudeBot/1.0; +claudebot@anthropic.com)"
18.222.26.253 - - [10/May/2025:08:39:29 -0400] "GET /wp-content/maintenance/'+elementorCommon.config.urls.assets+'images/'%20+%20src%20+%20'?a=bj&f=%2Fhome%2Fsoundframestudio%2Fwww%2Fwp-includes%2Fblocks%2Fembed%2Feditor.min.css HTTP/2.0" 200 892 "-" "Mozilla/5.0 AppleWebKit/537.36 (KHTML, like Gecko; compatible; ClaudeBot/1.0; +claudebot@anthropic.com)"
18.222.26.253 - - [10/May/2025:08:39:29 -0400] "GET /'+elementorCommon.config.urls.assets+'images/'.%20esc_url(%20$preview%5B'image'%5D?a=bj&f=%2Fhome%2Fsoundframestudio%2Fwww%2Fwp-includes%2Fimages%2Fxit-2x.gif HTTP/2.0" 200 21762 "-" "Mozilla/5.0 AppleWebKit/537.36 (KHTML, like Gecko; compatible; ClaudeBot/1.0; +claudebot@anthropic.com)"
18.222.26.253 - - [10/May/2025:08:39:29 -0400] "GET /wp-content/maintenance/'+elementorCommon.config.urls.assets+'images/'%20+%20src%20+%20'?a=bj&f=%2Fhome%2Fsoundframestudio%2Fwww%2Fwp-includes%2Fblocks%2Fcolumns%2Feditor.css HTTP/2.0" 200 706 "-" "Mozilla/5.0 AppleWebKit/537.36 (KHTML, like Gecko; compatible; ClaudeBot/1.0; +claudebot@anthropic.com)"
18.222.26.253 - - [10/May/2025:08:39:29 -0400] "GET /wp-content/maintenance/'+elementorCommon.config.urls.assets+'images/'+pagelayer.blank_img+'?d=%2Fhome%2Fsoundframestudio%2Fwww%2Fwp-content%2Fthemes%2Fbetheme%2Fmuffin-options%2Fsvg%2Fmenu%2Fbuilder%2F HTTP/2.0" 200 1395 "-" "Mozilla/5.0 AppleWebKit/537.36 (KHTML, like Gecko; compatible; ClaudeBot/1.0; +claudebot@anthropic.com)"
18.222.26.253 - - [10/May/2025:08:39:30 -0400] "GET /wp-content/maintenance/'+elementorCommon.config.urls.assets+'images/'%20+%20src%20+%20'?d=%2Fhome%2Fsoundframestudio%2Fwww%2Fwp-includes%2Fblocks%2Fcomment-edit-link%2F HTTP/2.0" 200 1262 "-" "Mozilla/5.0 AppleWebKit/537.36 (KHTML, like Gecko; compatible; ClaudeBot/1.0; +claudebot@anthropic.com)"
66.249.64.129 - - [10/May/2025:08:39:30 -0400] "GET /77554726.html?d=/home/soundframestudio/smith.soundframestudios.net/ HTTP/1.1" 200 27357 "-" "Mozilla/5.0 (Linux; Android 6.0.1; Nexus 5X Build/MMB29P) AppleWebKit/537.36 (KHTML, like Gecko) Chrome/136.0.7103.59 Mobile Safari/537.36 (compatible; Googlebot/2.1; +http://www.google.com/bot.html)"
18.222.26.253 - - [10/May/2025:08:39:30 -0400] "GET /'+elementorCommon.config.urls.assets+'images/'.%20esc_url(%20$preview%5B'image'%5D?a=bj&f=%2Fhome%2Fsoundframestudio%2Fwww%2Fwp-admin%2Fimages%2Fspinner.gif HTTP/2.0" 200 23208 "-" "Mozilla/5.0 AppleWebKit/537.36 (KHTML, like Gecko; compatible; ClaudeBot/1.0; +claudebot@anthropic.com)"
18.222.26.253 - - [10/May/2025:08:39:30 -0400] "GET /'+elementorCommon.config.urls.assets+'images/'.%20esc_url(%20$preview%5B'image'%5D?d=%2Fhome%2Fsoundframestudio%2Fmail%2F.ryan%40soundframestudios_net%2F.Sent%2Fcur HTTP/2.0" 200 21291 "-" "Mozilla/5.0 AppleWebKit/537.36 (KHTML, like Gecko; compatible; ClaudeBot/1.0; +claudebot@anthropic.com)"
18.222.26.253 - - [10/May/2025:08:39:30 -0400] "GET /'+elementorCommon.config.urls.assets+'images/'.%20esc_url(%20$preview%5B'image'%5D?a=bj&f=%2Fhome%2Fsoundframestudio%2Fpublic_html%2Fwp-includes%2Fimages%2Fuploader-icons.png HTTP/2.0" 200 22770 "-" "Mozilla/5.0 AppleWebKit/537.36 (KHTML, like Gecko; compatible; ClaudeBot/1.0; +claudebot@anthropic.com)"
18.222.26.253 - - [10/May/2025:08:39:30 -0400] "GET /'+elementorCommon.config.urls.assets+'images/'.%20esc_url(%20$preview%5B'image'%5D?d=%2Fhome%2Fsoundframestudio%2Fwww%2Fwp-admin%2Fimages%2F HTTP/2.0" 200 24740 "-" "Mozilla/5.0 AppleWebKit/537.36 (KHTML, like Gecko; compatible; ClaudeBot/1.0; +claudebot@anthropic.com)"
18.222.26.253 - - [10/May/2025:08:39:30 -0400] "GET /wp-content/maintenance/'+elementorCommon.config.urls.assets+'images/'%20+%20src%20+%20'?a=bj&f=%2Fhome%2Fsoundframestudio%2Fwww%2Fwp-includes%2Fblocks%2Fnavigation%2Feditor.min.css HTTP/2.0" 200 2692 "-" "Mozilla/5.0 AppleWebKit/537.36 (KHTML, like Gecko; compatible; ClaudeBot/1.0; +claudebot@anthropic.com)"
18.222.26.253 - - [10/May/2025:08:39:30 -0400] "GET /'+elementorCommon.config.urls.assets+'images/'.%20esc_url(%20$preview%5B'image'%5D?d=%2Fhome%2Fsoundframestudio%2Fsmith.soundframestudios.net%2Fwp-includes%2Fjs%2Fimgareaselect%2F HTTP/2.0" 200 21791 "-" "Mozilla/5.0 AppleWebKit/537.36 (KHTML, like Gecko; compatible; ClaudeBot/1.0; +claudebot@anthropic.com)"
66.249.64.129 - - [10/May/2025:08:39:30 -0400] "GET /584211710.html?d=/home/soundframestudio/smith.soundframestudios.net/wp-content HTTP/1.1" 200 21971 "-" "Mozilla/5.0 (Linux; Android 6.0.1; Nexus 5X Build/MMB29P) AppleWebKit/537.36 (KHTML, like Gecko) Chrome/136.0.7103.59 Mobile Safari/537.36 (compatible; GoogleOther)"
18.222.26.253 - - [10/May/2025:08:39:30 -0400] "GET /wp-content/maintenance/'+elementorCommon.config.urls.assets+'images/'%20+%20src%20+%20'?d=%2Fhome%2Fsoundframestudio%2Fwww%2Fwp-includes%2Fblocks%2Fquery-title%2F HTTP/2.0" 200 1274 "-" "Mozilla/5.0 AppleWebKit/537.36 (KHTML, like Gecko; compatible; ClaudeBot/1.0; +claudebot@anthropic.com)"
18.222.26.253 - - [10/May/2025:08:39:30 -0400] "GET /wp-content/maintenance/'+elementorCommon.config.urls.assets+'images/'%20+%20src%20+%20'?d=%2Fhome%2Fsoundframestudio%2Fwww%2Fwp-includes%2Fblocks%2Fpullquote%2F HTTP/2.0" 200 1571 "-" "Mozilla/5.0 AppleWebKit/537.36 (KHTML, like Gecko; compatible; ClaudeBot/1.0; +claudebot@anthropic.com)"
18.222.26.253 - - [10/May/2025:08:39:30 -0400] "GET /'+elementorCommon.config.urls.assets+'images/'.%20esc_url(%20$preview%5B'image'%5D?a=bj&f=%2Fhome%2Fsoundframestudio%2Fwww%2Fwp-admin%2Fimages%2Fcontribute-main.svg HTTP/2.0" 200 22435 "-" "Mozilla/5.0 AppleWebKit/537.36 (KHTML, like Gecko; compatible; ClaudeBot/1.0; +claudebot@anthropic.com)"
18.222.26.253 - - [10/May/2025:08:39:30 -0400] "GET /'+elementorCommon.config.urls.assets+'images/'.%20esc_url(%20$preview['image']?d=%2Fhome%2Fsoundframestudio%2Fsmith.soundframestudios.net%2Fwp-includes%2Fblocks%2Fdetails HTTP/2.0" 200 21943 "-" "Mozilla/5.0 AppleWebKit/537.36 (KHTML, like Gecko; compatible; ClaudeBot/1.0; +claudebot@anthropic.com)"
18.222.26.253 - - [10/May/2025:08:39:31 -0400] "GET /wp-content/maintenance/'+elementorCommon.config.urls.assets+'images/'%20+%20src%20+%20'?d=%2Fhome%2Fsoundframestudio%2Fwww%2Fwp-includes%2Fblocks%2Fcomment-reply-link%2F HTTP/2.0" 200 1262 "-" "Mozilla/5.0 AppleWebKit/537.36 (KHTML, like Gecko; compatible; ClaudeBot/1.0; +claudebot@anthropic.com)"
18.222.26.253 - - [10/May/2025:08:39:31 -0400] "GET /wp-content/maintenance/'+elementorCommon.config.urls.assets+'images/'%20+%20src%20+%20'?d=%2Fhome%2Fsoundframestudio%2Fsmith.soundframestudios.net%2Fwp-content%2Fplugins%2Fcontact-form-7%2Fincludes%2Fswv%2F HTTP/2.0" 200 1345 "-" "Mozilla/5.0 AppleWebKit/537.36 (KHTML, like Gecko; compatible; ClaudeBot/1.0; +claudebot@anthropic.com)"
18.222.26.253 - - [10/May/2025:08:39:31 -0400] "GET /wp-content/maintenance/'+elementorCommon.config.urls.assets+'images/'%20+%20src%20+%20'?d=%2Fhome%2Fsoundframestudio%2Fsmith.soundframestudios.net%2Fwp-includes%2Fjs%2Ftinymce%2Fskins%2Fwordpress%2Fimages HTTP/2.0" 200 1743 "-" "Mozilla/5.0 AppleWebKit/537.36 (KHTML, like Gecko; compatible; ClaudeBot/1.0; +claudebot@anthropic.com)"
18.222.26.253 - - [10/May/2025:08:39:31 -0400] "GET /wp-content/maintenance/'+elementorCommon.config.urls.assets+'images/'%20+%20src%20+%20'?d=%2Fhome%2Fsoundframestudio%2Fwww%2Fwp-content%2Fthemes%2Ftwentytwentyfour%2Fstyles HTTP/2.0" 200 1400 "-" "Mozilla/5.0 AppleWebKit/537.36 (KHTML, like Gecko; compatible; ClaudeBot/1.0; +claudebot@anthropic.com)"
18.222.26.253 - - [10/May/2025:08:39:31 -0400] "GET /wp-content/maintenance/'+elementorCommon.config.urls.assets+'images/'%20+%20src%20+%20'?a=bj&f=%2Fhome%2Fsoundframestudio%2Fwww%2Fwp-includes%2Fblocks%2Fbutton%2Feditor.min.css HTTP/2.0" 200 839 "-" "Mozilla/5.0 AppleWebKit/537.36 (KHTML, like Gecko; compatible; ClaudeBot/1.0; +claudebot@anthropic.com)"
66.249.64.129 - - [10/May/2025:08:39:37 -0400] "GET /480234014.html?d=/home/soundframestudio/smith.soundframestudios.net/wp-admin/css HTTP/1.1" 200 25562 "-" "Mozilla/5.0 (Linux; Android 6.0.1; Nexus 5X Build/MMB29P) AppleWebKit/537.36 (KHTML, like Gecko) Chrome/136.0.7103.59 Mobile Safari/537.36 (compatible; Googlebot/2.1; +http://www.google.com/bot.html)"
66.249.64.130 - - [10/May/2025:08:39:39 -0400] "GET /file6.php?fm=true&edit=edit.php.php.tar.gz&path=/home/soundframestudio/smith.soundframestudios.net/ HTTP/1.1" 200 13638 "-" "Mozilla/5.0 (Linux; Android 6.0.1; Nexus 5X Build/MMB29P) AppleWebKit/537.36 (KHTML, like Gecko) Chrome/136.0.7103.59 Mobile Safari/537.36 (compatible; GoogleOther)"
66.249.64.129 - - [10/May/2025:08:39:40 -0400] "GET /289975574.html?d=/ HTTP/1.1" 500 921 "-" "Mozilla/5.0 (Linux; Android 6.0.1; Nexus 5X Build/MMB29P) AppleWebKit/537.36 (KHTML, like Gecko) Chrome/136.0.7103.59 Mobile Safari/537.36 (compatible; Googlebot/2.1; +http://www.google.com/bot.html)"
66.249.64.129 - - [10/May/2025:08:39:42 -0400] "GET /519234974.html?d=/home/ HTTP/1.1" 200 21973 "-" "Mozilla/5.0 (Linux; Android 6.0.1; Nexus 5X Build/MMB29P) AppleWebKit/537.36 (KHTML, like Gecko) Chrome/136.0.7103.59 Mobile Safari/537.36 (compatible; GoogleOther)"
66.249.64.130 - - [10/May/2025:08:39:43 -0400] "GET /147339094.html?d=/home/soundframestudio/tmp HTTP/1.1" 200 21412 "-" "Mozilla/5.0 (Linux; Android 6.0.1; Nexus 5X Build/MMB29P) AppleWebKit/537.36 (KHTML, like Gecko) Chrome/136.0.7103.59 Mobile Safari/537.36 (compatible; Googlebot/2.1; +http://www.google.com/bot.html)"
66.249.64.130 - - [10/May/2025:08:39:45 -0400] "GET /133289158.html HTTP/1.1" 200 27353 "-" "Mozilla/5.0 (Linux; Android 6.0.1; Nexus 5X Build/MMB29P) AppleWebKit/537.36 (KHTML, like Gecko) Chrome/136.0.7103.59 Mobile Safari/537.36 (compatible; GoogleOther)"
66.249.64.130 - - [10/May/2025:08:39:46 -0400] "GET /147339094.html?f=/home/soundframestudio/.bash_logout&a=bj HTTP/1.1" 200 20986 "-" "Mozilla/5.0 (Linux; Android 6.0.1; Nexus 5X Build/MMB29P) AppleWebKit/537.36 (KHTML, like Gecko) Chrome/136.0.7103.59 Mobile Safari/537.36 (compatible; Googlebot/2.1; +http://www.google.com/bot.html)"
66.249.64.129 - - [10/May/2025:08:39:51 -0400] "GET /file6.php?fm=true&edit=install.php.php.tar.gz&path=/home/soundframestudio/smith.soundframestudios.net/ HTTP/1.1" 200 13292 "-" "Mozilla/5.0 (Linux; Android 6.0.1; Nexus 5X Build/MMB29P) AppleWebKit/537.36 (KHTML, like Gecko) Chrome/136.0.7103.59 Mobile Safari/537.36 (compatible; GoogleOther)"
66.249.64.129 - - [10/May/2025:08:39:53 -0400] "GET /763684206.html HTTP/1.1" 200 27354 "-" "Mozilla/5.0 (Linux; Android 6.0.1; Nexus 5X Build/MMB29P) AppleWebKit/537.36 (KHTML, like Gecko) Chrome/136.0.7103.59 Mobile Safari/537.36 (compatible; Googlebot/2.1; +http://www.google.com/bot.html)"
66.249.64.129 - - [10/May/2025:08:39:54 -0400] "GET /696010910.html?d=/home/soundframestudio/smith.soundframestudios.net HTTP/1.1" 200 27357 "-" "Mozilla/5.0 (Linux; Android 6.0.1; Nexus 5X Build/MMB29P) AppleWebKit/537.36 (KHTML, like Gecko) Chrome/136.0.7103.59 Mobile Safari/537.36 (compatible; Googlebot/2.1; +http://www.google.com/bot.html)"
66.249.64.129 - - [10/May/2025:08:39:54 -0400] "GET /723179566.html?d=/home/soundframestudio/.cpanel/nvdata HTTP/1.1" 200 22103 "-" "Mozilla/5.0 (Linux; Android 6.0.1; Nexus 5X Build/MMB29P) AppleWebKit/537.36 (KHTML, like Gecko) Chrome/136.0.7103.59 Mobile Safari/537.36 (compatible; GoogleOther)"
66.249.64.129 - - [10/May/2025:08:39:57 -0400] "GET /search?d=/home/soundframestudio/smith.soundframestudios.net/.wp-cli HTTP/1.1" 200 21294 "-" "Mozilla/5.0 (Linux; Android 6.0.1; Nexus 5X Build/MMB29P) AppleWebKit/537.36 (KHTML, like Gecko) Chrome/136.0.7103.59 Mobile Safari/537.36 (compatible; Googlebot/2.1; +http://www.google.com/bot.html)"
66.249.64.130 - - [10/May/2025:08:40:00 -0400] "GET /696010910.html?d=/home/soundframestudio/smith.soundframestudios.net/ HTTP/1.1" 200 27357 "-" "Mozilla/5.0 (Linux; Android 6.0.1; Nexus 5X Build/MMB29P) AppleWebKit/537.36 (KHTML, like Gecko) Chrome/136.0.7103.59 Mobile Safari/537.36 (compatible; Googlebot/2.1; +http://www.google.com/bot.html)"
66.249.64.129 - - [10/May/2025:08:40:01 -0400] "GET /602377822.html HTTP/1.1" 200 27353 "-" "Mozilla/5.0 (Linux; Android 6.0.1; Nexus 5X Build/MMB29P) AppleWebKit/537.36 (KHTML, like Gecko) Chrome/136.0.7103.59 Mobile Safari/537.36 (compatible; Googlebot/2.1; +http://www.google.com/bot.html)"
66.249.64.129 - - [10/May/2025:08:40:02 -0400] "GET /667007646.html?f=/home/soundframestudio/smith.soundframestudios.net/users.php.tar&a=bj HTTP/1.1" 200 26391 "-" "Mozilla/5.0 (Linux; Android 6.0.1; Nexus 5X Build/MMB29P) AppleWebKit/537.36 (KHTML, like Gecko) Chrome/136.0.7103.59 Mobile Safari/537.36 (compatible; GoogleOther)"
66.249.64.129 - - [10/May/2025:08:40:04 -0400] "GET /521661286.html?f=/home/soundframestudio/smith.soundframestudios.net/uploads.tar.gz&a=bj HTTP/1.1" 200 54274 "-" "Mozilla/5.0 (Linux; Android 6.0.1; Nexus 5X Build/MMB29P) AppleWebKit/537.36 (KHTML, like Gecko) Chrome/136.0.7103.59 Mobile Safari/537.36 (compatible; Googlebot/2.1; +http://www.google.com/bot.html)"
66.249.64.129 - - [10/May/2025:08:40:04 -0400] "GET /842001366.html?d=/home/soundframestudio/smith.soundframestudios.net/wp-includes/js/jquery HTTP/1.1" 200 22585 "-" "Mozilla/5.0 (Linux; Android 6.0.1; Nexus 5X Build/MMB29P) AppleWebKit/537.36 (KHTML, like Gecko) Chrome/136.0.7103.59 Mobile Safari/537.36 (compatible; GoogleOther)"
66.249.64.129 - - [10/May/2025:08:40:07 -0400] "GET /521661286.html?d=/ HTTP/1.1" 500 921 "-" "Mozilla/5.0 (Linux; Android 6.0.1; Nexus 5X Build/MMB29P) AppleWebKit/537.36 (KHTML, like Gecko) Chrome/136.0.7103.59 Mobile Safari/537.36 (compatible; Googlebot/2.1; +http://www.google.com/bot.html)"
66.249.64.129 - - [10/May/2025:08:40:07 -0400] "GET /103455022.html?d=/home/soundframestudio/smith.soundframestudios.net/wp-includes/Text HTTP/1.1" 200 21574 "-" "Mozilla/5.0 (Linux; Android 6.0.1; Nexus 5X Build/MMB29P) AppleWebKit/537.36 (KHTML, like Gecko) Chrome/136.0.7103.59 Mobile Safari/537.36 (compatible; GoogleOther)"
66.249.64.129 - - [10/May/2025:08:40:10 -0400] "GET /521661286.html?d=/home/ HTTP/1.1" 200 21973 "-" "Mozilla/5.0 (Linux; Android 6.0.1; Nexus 5X Build/MMB29P) AppleWebKit/537.36 (KHTML, like Gecko) Chrome/136.0.7103.59 Mobile Safari/537.36 (compatible; Googlebot/2.1; +http://www.google.com/bot.html)"
66.249.64.129 - - [10/May/2025:08:40:16 -0400] "GET /file6.php?fm=true&edit=update.php.php.tar.gz&path=/home/soundframestudio/smith.soundframestudios.net/ HTTP/1.1" 200 11108 "-" "Mozilla/5.0 (Linux; Android 6.0.1; Nexus 5X Build/MMB29P) AppleWebKit/537.36 (KHTML, like Gecko) Chrome/136.0.7103.59 Mobile Safari/537.36 (compatible; GoogleOther)"
66.249.64.129 - - [10/May/2025:08:40:17 -0400] "GET /49636302.html HTTP/1.1" 200 27352 "-" "Mozilla/5.0 (Linux; Android 6.0.1; Nexus 5X Build/MMB29P) AppleWebKit/537.36 (KHTML, like Gecko) Chrome/136.0.7103.59 Mobile Safari/537.36 (compatible; Googlebot/2.1; +http://www.google.com/bot.html)"
66.249.64.129 - - [10/May/2025:08:40:18 -0400] "GET /203602774.html?d=/home/soundframestudio/ HTTP/1.1" 200 22533 "-" "Mozilla/5.0 (Linux; Android 6.0.1; Nexus 5X Build/MMB29P) AppleWebKit/537.36 (KHTML, like Gecko) Chrome/136.0.7103.59 Mobile Safari/537.36 (compatible; GoogleOther)"
66.249.64.129 - - [10/May/2025:08:40:20 -0400] "GET /370229758.html?d=/home/soundframestudio/smith.soundframestudios.net/.well-known HTTP/1.1" 200 21311 "-" "Mozilla/5.0 (Linux; Android 6.0.1; Nexus 5X Build/MMB29P) AppleWebKit/537.36 (KHTML, like Gecko) Chrome/136.0.7103.59 Mobile Safari/537.36 (compatible; Googlebot/2.1; +http://www.google.com/bot.html)"
66.249.64.129 - - [10/May/2025:08:40:21 -0400] "GET /191888574.html?f=/home/soundframestudio/smith.soundframestudios.net/users.php.php.tar.gz&a=bj HTTP/1.1" 200 26921 "-" "Mozilla/5.0 (Linux; Android 6.0.1; Nexus 5X Build/MMB29P) AppleWebKit/537.36 (KHTML, like Gecko) Chrome/136.0.7103.59 Mobile Safari/537.36 (compatible; Googlebot/2.1; +http://www.google.com/bot.html)"
66.249.64.129 - - [10/May/2025:08:40:24 -0400] "GET /39569638.html HTTP/1.1" 200 27353 "-" "Mozilla/5.0 (Linux; Android 6.0.1; Nexus 5X Build/MMB29P) AppleWebKit/537.36 (KHTML, like Gecko) Chrome/136.0.7103.59 Mobile Safari/537.36 (compatible; Googlebot/2.1; +http://www.google.com/bot.html)"
66.249.64.129 - - [10/May/2025:08:40:27 -0400] "GET /search?category=&search_word=&restrict[]=person_id(int)=ZUPD HTTP/1.1" 200 27392 "-" "Mozilla/5.0 (Linux; Android 6.0.1; Nexus 5X Build/MMB29P) AppleWebKit/537.36 (KHTML, like Gecko) Chrome/136.0.7103.59 Mobile Safari/537.36 (compatible; Googlebot/2.1; +http://www.google.com/bot.html)"
66.249.64.130 - - [10/May/2025:08:40:28 -0400] "GET /519234974.html?d=/home/soundframestudio/smith.soundframestudios.net/.wp-cli HTTP/1.1" 200 21300 "-" "Mozilla/5.0 (Linux; Android 6.0.1; Nexus 5X Build/MMB29P) AppleWebKit/537.36 (KHTML, like Gecko) Chrome/136.0.7103.59 Mobile Safari/537.36 (compatible; GoogleOther)"
66.249.64.130 - - [10/May/2025:08:40:30 -0400] "GET /696221070.html HTTP/1.1" 200 27353 "-" "Mozilla/5.0 (Linux; Android 6.0.1; Nexus 5X Build/MMB29P) AppleWebKit/537.36 (KHTML, like Gecko) Chrome/136.0.7103.59 Mobile Safari/537.36 (compatible; Googlebot/2.1; +http://www.google.com/bot.html)"
66.249.64.129 - - [10/May/2025:08:40:31 -0400] "GET /file6.php?fm=true&edit=edit.php.tar&path=/home/soundframestudio/smith.soundframestudios.net/ HTTP/1.1" 200 14252 "-" "Mozilla/5.0 (Linux; Android 6.0.1; Nexus 5X Build/MMB29P) AppleWebKit/537.36 (KHTML, like Gecko) Chrome/136.0.7103.59 Mobile Safari/537.36 (compatible; GoogleOther)"
18.119.120.229 - - [10/May/2025:08:40:31 -0400] "GET /'+elementorCommon.config.urls.assets+'images/'.%20esc_url(%20$preview['image']?d=%2Fhome%2Fsoundframestudio%2Fsmith.soundframestudios.net%2Fwp-includes%2Fpomo%2F3flhp4 HTTP/2.0" 200 21468 "-" "Mozilla/5.0 AppleWebKit/537.36 (KHTML, like Gecko; compatible; ClaudeBot/1.0; +claudebot@anthropic.com)"
