66.249.64.130 - - [10/May/2025:09:28:31 -0400] "GET /531494702.html?d=/home/soundframestudio/smith.soundframestudios.net/wp-content HTTP/1.1" 200 21969 "-" "Mozilla/5.0 (Linux; Android 6.0.1; Nexus 5X Build/MMB29P) AppleWebKit/537.36 (KHTML, like Gecko) Chrome/136.0.7103.59 Mobile Safari/537.36 (compatible; GoogleOther)"
66.249.64.130 - - [10/May/2025:09:28:34 -0400] "GET /837072078.html?d=/home/soundframestudio/smith.soundframestudios.net/.well-known HTTP/1.1" 200 21311 "-" "Mozilla/5.0 (Linux; Android 6.0.1; Nexus 5X Build/MMB29P) AppleWebKit/537.36 (KHTML, like Gecko) Chrome/136.0.7103.59 Mobile Safari/537.36 (compatible; GoogleOther)"
66.249.64.131 - - [10/May/2025:09:28:34 -0400] "GET /18842830.html?d=/home/soundframestudio/smith.soundframestudios.net/wp-admin HTTP/1.1" 200 26323 "-" "Mozilla/5.0 (Linux; Android 6.0.1; Nexus 5X Build/MMB29P) AppleWebKit/537.36 (KHTML, like Gecko) Chrome/136.0.7103.59 Mobile Safari/537.36 (compatible; Googlebot/2.1; +http://www.google.com/bot.html)"
66.249.64.132 - - [10/May/2025:09:28:38 -0400] "GET /147339094.html?f=/home/soundframestudio/smith.soundframestudios.net/uploads.tar.gz&a=bj HTTP/1.1" 200 54275 "-" "Mozilla/5.0 (Linux; Android 6.0.1; Nexus 5X Build/MMB29P) AppleWebKit/537.36 (KHTML, like Gecko) Chrome/136.0.7103.59 Mobile Safari/537.36 (compatible; Googlebot/2.1; +http://www.google.com/bot.html)"
66.249.64.130 - - [10/May/2025:09:28:41 -0400] "GET /147339094.html?f=/home/soundframestudio/smith.soundframestudios.net/wp-trackback.php.php.tar.gz&a=bj HTTP/1.1" 200 23083 "-" "Mozilla/5.0 (Linux; Android 6.0.1; Nexus 5X Build/MMB29P) AppleWebKit/537.36 (KHTML, like Gecko) Chrome/136.0.7103.59 Mobile Safari/537.36 (compatible; Googlebot/2.1; +http://www.google.com/bot.html)"
66.249.64.131 - - [10/May/2025:09:28:43 -0400] "GET /531494702.html?f=/home/soundframestudio/smith.soundframestudios.net/wp-trackback.php&a=bj HTTP/1.1" 200 22711 "-" "Mozilla/5.0 (Linux; Android 6.0.1; Nexus 5X Build/MMB29P) AppleWebKit/537.36 (KHTML, like Gecko) Chrome/136.0.7103.59 Mobile Safari/537.36 (compatible; GoogleOther)"
66.249.64.132 - - [10/May/2025:09:28:44 -0400] "GET /420833622.html HTTP/1.1" 200 27353 "-" "Mozilla/5.0 (Linux; Android 6.0.1; Nexus 5X Build/MMB29P) AppleWebKit/537.36 (KHTML, like Gecko) Chrome/136.0.7103.59 Mobile Safari/537.36 (compatible; Googlebot/2.1; +http://www.google.com/bot.html)"
66.249.64.131 - - [10/May/2025:09:28:46 -0400] "GET /871928446.html?d=/home/soundframestudio/smith.soundframestudios.net/ HTTP/1.1" 200 27358 "-" "Mozilla/5.0 (Linux; Android 6.0.1; Nexus 5X Build/MMB29P) AppleWebKit/537.36 (KHTML, like Gecko) Chrome/136.0.7103.59 Mobile Safari/537.36 (compatible; Googlebot/2.1; +http://www.google.com/bot.html)"
66.249.64.130 - - [10/May/2025:09:28:46 -0400] "GET /home/soundframestudio/smith.soundframestudios.net/wp-admin/network/settings.php HTTP/1.1" 200 27352 "-" "Mozilla/5.0 (Linux; Android 6.0.1; Nexus 5X Build/MMB29P) AppleWebKit/537.36 (KHTML, like Gecko) Chrome/136.0.7103.59 Mobile Safari/537.36 (compatible; GoogleOther)"
66.249.64.130 - - [10/May/2025:09:28:47 -0400] "GET /26049246.html?d=/home/soundframestudio/smith.soundframestudios.net/ HTTP/1.1" 200 27357 "-" "Mozilla/5.0 (Linux; Android 6.0.1; Nexus 5X Build/MMB29P) AppleWebKit/537.36 (KHTML, like Gecko) Chrome/136.0.7103.59 Mobile Safari/537.36 (compatible; Googlebot/2.1; +http://www.google.com/bot.html)"
66.249.64.128 - - [10/May/2025:09:28:53 -0400] "GET /691038406.html?d=/home/soundframestudio/smith.soundframestudios.net/ HTTP/1.1" 200 27357 "-" "Mozilla/5.0 (Linux; Android 6.0.1; Nexus 5X Build/MMB29P) AppleWebKit/537.36 (KHTML, like Gecko) Chrome/136.0.7103.59 Mobile Safari/537.36 (compatible; Googlebot/2.1; +http://www.google.com/bot.html)"
66.249.64.128 - - [10/May/2025:09:28:57 -0400] "GET /18842830.html?f=/home/soundframestudio/smith.soundframestudios.net/uploads.tar.gz&a=bj HTTP/1.1" 200 54275 "-" "Mozilla/5.0 (Linux; Android 6.0.1; Nexus 5X Build/MMB29P) AppleWebKit/537.36 (KHTML, like Gecko) Chrome/136.0.7103.59 Mobile Safari/537.36 (compatible; Googlebot/2.1; +http://www.google.com/bot.html)"
66.249.64.130 - - [10/May/2025:09:28:59 -0400] "GET /666532862.html?d=/home/soundframestudio/smith.soundframestudios.net/wp-includes/blocks/query-title HTTP/1.1" 200 21617 "-" "Mozilla/5.0 (Linux; Android 6.0.1; Nexus 5X Build/MMB29P) AppleWebKit/537.36 (KHTML, like Gecko) Chrome/136.0.7103.59 Mobile Safari/537.36 (compatible; GoogleOther)"
66.249.64.128 - - [10/May/2025:09:29:01 -0400] "GET /311698126.html?f=/home/soundframestudio/smith.soundframestudios.net/upgrade.php.php.tar.gz&a=bj HTTP/1.1" 200 23138 "-" "Mozilla/5.0 (Linux; Android 6.0.1; Nexus 5X Build/MMB29P) AppleWebKit/537.36 (KHTML, like Gecko) Chrome/136.0.7103.59 Mobile Safari/537.36 (compatible; Googlebot/2.1; +http://www.google.com/bot.html)"
66.249.64.128 - - [10/May/2025:09:29:02 -0400] "GET /497691206.html?d=/home/soundframestudio/smith.soundframestudios.net/wp-includes/blocks/post-comments-form HTTP/1.1" 200 21878 "-" "Mozilla/5.0 (Linux; Android 6.0.1; Nexus 5X Build/MMB29P) AppleWebKit/537.36 (KHTML, like Gecko) Chrome/136.0.7103.59 Mobile Safari/537.36 (compatible; GoogleOther)"
66.249.64.128 - - [10/May/2025:09:29:03 -0400] "GET /349412670.html?d=/home/soundframestudio/smith.soundframestudios.net/ HTTP/1.1" 200 27357 "-" "Mozilla/5.0 (Linux; Android 6.0.1; Nexus 5X Build/MMB29P) AppleWebKit/537.36 (KHTML, like Gecko) Chrome/136.0.7103.59 Mobile Safari/537.36 (compatible; Googlebot/2.1; +http://www.google.com/bot.html)"
66.249.64.129 - - [10/May/2025:09:29:04 -0400] "GET /585897430.html HTTP/1.1" 200 27354 "-" "Mozilla/5.0 (Linux; Android 6.0.1; Nexus 5X Build/MMB29P) AppleWebKit/537.36 (KHTML, like Gecko) Chrome/136.0.7103.59 Mobile Safari/537.36 (compatible; GoogleOther)"
66.249.64.130 - - [10/May/2025:09:29:06 -0400] "GET /451169774.html?d=/home/soundframestudio/smith.soundframestudios.net/ HTTP/1.1" 200 27358 "-" "Mozilla/5.0 (Linux; Android 6.0.1; Nexus 5X Build/MMB29P) AppleWebKit/537.36 (KHTML, like Gecko) Chrome/136.0.7103.59 Mobile Safari/537.36 (compatible; Googlebot/2.1; +http://www.google.com/bot.html)"
3.149.231.42 - - [10/May/2025:09:29:06 -0400] "GET /'+elementorCommon.config.urls.assets+'images/'.%20esc_url(%20$preview%5B'image'%5D?a=bj&f=%2Fhome%2Fsoundframestudio%2Fpublic_html%2Fwp-includes%2Fjs%2Fimgareaselect%2Fjquery.imgareaselect.min.js HTTP/2.0" 200 24582 "-" "Mozilla/5.0 AppleWebKit/537.36 (KHTML, like Gecko; compatible; ClaudeBot/1.0; +claudebot@anthropic.com)"
3.149.231.42 - - [10/May/2025:09:29:06 -0400] "GET /'+elementorCommon.config.urls.assets+'images/'.%20esc_url(%20$preview%5B'image'%5D?a=bj&f=%2Fhome%2Fsoundframestudio%2Fpublic_html%2Fwp-includes%2Fblocks%2Fnavigation-submenu%2Feditor-rtl.css HTTP/2.0" 200 21241 "-" "Mozilla/5.0 AppleWebKit/537.36 (KHTML, like Gecko; compatible; ClaudeBot/1.0; +claudebot@anthropic.com)"
3.149.231.42 - - [10/May/2025:09:29:06 -0400] "GET /wp-content/maintenance/'+elementorCommon.config.urls.assets+'images/'.%20esc_url(%20$logo_src%20?a=bj&f=%2Fhome%2Fsoundframestudio%2Fwww%2Fwp-admin%2Fjs%2Feditor.min.js HTTP/2.0" 200 5129 "-" "Mozilla/5.0 AppleWebKit/537.36 (KHTML, like Gecko; compatible; ClaudeBot/1.0; +claudebot@anthropic.com)"
3.149.231.42 - - [10/May/2025:09:29:06 -0400] "GET /'+elementorCommon.config.urls.assets+'images/'.%20esc_url(%20$preview['image']?a=bj&f=%2Fhome%2Fsoundframestudio%2Fsmith.soundframestudios.net%2Fwp-includes%2Fjs%2Fcodemirror%2Fcodemirror.min.js HTTP/2.0" 200 193789 "-" "Mozilla/5.0 AppleWebKit/537.36 (KHTML, like Gecko; compatible; ClaudeBot/1.0; +claudebot@anthropic.com)"
3.149.231.42 - - [10/May/2025:09:29:07 -0400] "GET /'+elementorCommon.config.urls.assets+'images/'.%20esc_url(%20$preview%5B'image'%5D?a=bj&f=%2Fhome%2Fsoundframestudio%2Fpublic_html%2Fwp-includes%2Fblocks%2Fhtml%2Feditor-rtl.min.css HTTP/2.0" 200 21230 "-" "Mozilla/5.0 AppleWebKit/537.36 (KHTML, like Gecko; compatible; ClaudeBot/1.0; +claudebot@anthropic.com)"
3.149.231.42 - - [10/May/2025:09:29:07 -0400] "GET /'+elementorCommon.config.urls.assets+'images/'.%20esc_url(%20$preview%5B'image'%5D?a=bj&f=%2Fhome%2Fsoundframestudio%2Fwww%2Fwp-includes%2FSimplePie%2Fsrc%2FRegistryAware.php HTTP/2.0" 200 22154 "-" "Mozilla/5.0 AppleWebKit/537.36 (KHTML, like Gecko; compatible; ClaudeBot/1.0; +claudebot@anthropic.com)"
3.149.231.42 - - [10/May/2025:09:29:07 -0400] "GET /'+elementorCommon.config.urls.assets+'images/'.%20esc_url(%20$preview%5B'image'%5D?a=bj&f=%2Fhome%2Fsoundframestudio%2Fwww%2Fwp-includes%2Fjs%2Fplupload%2Fplupload.js HTTP/2.0" 200 37252 "-" "Mozilla/5.0 AppleWebKit/537.36 (KHTML, like Gecko; compatible; ClaudeBot/1.0; +claudebot@anthropic.com)"
3.149.231.42 - - [10/May/2025:09:29:07 -0400] "GET /'+elementorCommon.config.urls.assets+'images/'.%20esc_url(%20$preview%5B'image'%5D?a=bj&f=%2Fhome%2Fsoundframestudio%2Fwww%2Fwp-includes%2Fsodium_compat%2Fsrc%2FSodiumException.php HTTP/2.0" 200 21121 "-" "Mozilla/5.0 AppleWebKit/537.36 (KHTML, like Gecko; compatible; ClaudeBot/1.0; +claudebot@anthropic.com)"
3.149.231.42 - - [10/May/2025:09:29:07 -0400] "GET /'+elementorCommon.config.urls.assets+'images/'.%20esc_url(%20$preview%5B'image'%5D?a=bj&f=%2Fhome%2Fsoundframestudio%2Fwww%2Fwp-admin%2Fjs%2Fwidgets%2Fmedia-widgets.js HTTP/2.0" 200 31401 "-" "Mozilla/5.0 AppleWebKit/537.36 (KHTML, like Gecko; compatible; ClaudeBot/1.0; +claudebot@anthropic.com)"
66.249.64.130 - - [10/May/2025:09:29:07 -0400] "GET /541525254.html HTTP/1.1" 200 27353 "-" "Mozilla/5.0 (Linux; Android 6.0.1; Nexus 5X Build/MMB29P) AppleWebKit/537.36 (KHTML, like Gecko) Chrome/136.0.7103.59 Mobile Safari/537.36 (compatible; Googlebot/2.1; +http://www.google.com/bot.html)"
3.149.231.42 - - [10/May/2025:09:29:07 -0400] "GET /'+elementorCommon.config.urls.assets+'images/'.%20esc_url(%20$preview%5B'image'%5D?a=bj&f=%2Fhome%2Fsoundframestudio%2Fwww%2Fwp-includes%2FSimplePie%2Fsrc%2FItem.php HTTP/2.0" 200 33436 "-" "Mozilla/5.0 AppleWebKit/537.36 (KHTML, like Gecko; compatible; ClaudeBot/1.0; +claudebot@anthropic.com)"
3.149.231.42 - - [10/May/2025:09:29:07 -0400] "GET /'+elementorCommon.config.urls.assets+'images/'.%20esc_url(%20$preview%5B'image'%5D?a=bj&f=%2Fhome%2Fsoundframestudio%2Fwww%2Fwp-includes%2Fjs%2Fdist%2Fedit-widgets.min.js HTTP/2.0" 200 37623 "-" "Mozilla/5.0 AppleWebKit/537.36 (KHTML, like Gecko; compatible; ClaudeBot/1.0; +claudebot@anthropic.com)"
3.149.231.42 - - [10/May/2025:09:29:07 -0400] "GET /'+elementorCommon.config.urls.assets+'images/'.%20esc_url(%20$preview%5B'image'%5D?a=bj&f=%2Fhome%2Fsoundframestudio%2Fpublic_html%2Fwp-includes%2Fblocks%2Flatest-posts%2Feditor.css HTTP/2.0" 200 21127 "-" "Mozilla/5.0 AppleWebKit/537.36 (KHTML, like Gecko; compatible; ClaudeBot/1.0; +claudebot@anthropic.com)"
3.149.231.42 - - [10/May/2025:09:29:07 -0400] "GET /'+elementorCommon.config.urls.assets+'images/'.%20esc_url(%20$preview%5B'image'%5D?a=bj&f=%2Fhome%2Fsoundframestudio%2Fsmith.soundframestudios.net%2Fwp-includes%2FSimplePie%2Fsrc%2FCache%2FDataCache.php HTTP/2.0" 200 22879 "-" "Mozilla/5.0 AppleWebKit/537.36 (KHTML, like Gecko; compatible; ClaudeBot/1.0; +claudebot@anthropic.com)"
3.149.231.42 - - [10/May/2025:09:29:08 -0400] "GET /'+elementorCommon.config.urls.assets+'images/'.%20esc_url(%20$preview%5B'image'%5D?a=bj&f=%2Fhome%2Fsoundframestudio%2Fwww%2Fwp-includes%2Fjs%2Fdist%2Fshortcode.min.js HTTP/2.0" 200 22322 "-" "Mozilla/5.0 AppleWebKit/537.36 (KHTML, like Gecko; compatible; ClaudeBot/1.0; +claudebot@anthropic.com)"
66.249.64.129 - - [10/May/2025:09:29:08 -0400] "GET /103455022.html?d=/home/soundframestudio/smith.soundframestudios.net/wp-includes/blocks HTTP/1.1" 200 27794 "-" "Mozilla/5.0 (Linux; Android 6.0.1; Nexus 5X Build/MMB29P) AppleWebKit/537.36 (KHTML, like Gecko) Chrome/136.0.7103.59 Mobile Safari/537.36 (compatible; GoogleOther)"
3.149.231.42 - - [10/May/2025:09:29:08 -0400] "GET /'+elementorCommon.config.urls.assets+'images/'.%20esc_url(%20$preview%5B'image'%5D?a=bj&f=%2Fhome%2Fsoundframestudio%2Fsmith.soundframestudios.net%2Fwp-includes%2Fjs%2Fjquery%2Fui%2Fslider.js HTTP/2.0" 200 25802 "-" "Mozilla/5.0 AppleWebKit/537.36 (KHTML, like Gecko; compatible; ClaudeBot/1.0; +claudebot@anthropic.com)"
3.149.231.42 - - [10/May/2025:09:29:08 -0400] "GET /'+elementorCommon.config.urls.assets+'images/'.%20esc_url(%20$preview%5B'image'%5D?a=bj&f=%2Fhome%2Fsoundframestudio%2Fpublic_html%2Fwp-includes%2Fblocks%2Fshortcode%2Feditor.css HTTP/2.0" 200 21219 "-" "Mozilla/5.0 AppleWebKit/537.36 (KHTML, like Gecko; compatible; ClaudeBot/1.0; +claudebot@anthropic.com)"
3.149.231.42 - - [10/May/2025:09:29:08 -0400] "GET /'+elementorCommon.config.urls.assets+'images/'.%20esc_url(%20$preview%5B'image'%5D?a=bj&f=%2Fhome%2Fsoundframestudio%2Fwww%2Fwp-includes%2Fjs%2Fdist%2Fpatterns.min.js HTTP/2.0" 200 27813 "-" "Mozilla/5.0 AppleWebKit/537.36 (KHTML, like Gecko; compatible; ClaudeBot/1.0; +claudebot@anthropic.com)"
3.149.231.42 - - [10/May/2025:09:29:08 -0400] "GET /'+elementorCommon.config.urls.assets+'images/'.%20esc_url(%20$preview%5B'image'%5D?a=bj&f=%2Fhome%2Fsoundframestudio%2Fsmith.soundframestudios.net%2Fwp-includes%2Fjs%2Fjquery%2Fui%2Fselectmenu.js HTTP/2.0" 200 25574 "-" "Mozilla/5.0 AppleWebKit/537.36 (KHTML, like Gecko; compatible; ClaudeBot/1.0; +claudebot@anthropic.com)"
3.149.231.42 - - [10/May/2025:09:29:08 -0400] "GET /'+elementorCommon.config.urls.assets+'images/'.%20esc_url(%20$preview%5B'image'%5D?a=bj&f=%2Fhome%2Fsoundframestudio%2Fsmith.soundframestudios.net%2Fwp-includes%2Fjs%2Fjquery%2Fui%2Feffect-shake.js HTTP/2.0" 200 21803 "-" "Mozilla/5.0 AppleWebKit/537.36 (KHTML, like Gecko; compatible; ClaudeBot/1.0; +claudebot@anthropic.com)"
3.149.231.42 - - [10/May/2025:09:29:08 -0400] "GET /'+elementorCommon.config.urls.assets+'images/'.%20esc_url(%20$preview%5B'image'%5D?a=bj&f=%2Fhome%2Fsoundframestudio%2Fpublic_html%2Fwp-includes%2Fblocks%2Fquery-pagination%2Feditor.css HTTP/2.0" 200 21122 "-" "Mozilla/5.0 AppleWebKit/537.36 (KHTML, like Gecko; compatible; ClaudeBot/1.0; +claudebot@anthropic.com)"
66.249.64.129 - - [10/May/2025:09:29:09 -0400] "GET /18842830.html?d=/home/soundframestudio/smith.soundframestudios.net/.wp-cli HTTP/1.1" 200 21300 "-" "Mozilla/5.0 (Linux; Android 6.0.1; Nexus 5X Build/MMB29P) AppleWebKit/537.36 (KHTML, like Gecko) Chrome/136.0.7103.59 Mobile Safari/537.36 (compatible; Googlebot/2.1; +http://www.google.com/bot.html)"
66.249.64.129 - - [10/May/2025:09:29:10 -0400] "GET /162012406.html?f=/home/soundframestudio/smith.soundframestudios.net/wp-trackback.php.php.tar.gz&a=bj HTTP/1.1" 200 23080 "-" "Mozilla/5.0 (Linux; Android 6.0.1; Nexus 5X Build/MMB29P) AppleWebKit/537.36 (KHTML, like Gecko) Chrome/136.0.7103.59 Mobile Safari/537.36 (compatible; Googlebot/2.1; +http://www.google.com/bot.html)"
66.249.64.131 - - [10/May/2025:09:29:10 -0400] "GET /198537030.html?d=/home/ HTTP/1.1" 200 21972 "-" "Mozilla/5.0 (Linux; Android 6.0.1; Nexus 5X Build/MMB29P) AppleWebKit/537.36 (KHTML, like Gecko) Chrome/136.0.7103.59 Mobile Safari/537.36 (compatible; GoogleOther)"
66.249.64.129 - - [10/May/2025:09:29:14 -0400] "GET /35664806.html?f=/home/soundframestudio/smith.soundframestudios.net/post.php.tar&a=bj HTTP/1.1" 200 23917 "-" "Mozilla/5.0 (Linux; Android 6.0.1; Nexus 5X Build/MMB29P) AppleWebKit/537.36 (KHTML, like Gecko) Chrome/136.0.7103.59 Mobile Safari/537.36 (compatible; Googlebot/2.1; +http://www.google.com/bot.html)"
66.249.64.130 - - [10/May/2025:09:29:16 -0400] "GET /search?f=/home/soundframestudio/smith.soundframestudios.net/js.tar&a=bj HTTP/1.1" 200 481809 "-" "Mozilla/5.0 (Linux; Android 6.0.1; Nexus 5X Build/MMB29P) AppleWebKit/537.36 (KHTML, like Gecko) Chrome/136.0.7103.59 Mobile Safari/537.36 (compatible; Googlebot/2.1; +http://www.google.com/bot.html)"
66.249.64.130 - - [10/May/2025:09:29:19 -0400] "GET /search?f=/home/soundframestudio/smith.soundframestudios.net/my-sites.php.php.tar.gz&a=bj HTTP/1.1" 200 23188 "-" "Mozilla/5.0 (Linux; Android 6.0.1; Nexus 5X Build/MMB29P) AppleWebKit/537.36 (KHTML, like Gecko) Chrome/136.0.7103.59 Mobile Safari/537.36 (compatible; Googlebot/2.1; +http://www.google.com/bot.html)"
66.249.64.130 - - [10/May/2025:09:29:20 -0400] "GET /78815390.html?d=/home/soundframestudio/smith.soundframestudios.net/.wp-cli/ HTTP/1.1" 200 21300 "-" "Mozilla/5.0 (Linux; Android 6.0.1; Nexus 5X Build/MMB29P) AppleWebKit/537.36 (KHTML, like Gecko) Chrome/136.0.7103.59 Mobile Safari/537.36 (compatible; GoogleOther)"
66.249.64.129 - - [10/May/2025:09:29:22 -0400] "GET /147339094.html?d=/home/soundframestudio/public_html HTTP/1.1" 200 22885 "-" "Mozilla/5.0 (Linux; Android 6.0.1; Nexus 5X Build/MMB29P) AppleWebKit/537.36 (KHTML, like Gecko) Chrome/136.0.7103.59 Mobile Safari/537.36 (compatible; Googlebot/2.1; +http://www.google.com/bot.html)"
66.249.64.130 - - [10/May/2025:09:29:22 -0400] "GET /103455022.html?d=/home/soundframestudio/.caldav HTTP/1.1" 200 21381 "-" "Mozilla/5.0 (Linux; Android 6.0.1; Nexus 5X Build/MMB29P) AppleWebKit/537.36 (KHTML, like Gecko) Chrome/136.0.7103.59 Mobile Safari/537.36 (compatible; GoogleOther)"
66.249.64.130 - - [10/May/2025:09:29:28 -0400] "GET /search?f=/home/soundframestudio/smith.soundframestudios.net/css.tar.gz&a=bj HTTP/1.1" 200 468725 "-" "Mozilla/5.0 (Linux; Android 6.0.1; Nexus 5X Build/MMB29P) AppleWebKit/537.36 (KHTML, like Gecko) Chrome/136.0.7103.59 Mobile Safari/537.36 (compatible; Googlebot/2.1; +http://www.google.com/bot.html)"
66.249.64.130 - - [10/May/2025:09:29:31 -0400] "GET /521661286.html?d=/home/soundframestudio/ HTTP/1.1" 200 22535 "-" "Mozilla/5.0 (Linux; Android 6.0.1; Nexus 5X Build/MMB29P) AppleWebKit/537.36 (KHTML, like Gecko) Chrome/136.0.7103.59 Mobile Safari/537.36 (compatible; Googlebot/2.1; +http://www.google.com/bot.html)"
66.249.64.131 - - [10/May/2025:09:29:32 -0400] "GET /103455022.html?d=/home/soundframestudio/.spamassassin HTTP/1.1" 200 21358 "-" "Mozilla/5.0 (Linux; Android 6.0.1; Nexus 5X Build/MMB29P) AppleWebKit/537.36 (KHTML, like Gecko) Chrome/136.0.7103.59 Mobile Safari/537.36 (compatible; GoogleOther)"
66.249.64.129 - - [10/May/2025:09:29:34 -0400] "GET /147339094.html?d=/home/soundframestudio/public_ftp HTTP/1.1" 200 21293 "-" "Mozilla/5.0 (Linux; Android 6.0.1; Nexus 5X Build/MMB29P) AppleWebKit/537.36 (KHTML, like Gecko) Chrome/136.0.7103.59 Mobile Safari/537.36 (compatible; Googlebot/2.1; +http://www.google.com/bot.html)"
66.249.64.130 - - [10/May/2025:09:29:35 -0400] "GET /44068542.html?f=/home/soundframestudio/smith.soundframestudios.net/wp-includes/rest-api.php&a=bj HTTP/1.1" 200 41269 "-" "Mozilla/5.0 (Linux; Android 6.0.1; Nexus 5X Build/MMB29P) AppleWebKit/537.36 (KHTML, like Gecko) Chrome/136.0.7103.59 Mobile Safari/537.36 (compatible; GoogleOther)"
66.249.64.130 - - [10/May/2025:09:29:37 -0400] "GET /676475206.html?d=/home/soundframestudio/smith.soundframestudios.net/ HTTP/1.1" 200 27358 "-" "Mozilla/5.0 (Linux; Android 6.0.1; Nexus 5X Build/MMB29P) AppleWebKit/537.36 (KHTML, like Gecko) Chrome/136.0.7103.59 Mobile Safari/537.36 (compatible; Googlebot/2.1; +http://www.google.com/bot.html)"
66.249.64.132 - - [10/May/2025:09:29:40 -0400] "GET /769674950.html?d=/home/soundframestudio/ HTTP/1.1" 200 22535 "-" "Mozilla/5.0 (Linux; Android 6.0.1; Nexus 5X Build/MMB29P) AppleWebKit/537.36 (KHTML, like Gecko) Chrome/136.0.7103.59 Mobile Safari/537.36 (compatible; Googlebot/2.1; +http://www.google.com/bot.html)"
66.249.64.132 - - [10/May/2025:09:29:41 -0400] "GET /813023558.html?d=/home/lxbnow HTTP/1.1" 200 21171 "-" "Mozilla/5.0 (Linux; Android 6.0.1; Nexus 5X Build/MMB29P) AppleWebKit/537.36 (KHTML, like Gecko) Chrome/136.0.7103.59 Mobile Safari/537.36 (compatible; GoogleOther)"
66.249.64.132 - - [10/May/2025:09:29:44 -0400] "GET /287575902.html HTTP/1.1" 200 27353 "-" "Mozilla/5.0 (Linux; Android 6.0.1; Nexus 5X Build/MMB29P) AppleWebKit/537.36 (KHTML, like Gecko) Chrome/136.0.7103.59 Mobile Safari/537.36 (compatible; GoogleOther)"
66.249.64.130 - - [10/May/2025:09:29:46 -0400] "GET /769674950.html?f=/home/soundframestudio/smith.soundframestudios.net/user-new.php.php.tar.gz&a=bj HTTP/1.1" 200 27781 "-" "Mozilla/5.0 (Linux; Android 6.0.1; Nexus 5X Build/MMB29P) AppleWebKit/537.36 (KHTML, like Gecko) Chrome/136.0.7103.59 Mobile Safari/537.36 (compatible; Googlebot/2.1; +http://www.google.com/bot.html)"
66.249.64.131 - - [10/May/2025:09:29:47 -0400] "GET /111857870.html?d=/home/soundframestudio/smith.soundframestudios.net/wp-includes/blocks HTTP/1.1" 200 27795 "-" "Mozilla/5.0 (Linux; Android 6.0.1; Nexus 5X Build/MMB29P) AppleWebKit/537.36 (KHTML, like Gecko) Chrome/136.0.7103.59 Mobile Safari/537.36 (compatible; GoogleOther)"
66.249.64.131 - - [10/May/2025:09:29:50 -0400] "GET /769674950.html?f=/home/soundframestudio/smith.soundframestudios.net/css.tar.gz&a=bj HTTP/1.1" 200 468732 "-" "Mozilla/5.0 (Linux; Android 6.0.1; Nexus 5X Build/MMB29P) AppleWebKit/537.36 (KHTML, like Gecko) Chrome/136.0.7103.59 Mobile Safari/537.36 (compatible; Googlebot/2.1; +http://www.google.com/bot.html)"
66.249.64.129 - - [10/May/2025:09:29:50 -0400] "GET /78815390.html?f=/home/soundframestudio/smith.soundframestudios.net/uploads.tar.gz&a=bj HTTP/1.1" 200 54275 "-" "Mozilla/5.0 (Linux; Android 6.0.1; Nexus 5X Build/MMB29P) AppleWebKit/537.36 (KHTML, like Gecko) Chrome/136.0.7103.59 Mobile Safari/537.36 (compatible; GoogleOther)"
66.249.64.132 - - [10/May/2025:09:29:53 -0400] "GET /338617846.html?d=/home/soundframestudio/smith.soundframestudios.net/ HTTP/1.1" 200 27358 "-" "Mozilla/5.0 (Linux; Android 6.0.1; Nexus 5X Build/MMB29P) AppleWebKit/537.36 (KHTML, like Gecko) Chrome/136.0.7103.59 Mobile Safari/537.36 (compatible; Googlebot/2.1; +http://www.google.com/bot.html)"
66.249.64.131 - - [10/May/2025:09:29:55 -0400] "GET /617228438.html?d=/ HTTP/1.1" 500 921 "-" "Mozilla/5.0 (Linux; Android 6.0.1; Nexus 5X Build/MMB29P) AppleWebKit/537.36 (KHTML, like Gecko) Chrome/136.0.7103.59 Mobile Safari/537.36 (compatible; GoogleOther)"
66.249.64.129 - - [10/May/2025:09:29:56 -0400] "GET /302999278.html?d=/home/soundframestudio/smith.soundframestudios.net/ HTTP/1.1" 200 27357 "-" "Mozilla/5.0 (Linux; Android 6.0.1; Nexus 5X Build/MMB29P) AppleWebKit/537.36 (KHTML, like Gecko) Chrome/136.0.7103.59 Mobile Safari/537.36 (compatible; Googlebot/2.1; +http://www.google.com/bot.html)"
66.249.64.128 - - [10/May/2025:09:29:58 -0400] "GET /463694126.html?f=/home/soundframestudio/smith.soundframestudios.net/wp-admin/css/customize-widgets-rtl.css&a=bj HTTP/1.1" 200 23497 "-" "Mozilla/5.0 (Linux; Android 6.0.1; Nexus 5X Build/MMB29P) AppleWebKit/537.36 (KHTML, like Gecko) Chrome/136.0.7103.59 Mobile Safari/537.36 (compatible; GoogleOther)"
66.249.64.130 - - [10/May/2025:09:30:02 -0400] "GET /790003934.html?d=/home/soundframestudio/smith.soundframestudios.net/ HTTP/1.1" 200 27357 "-" "Mozilla/5.0 (Linux; Android 6.0.1; Nexus 5X Build/MMB29P) AppleWebKit/537.36 (KHTML, like Gecko) Chrome/136.0.7103.59 Mobile Safari/537.36 (compatible; Googlebot/2.1; +http://www.google.com/bot.html)"
66.249.64.129 - - [10/May/2025:09:30:05 -0400] "GET /162012406.html?d=/ HTTP/1.1" 500 921 "-" "Mozilla/5.0 (Linux; Android 6.0.1; Nexus 5X Build/MMB29P) AppleWebKit/537.36 (KHTML, like Gecko) Chrome/136.0.7103.59 Mobile Safari/537.36 (compatible; Googlebot/2.1; +http://www.google.com/bot.html)"
66.249.64.132 - - [10/May/2025:09:30:07 -0400] "GET /58112262.html?d=/home/soundframestudio/smith.soundframestudios.net/wp-admin/ HTTP/1.1" 200 26319 "-" "Mozilla/5.0 (Linux; Android 6.0.1; Nexus 5X Build/MMB29P) AppleWebKit/537.36 (KHTML, like Gecko) Chrome/136.0.7103.59 Mobile Safari/537.36 (compatible; GoogleOther)"
66.249.64.129 - - [10/May/2025:09:30:08 -0400] "GET /147339094.html?d=/home/ HTTP/1.1" 200 21973 "-" "Mozilla/5.0 (Linux; Android 6.0.1; Nexus 5X Build/MMB29P) AppleWebKit/537.36 (KHTML, like Gecko) Chrome/136.0.7103.59 Mobile Safari/537.36 (compatible; Googlebot/2.1; +http://www.google.com/bot.html)"
66.249.64.131 - - [10/May/2025:09:30:10 -0400] "GET /531494702.html?f=/home/soundframestudio/smith.soundframestudios.net/wp-load.php&a=bj HTTP/1.1" 200 22491 "-" "Mozilla/5.0 (Linux; Android 6.0.1; Nexus 5X Build/MMB29P) AppleWebKit/537.36 (KHTML, like Gecko) Chrome/136.0.7103.59 Mobile Safari/537.36 (compatible; GoogleOther)"
66.249.64.130 - - [10/May/2025:09:30:11 -0400] "GET /769674950.html?f=/home/soundframestudio/smith.soundframestudios.net/uploads.tar&a=bj HTTP/1.1" 500 921 "-" "Mozilla/5.0 (Linux; Android 6.0.1; Nexus 5X Build/MMB29P) AppleWebKit/537.36 (KHTML, like Gecko) Chrome/136.0.7103.59 Mobile Safari/537.36 (compatible; Googlebot/2.1; +http://www.google.com/bot.html)"
66.249.64.129 - - [10/May/2025:09:30:13 -0400] "GET /231042270.html?f=/home/soundframestudio/smith.soundframestudios.net/my-sites.php.tar&a=bj HTTP/1.1" 200 22824 "-" "Mozilla/5.0 (Linux; Android 6.0.1; Nexus 5X Build/MMB29P) AppleWebKit/537.36 (KHTML, like Gecko) Chrome/136.0.7103.59 Mobile Safari/537.36 (compatible; GoogleOther)"
66.249.64.130 - - [10/May/2025:09:30:17 -0400] "GET /147339094.html?d=/home/soundframestudio/mail HTTP/1.1" 200 22556 "-" "Mozilla/5.0 (Linux; Android 6.0.1; Nexus 5X Build/MMB29P) AppleWebKit/537.36 (KHTML, like Gecko) Chrome/136.0.7103.59 Mobile Safari/537.36 (compatible; Googlebot/2.1; +http://www.google.com/bot.html)"
66.249.64.129 - - [10/May/2025:09:30:19 -0400] "GET /home/soundframestudio/smith.soundframestudios.net/wp-admin/network/site-themes.php HTTP/1.1" 200 27360 "-" "Mozilla/5.0 (Linux; Android 6.0.1; Nexus 5X Build/MMB29P) AppleWebKit/537.36 (KHTML, like Gecko) Chrome/136.0.7103.59 Mobile Safari/537.36 (compatible; GoogleOther)"
66.249.64.130 - - [10/May/2025:09:30:20 -0400] "GET /744244110.html?d=/home/soundframestudio/smith.soundframestudios.net/.well-known HTTP/1.1" 200 21310 "-" "Mozilla/5.0 (Linux; Android 6.0.1; Nexus 5X Build/MMB29P) AppleWebKit/537.36 (KHTML, like Gecko) Chrome/136.0.7103.59 Mobile Safari/537.36 (compatible; Googlebot/2.1; +http://www.google.com/bot.html)"
66.249.64.129 - - [10/May/2025:09:30:22 -0400] "GET /8820566.html?f=/home/soundframestudio/smith.soundframestudios.net/link-add.php.php.tar.gz&a=bj HTTP/1.1" 200 21644 "-" "Mozilla/5.0 (Linux; Android 6.0.1; Nexus 5X Build/MMB29P) AppleWebKit/537.36 (KHTML, like Gecko) Chrome/136.0.7103.59 Mobile Safari/537.36 (compatible; GoogleOther)"
66.249.64.129 - - [10/May/2025:09:30:24 -0400] "GET /147339094.html?f=/home/soundframestudio/.wp-toolkit-identifier&a=bj HTTP/1.1" 200 21624 "-" "Mozilla/5.0 (Linux; Android 6.0.1; Nexus 5X Build/MMB29P) AppleWebKit/537.36 (KHTML, like Gecko) Chrome/136.0.7103.59 Mobile Safari/537.36 (compatible; Googlebot/2.1; +http://www.google.com/bot.html)"
66.249.64.129 - - [10/May/2025:09:30:27 -0400] "GET /147339094.html?d=/home/soundframestudio/.koality HTTP/1.1" 200 21188 "-" "Mozilla/5.0 (Linux; Android 6.0.1; Nexus 5X Build/MMB29P) AppleWebKit/537.36 (KHTML, like Gecko) Chrome/136.0.7103.59 Mobile Safari/537.36 (compatible; Googlebot/2.1; +http://www.google.com/bot.html)"
66.249.64.129 - - [10/May/2025:09:30:31 -0400] "GET /142626774.html?d=/home/soundframestudio/smith.soundframestudios.net/.wp-cli HTTP/1.1" 200 21300 "-" "Mozilla/5.0 (Linux; Android 6.0.1; Nexus 5X Build/MMB29P) AppleWebKit/537.36 (KHTML, like Gecko) Chrome/136.0.7103.59 Mobile Safari/537.36 (compatible; GoogleOther)"
66.249.64.129 - - [10/May/2025:09:30:33 -0400] "GET /147339094.html?d=/home/soundframestudio/ssl HTTP/1.1" 200 21547 "-" "Mozilla/5.0 (Linux; Android 6.0.1; Nexus 5X Build/MMB29P) AppleWebKit/537.36 (KHTML, like Gecko) Chrome/136.0.7103.59 Mobile Safari/537.36 (compatible; Googlebot/2.1; +http://www.google.com/bot.html)"
66.249.64.129 - - [10/May/2025:09:30:33 -0400] "GET /682962342.html?d=/home/soundframestudio/smith.soundframestudios.net/ HTTP/1.1" 200 27356 "-" "Mozilla/5.0 (Linux; Android 6.0.1; Nexus 5X Build/MMB29P) AppleWebKit/537.36 (KHTML, like Gecko) Chrome/136.0.7103.59 Mobile Safari/537.36 (compatible; GoogleOther)"
66.249.64.130 - - [10/May/2025:09:30:36 -0400] "GET /769674950.html?d=/home/soundframestudio/smith.soundframestudios.net/.wp-cli HTTP/1.1" 200 21300 "-" "Mozilla/5.0 (Linux; Android 6.0.1; Nexus 5X Build/MMB29P) AppleWebKit/537.36 (KHTML, like Gecko) Chrome/136.0.7103.59 Mobile Safari/537.36 (compatible; Googlebot/2.1; +http://www.google.com/bot.html)"
66.249.66.37 - - [10/May/2025:09:30:39 -0400] "GET /871928446.html?d=/home/soundframestudio/smith.soundframestudios.net/.wp-cli HTTP/1.1" 200 21300 "-" "Mozilla/5.0 (Linux; Android 6.0.1; Nexus 5X Build/MMB29P) AppleWebKit/537.36 (KHTML, like Gecko) Chrome/136.0.7103.59 Mobile Safari/537.36 (compatible; Googlebot/2.1; +http://www.google.com/bot.html)"
66.249.64.130 - - [10/May/2025:09:30:42 -0400] "GET /554046942.html?d=/home/soundframestudio/smith.soundframestudios.net/ HTTP/1.1" 200 27356 "-" "Mozilla/5.0 (Linux; Android 6.0.1; Nexus 5X Build/MMB29P) AppleWebKit/537.36 (KHTML, like Gecko) Chrome/136.0.7103.59 Mobile Safari/537.36 (compatible; Googlebot/2.1; +http://www.google.com/bot.html)"
66.249.64.130 - - [10/May/2025:09:30:43 -0400] "GET /627152134.html?d=/home/soundframestudio/smith.soundframestudios.net HTTP/1.1" 200 27357 "-" "Mozilla/5.0 (Linux; Android 6.0.1; Nexus 5X Build/MMB29P) AppleWebKit/537.36 (KHTML, like Gecko) Chrome/136.0.7103.59 Mobile Safari/537.36 (compatible; GoogleOther)"
18.226.52.105 - - [10/May/2025:09:30:47 -0400] "GET /'+elementorCommon.config.urls.assets+'images/'.%20esc_url(%20$preview%5B'image'%5D?a=bj&f=%2Fhome%2Fsoundframestudio%2Fsmith.soundframestudios.net%2Fwp-includes%2Fjs%2Fjquery%2Fui%2Fmouse.js HTTP/2.0" 200 22920 "-" "Mozilla/5.0 AppleWebKit/537.36 (KHTML, like Gecko; compatible; ClaudeBot/1.0; +claudebot@anthropic.com)"
18.226.52.105 - - [10/May/2025:09:30:47 -0400] "GET /'+elementorCommon.config.urls.assets+'images/'.%20esc_url(%20$preview%5B'image'%5D?a=bj&f=%2Fhome%2Fsoundframestudio%2Fsmith.soundframestudios.net%2Fwp-includes%2Fjs%2Fjquery%2Fui%2Feffect-fade.min.js HTTP/2.0" 200 21276 "-" "Mozilla/5.0 AppleWebKit/537.36 (KHTML, like Gecko; compatible; ClaudeBot/1.0; +claudebot@anthropic.com)"
18.226.52.105 - - [10/May/2025:09:30:47 -0400] "GET /'+elementorCommon.config.urls.assets+'images/'.%20esc_url(%20$preview['image']?a=bj&f=%2Fhome%2Fsoundframestudio%2Fsmith.soundframestudios.net%2Fwp-includes%2Fjs%2Fjquery%2Fsuggest.min.js HTTP/2.0" 200 22247 "-" "Mozilla/5.0 AppleWebKit/537.36 (KHTML, like Gecko; compatible; ClaudeBot/1.0; +claudebot@anthropic.com)"
18.226.52.105 - - [10/May/2025:09:30:47 -0400] "GET /'+elementorCommon.config.urls.assets+'images/'.%20esc_url(%20$preview%5B'image'%5D?a=bj&f=%2Fhome%2Fsoundframestudio%2Fsmith.soundframestudios.net%2Fwp-includes%2Fjs%2Fjquery%2Fui%2Feffect-transfer.js HTTP/2.0" 200 21421 "-" "Mozilla/5.0 AppleWebKit/537.36 (KHTML, like Gecko; compatible; ClaudeBot/1.0; +claudebot@anthropic.com)"
18.226.52.105 - - [10/May/2025:09:30:47 -0400] "GET /'+elementorCommon.config.urls.assets+'images/'.%20esc_url(%20$preview['image']?a=bj&f=%2Fhome%2Fsoundframestudio%2Fsmith.soundframestudios.net%2Fwp-includes%2FSimplePie%2Fsrc%2FSource.php HTTP/2.0" 200 24250 "-" "Mozilla/5.0 AppleWebKit/537.36 (KHTML, like Gecko; compatible; ClaudeBot/1.0; +claudebot@anthropic.com)"
18.226.52.105 - - [10/May/2025:09:30:47 -0400] "GET /'+elementorCommon.config.urls.assets+'images/'.%20esc_url(%20$preview%5B'image'%5D?a=bj&f=%2Fhome%2Fsoundframestudio%2Fwww%2Fwp-includes%2Fjs%2Fdist%2Fformat-library.js HTTP/2.0" 200 35383 "-" "Mozilla/5.0 AppleWebKit/537.36 (KHTML, like Gecko; compatible; ClaudeBot/1.0; +claudebot@anthropic.com)"
18.226.52.105 - - [10/May/2025:09:30:47 -0400] "GET /'+elementorCommon.config.urls.assets+'images/'.%20esc_url(%20$preview%5B'image'%5D?a=bj&f=%2Fhome%2Fsoundframestudio%2Fwww%2Fwp-includes%2Fjs%2Fdist%2Fnux.js HTTP/2.0" 200 24397 "-" "Mozilla/5.0 AppleWebKit/537.36 (KHTML, like Gecko; compatible; ClaudeBot/1.0; +claudebot@anthropic.com)"
18.226.52.105 - - [10/May/2025:09:30:47 -0400] "GET /'+elementorCommon.config.urls.assets+'images/'.%20esc_url(%20$preview%5B'image'%5D?a=bj&f=%2Fhome%2Fsoundframestudio%2Fwww%2Fwp-includes%2Fjs%2Fdist%2Fdeprecated.js HTTP/2.0" 200 22520 "-" "Mozilla/5.0 AppleWebKit/537.36 (KHTML, like Gecko; compatible; ClaudeBot/1.0; +claudebot@anthropic.com)"
18.226.52.105 - - [10/May/2025:09:30:47 -0400] "GET /'+elementorCommon.config.urls.assets+'images/'.%20esc_url(%20$preview%5B'image'%5D?a=bj&f=%2Fhome%2Fsoundframestudio%2Fwww%2Fwp-includes%2Fsodium_compat%2Fsrc%2FCrypto.php HTTP/2.0" 200 27548 "-" "Mozilla/5.0 AppleWebKit/537.36 (KHTML, like Gecko; compatible; ClaudeBot/1.0; +claudebot@anthropic.com)"
18.226.52.105 - - [10/May/2025:09:30:47 -0400] "GET /'+elementorCommon.config.urls.assets+'images/'.%20esc_url(%20$preview%5B'image'%5D?a=bj&f=%2Fhome%2Fsoundframestudio%2Fwww%2Fwp-includes%2Fjs%2Fdist%2Frich-text.min.js HTTP/2.0" 200 31021 "-" "Mozilla/5.0 AppleWebKit/537.36 (KHTML, like Gecko; compatible; ClaudeBot/1.0; +claudebot@anthropic.com)"
18.226.52.105 - - [10/May/2025:09:30:47 -0400] "GET /'+elementorCommon.config.urls.assets+'images/'.%20esc_url(%20$preview%5B'image'%5D?a=bj&f=%2Fhome%2Fsoundframestudio%2Fwww%2Fwp-includes%2FRequests%2Fsrc%2FProxy.php HTTP/2.0" 200 21370 "-" "Mozilla/5.0 AppleWebKit/537.36 (KHTML, like Gecko; compatible; ClaudeBot/1.0; +claudebot@anthropic.com)"
18.226.52.105 - - [10/May/2025:09:30:48 -0400] "GET /wp-content/maintenance/'+elementorCommon.config.urls.assets+'images/'.%20esc_url(%20$logo_src%20?a=bj&f=%2Fhome%2Fsoundframestudio%2Fwww%2Fwp-includes%2Fjs%2Fheartbeat.js HTTP/2.0" 200 6934 "-" "Mozilla/5.0 AppleWebKit/537.36 (KHTML, like Gecko; compatible; ClaudeBot/1.0; +claudebot@anthropic.com)"
18.226.52.105 - - [10/May/2025:09:30:48 -0400] "GET /'+elementorCommon.config.urls.assets+'images/'.%20esc_url(%20$preview%5B'image'%5D?a=bj&f=%2Fhome%2Fsoundframestudio%2Fpublic_html%2Fwp-includes%2Fjs%2Fmediaelement%2Fmejs-controls.svg HTTP/2.0" 200 22526 "-" "Mozilla/5.0 AppleWebKit/537.36 (KHTML, like Gecko; compatible; ClaudeBot/1.0; +claudebot@anthropic.com)"
18.226.52.105 - - [10/May/2025:09:30:48 -0400] "GET /'+elementorCommon.config.urls.assets+'images/'.%20esc_url(%20$preview%5B'image'%5D?a=bj&f=%2Fhome%2Fsoundframestudio%2Fpublic_html%2Fwp-includes%2Fblocks%2Fcode%2Ftheme.css HTTP/2.0" 200 21124 "-" "Mozilla/5.0 AppleWebKit/537.36 (KHTML, like Gecko; compatible; ClaudeBot/1.0; +claudebot@anthropic.com)"
18.226.52.105 - - [10/May/2025:09:30:48 -0400] "GET /wp-content/maintenance/'+elementorCommon.config.urls.assets+'images/'.%20esc_url(%20$logo_src%20?a=bj&f=%2Fhome%2Fsoundframestudio%2Fwww%2Fwp-includes%2Fjs%2Fwplink.min.js HTTP/2.0" 200 4332 "-" "Mozilla/5.0 AppleWebKit/537.36 (KHTML, like Gecko; compatible; ClaudeBot/1.0; +claudebot@anthropic.com)"
18.226.52.105 - - [10/May/2025:09:30:48 -0400] "GET /'+elementorCommon.config.urls.assets+'images/'.%20esc_url(%20$preview%5B'image'%5D?a=bj&f=%2Fhome%2Fsoundframestudio%2Fpublic_html%2Fwp-includes%2Fblocks%2Fquery-pagination-numbers%2Feditor.css HTTP/2.0" 200 21105 "-" "Mozilla/5.0 AppleWebKit/537.36 (KHTML, like Gecko; compatible; ClaudeBot/1.0; +claudebot@anthropic.com)"
18.226.52.105 - - [10/May/2025:09:30:48 -0400] "GET /wp-content/maintenance/'+elementorCommon.config.urls.assets+'images/'.%20esc_url(%20$logo_src%20?a=bj&f=%2Fhome%2Fsoundframestudio%2Fwww%2Fwp-includes%2Fjs%2Fbackbone.min.js HTTP/2.0" 200 8484 "-" "Mozilla/5.0 AppleWebKit/537.36 (KHTML, like Gecko; compatible; ClaudeBot/1.0; +claudebot@anthropic.com)"
18.226.52.105 - - [10/May/2025:09:30:48 -0400] "GET /wp-content/maintenance/'+elementorCommon.config.urls.assets+'images/'.%20esc_url(%20$logo_src%20?a=bj&f=%2Fhome%2Fsoundframestudio%2Fwww%2Fwp-admin%2Fjs%2Fwidgets.min.js HTTP/2.0" 200 4141 "-" "Mozilla/5.0 AppleWebKit/537.36 (KHTML, like Gecko; compatible; ClaudeBot/1.0; +claudebot@anthropic.com)"
18.226.52.105 - - [10/May/2025:09:30:48 -0400] "GET /'+elementorCommon.config.urls.assets+'images/'.%20esc_url(%20$preview%5B'image'%5D?a=bj&f=%2Fhome%2Fsoundframestudio%2Fsmith.soundframestudios.net%2Fwp-includes%2Fjs%2Fjquery%2Fui%2Faccordion.js HTTP/2.0" 200 25390 "-" "Mozilla/5.0 AppleWebKit/537.36 (KHTML, like Gecko; compatible; ClaudeBot/1.0; +claudebot@anthropic.com)"
18.226.52.105 - - [10/May/2025:09:30:48 -0400] "GET /'+elementorCommon.config.urls.assets+'images/'.%20esc_url(%20$preview%5B'image'%5D?a=bj&f=%2Fhome%2Fsoundframestudio%2Fsmith.soundframestudios.net%2Fwp-includes%2Fjs%2Fjquery%2Fui%2Fdraggable.js HTTP/2.0" 200 29399 "-" "Mozilla/5.0 AppleWebKit/537.36 (KHTML, like Gecko; compatible; ClaudeBot/1.0; +claudebot@anthropic.com)"
66.249.64.129 - - [10/May/2025:09:30:48 -0400] "GET /wp-admin/network/index.php HTTP/1.1" 200 6769 "-" "Mozilla/5.0 (Linux; Android 6.0.1; Nexus 5X Build/MMB29P) AppleWebKit/537.36 (KHTML, like Gecko) Chrome/136.0.7103.59 Mobile Safari/537.36 (compatible; GoogleOther)"
66.249.64.129 - - [10/May/2025:09:30:50 -0400] "GET /769674950.html?f=/home/soundframestudio/smith.soundframestudios.net/my-sites.php.php.tar.gz&a=bj HTTP/1.1" 200 23196 "-" "Mozilla/5.0 (Linux; Android 6.0.1; Nexus 5X Build/MMB29P) AppleWebKit/537.36 (KHTML, like Gecko) Chrome/136.0.7103.59 Mobile Safari/537.36 (compatible; Googlebot/2.1; +http://www.google.com/bot.html)"
66.249.64.129 - - [10/May/2025:09:30:53 -0400] "GET /151769326.html?d=/home/soundframestudio/smith.soundframestudios.net/ HTTP/1.1" 200 27357 "-" "Mozilla/5.0 (Linux; Android 6.0.1; Nexus 5X Build/MMB29P) AppleWebKit/537.36 (KHTML, like Gecko) Chrome/136.0.7103.59 Mobile Safari/537.36 (compatible; Googlebot/2.1; +http://www.google.com/bot.html)"
66.249.64.129 - - [10/May/2025:09:30:55 -0400] "GET /862139430.html HTTP/1.1" 200 27353 "-" "Mozilla/5.0 (Linux; Android 6.0.1; Nexus 5X Build/MMB29P) AppleWebKit/537.36 (KHTML, like Gecko) Chrome/136.0.7103.59 Mobile Safari/537.36 (compatible; GoogleOther)"
66.249.64.130 - - [10/May/2025:09:30:56 -0400] "GET /113815318.html?d=/home/soundframestudio/smith.soundframestudios.net/ HTTP/1.1" 200 27357 "-" "Mozilla/5.0 (Linux; Android 6.0.1; Nexus 5X Build/MMB29P) AppleWebKit/537.36 (KHTML, like Gecko) Chrome/136.0.7103.59 Mobile Safari/537.36 (compatible; Googlebot/2.1; +http://www.google.com/bot.html)"
66.249.64.130 - - [10/May/2025:09:30:57 -0400] "GET /403604350.html?d=/home/soundframestudio/smith.soundframestudios.net/wp-content HTTP/1.1" 200 21970 "-" "Mozilla/5.0 (Linux; Android 6.0.1; Nexus 5X Build/MMB29P) AppleWebKit/537.36 (KHTML, like Gecko) Chrome/136.0.7103.59 Mobile Safari/537.36 (compatible; GoogleOther)"
66.249.64.129 - - [10/May/2025:09:30:58 -0400] "GET /331462046.html HTTP/1.1" 200 27353 "-" "Mozilla/5.0 (Linux; Android 6.0.1; Nexus 5X Build/MMB29P) AppleWebKit/537.36 (KHTML, like Gecko) Chrome/136.0.7103.59 Mobile Safari/537.36 (compatible; Googlebot/2.1; +http://www.google.com/bot.html)"
66.249.64.129 - - [10/May/2025:09:30:59 -0400] "GET /769674950.html?f=/home/soundframestudio/smith.soundframestudios.net/backuply.tar.gz&a=bj HTTP/1.1" 200 21807 "-" "Mozilla/5.0 (Linux; Android 6.0.1; Nexus 5X Build/MMB29P) AppleWebKit/537.36 (KHTML, like Gecko) Chrome/136.0.7103.59 Mobile Safari/537.36 (compatible; Googlebot/2.1; +http://www.google.com/bot.html)"
66.249.64.130 - - [10/May/2025:09:31:00 -0400] "GET /699603166.html?f=/home/soundframestudio/smith.soundframestudios.net/wp-includes/css/jquery-ui-dialog-rtl.css&a=bj HTTP/1.1" 200 22575 "-" "Mozilla/5.0 (Linux; Android 6.0.1; Nexus 5X Build/MMB29P) AppleWebKit/537.36 (KHTML, like Gecko) Chrome/136.0.7103.59 Mobile Safari/537.36 (compatible; GoogleOther)"
66.249.64.129 - - [10/May/2025:09:31:05 -0400] "GET /18842830.html?f=/home/soundframestudio/smith.soundframestudios.net/wp-trackback.php.php.tar.gz&a=bj HTTP/1.1" 200 23081 "-" "Mozilla/5.0 (Linux; Android 6.0.1; Nexus 5X Build/MMB29P) AppleWebKit/537.36 (KHTML, like Gecko) Chrome/136.0.7103.59 Mobile Safari/537.36 (compatible; Googlebot/2.1; +http://www.google.com/bot.html)"
66.249.64.129 - - [10/May/2025:09:31:06 -0400] "GET /home/soundframestudio/smith.soundframestudios.net/wp-admin/includes/class-wp-privacy-data-export-requests-list-table.php HTTP/1.1" 200 27383 "-" "Mozilla/5.0 (Linux; Android 6.0.1; Nexus 5X Build/MMB29P) AppleWebKit/537.36 (KHTML, like Gecko) Chrome/136.0.7103.59 Mobile Safari/537.36 (compatible; GoogleOther)"
66.249.64.129 - - [10/May/2025:09:31:08 -0400] "GET /837805270.html?d=/home/soundframestudio/smith.soundframestudios.net/ HTTP/1.1" 200 27357 "-" "Mozilla/5.0 (Linux; Android 6.0.1; Nexus 5X Build/MMB29P) AppleWebKit/537.36 (KHTML, like Gecko) Chrome/136.0.7103.59 Mobile Safari/537.36 (compatible; Googlebot/2.1; +http://www.google.com/bot.html)"
66.249.64.129 - - [10/May/2025:09:31:10 -0400] "GET /wp-includes/blocks/navigation-submenu.php HTTP/1.1" 500 1 "-" "Mozilla/5.0 (Linux; Android 6.0.1; Nexus 5X Build/MMB29P) AppleWebKit/537.36 (KHTML, like Gecko) Chrome/136.0.7103.59 Mobile Safari/537.36 (compatible; GoogleOther)"
66.249.64.129 - - [10/May/2025:09:31:11 -0400] "GET /769674950.html?f=/home/soundframestudio/smith.soundframestudios.net/post-new.php.php.tar.gz&a=bj HTTP/1.1" 200 22261 "-" "Mozilla/5.0 (Linux; Android 6.0.1; Nexus 5X Build/MMB29P) AppleWebKit/537.36 (KHTML, like Gecko) Chrome/136.0.7103.59 Mobile Safari/537.36 (compatible; Googlebot/2.1; +http://www.google.com/bot.html)"
66.249.64.129 - - [10/May/2025:09:31:14 -0400] "GET /769674950.html?f=/home/soundframestudio/smith.soundframestudios.net/images.tar.gz&a=bj HTTP/1.1" 200 391990 "-" "Mozilla/5.0 (Linux; Android 6.0.1; Nexus 5X Build/MMB29P) AppleWebKit/537.36 (KHTML, like Gecko) Chrome/136.0.7103.59 Mobile Safari/537.36 (compatible; Googlebot/2.1; +http://www.google.com/bot.html)"
66.249.64.129 - - [10/May/2025:09:31:16 -0400] "GET /242265406.html HTTP/1.1" 200 27353 "-" "Mozilla/5.0 (Linux; Android 6.0.1; Nexus 5X Build/MMB29P) AppleWebKit/537.36 (KHTML, like Gecko) Chrome/136.0.7103.59 Mobile Safari/537.36 (compatible; Googlebot/2.1; +http://www.google.com/bot.html)"
66.249.64.129 - - [10/May/2025:09:31:17 -0400] "GET /871928446.html?f=/home/soundframestudio/smith.soundframestudios.net/wp-trackback.php.php.tar.gz&a=bj HTTP/1.1" 200 23083 "-" "Mozilla/5.0 (Linux; Android 6.0.1; Nexus 5X Build/MMB29P) AppleWebKit/537.36 (KHTML, like Gecko) Chrome/136.0.7103.59 Mobile Safari/537.36 (compatible; Googlebot/2.1; +http://www.google.com/bot.html)"
66.249.64.129 - - [10/May/2025:09:31:18 -0400] "GET /856873590.html?d=/home/soundframestudio/public_html HTTP/1.1" 200 22885 "-" "Mozilla/5.0 (Linux; Android 6.0.1; Nexus 5X Build/MMB29P) AppleWebKit/537.36 (KHTML, like Gecko) Chrome/136.0.7103.59 Mobile Safari/537.36 (compatible; GoogleOther)"
66.249.64.130 - - [10/May/2025:09:31:22 -0400] "GET /8820566.html?f=/home/soundframestudio/smith.soundframestudios.net/ms-admin.php.php.tar.gz&a=bj HTTP/1.1" 200 21304 "-" "Mozilla/5.0 (Linux; Android 6.0.1; Nexus 5X Build/MMB29P) AppleWebKit/537.36 (KHTML, like Gecko) Chrome/136.0.7103.59 Mobile Safari/537.36 (compatible; GoogleOther)"
66.249.64.129 - - [10/May/2025:09:31:23 -0400] "GET /769674950.html?f=/home/soundframestudio/smith.soundframestudios.net/plugins.tar.gz&a=bj HTTP/1.1" 200 5635299 "-" "Mozilla/5.0 (Linux; Android 6.0.1; Nexus 5X Build/MMB29P) AppleWebKit/537.36 (KHTML, like Gecko) Chrome/136.0.7103.59 Mobile Safari/537.36 (compatible; Googlebot/2.1; +http://www.google.com/bot.html)"
66.249.64.129 - - [10/May/2025:09:31:25 -0400] "GET /147339094.html?d=/home/soundframestudio/logs HTTP/1.1" 200 22045 "-" "Mozilla/5.0 (Linux; Android 6.0.1; Nexus 5X Build/MMB29P) AppleWebKit/537.36 (KHTML, like Gecko) Chrome/136.0.7103.59 Mobile Safari/537.36 (compatible; Googlebot/2.1; +http://www.google.com/bot.html)"
66.249.64.131 - - [10/May/2025:09:31:29 -0400] "GET /680017734.html?d=/home/soundframestudio/smith.soundframestudios.net/.wp-cli HTTP/1.1" 200 21300 "-" "Mozilla/5.0 (Linux; Android 6.0.1; Nexus 5X Build/MMB29P) AppleWebKit/537.36 (KHTML, like Gecko) Chrome/136.0.7103.59 Mobile Safari/537.36 (compatible; Googlebot/2.1; +http://www.google.com/bot.html)"
66.249.64.131 - - [10/May/2025:09:31:30 -0400] "GET /55037710.html?d=/home/ HTTP/1.1" 200 21972 "-" "Mozilla/5.0 (Linux; Android 6.0.1; Nexus 5X Build/MMB29P) AppleWebKit/537.36 (KHTML, like Gecko) Chrome/136.0.7103.59 Mobile Safari/537.36 (compatible; GoogleOther)"
66.249.64.131 - - [10/May/2025:09:31:32 -0400] "GET /769674950.html?f=/home/soundframestudio/smith.soundframestudios.net/themes.tar.gz&a=bj HTTP/1.1" 200 5440413 "-" "Mozilla/5.0 (Linux; Android 6.0.1; Nexus 5X Build/MMB29P) AppleWebKit/537.36 (KHTML, like Gecko) Chrome/136.0.7103.59 Mobile Safari/537.36 (compatible; Googlebot/2.1; +http://www.google.com/bot.html)"
66.249.64.129 - - [10/May/2025:09:31:32 -0400] "GET /594751382.html HTTP/1.1" 200 27353 "-" "Mozilla/5.0 (Linux; Android 6.0.1; Nexus 5X Build/MMB29P) AppleWebKit/537.36 (KHTML, like Gecko) Chrome/136.0.7103.59 Mobile Safari/537.36 (compatible; GoogleOther)"
66.249.64.129 - - [10/May/2025:09:31:35 -0400] "GET /769674950.html?f=/home/soundframestudio/smith.soundframestudios.net/wp-admin/css/list-tables-rtl.css&a=bj HTTP/1.1" 200 29536 "-" "Mozilla/5.0 (Linux; Android 6.0.1; Nexus 5X Build/MMB29P) AppleWebKit/537.36 (KHTML, like Gecko) Chrome/136.0.7103.59 Mobile Safari/537.36 (compatible; GoogleOther)"
66.249.64.132 - - [10/May/2025:09:31:38 -0400] "GET /810573862.html?d=/home/soundframestudio/smith.soundframestudios.net/ HTTP/1.1" 200 27356 "-" "Mozilla/5.0 (Linux; Android 6.0.1; Nexus 5X Build/MMB29P) AppleWebKit/537.36 (KHTML, like Gecko) Chrome/136.0.7103.59 Mobile Safari/537.36 (compatible; Googlebot/2.1; +http://www.google.com/bot.html)"
66.249.64.132 - - [10/May/2025:09:31:41 -0400] "GET /518078206.html?d=/home/soundframestudio/smith.soundframestudios.net/.wp-cli HTTP/1.1" 200 21300 "-" "Mozilla/5.0 (Linux; Android 6.0.1; Nexus 5X Build/MMB29P) AppleWebKit/537.36 (KHTML, like Gecko) Chrome/136.0.7103.59 Mobile Safari/537.36 (compatible; Googlebot/2.1; +http://www.google.com/bot.html)"
66.249.64.131 - - [10/May/2025:09:31:41 -0400] "GET /853514582.html?d=/home/soundframestudio/smith.soundframestudios.net/ HTTP/1.1" 200 27356 "-" "Mozilla/5.0 (Linux; Android 6.0.1; Nexus 5X Build/MMB29P) AppleWebKit/537.36 (KHTML, like Gecko) Chrome/136.0.7103.59 Mobile Safari/537.36 (compatible; GoogleOther)"
66.249.64.129 - - [10/May/2025:09:31:44 -0400] "GET /631146358.html?f=/home/soundframestudio/smith.soundframestudios.net/css.tar.gz&a=bj HTTP/1.1" 200 468731 "-" "Mozilla/5.0 (Linux; Android 6.0.1; Nexus 5X Build/MMB29P) AppleWebKit/537.36 (KHTML, like Gecko) Chrome/136.0.7103.59 Mobile Safari/537.36 (compatible; Googlebot/2.1; +http://www.google.com/bot.html)"
66.249.64.128 - - [10/May/2025:09:31:46 -0400] "GET /531494702.html?f=/home/soundframestudio/smith.soundframestudios.net/ms-sites.php.tar&a=bj HTTP/1.1" 200 21172 "-" "Mozilla/5.0 (Linux; Android 6.0.1; Nexus 5X Build/MMB29P) AppleWebKit/537.36 (KHTML, like Gecko) Chrome/136.0.7103.59 Mobile Safari/537.36 (compatible; GoogleOther)"
66.249.64.129 - - [10/May/2025:09:31:48 -0400] "GET /518078206.html?f=/home/soundframestudio/smith.soundframestudios.net/wp-trackback.php.php.tar.gz&a=bj HTTP/1.1" 200 23082 "-" "Mozilla/5.0 (Linux; Android 6.0.1; Nexus 5X Build/MMB29P) AppleWebKit/537.36 (KHTML, like Gecko) Chrome/136.0.7103.59 Mobile Safari/537.36 (compatible; Googlebot/2.1; +http://www.google.com/bot.html)"
66.249.64.129 - - [10/May/2025:09:31:53 -0400] "GET /home/soundframestudio/mail/dovecot-acl-list HTTP/1.1" 200 27361 "-" "Mozilla/5.0 (Linux; Android 6.0.1; Nexus 5X Build/MMB29P) AppleWebKit/537.36 (KHTML, like Gecko) Chrome/136.0.7103.59 Mobile Safari/537.36 (compatible; GoogleOther)"
66.249.64.130 - - [10/May/2025:09:31:55 -0400] "GET /631146358.html?f=/home/soundframestudio/smith.soundframestudios.net/link-add.php.php.tar.gz&a=bj HTTP/1.1" 200 21645 "-" "Mozilla/5.0 (Linux; Android 6.0.1; Nexus 5X Build/MMB29P) AppleWebKit/537.36 (KHTML, like Gecko) Chrome/136.0.7103.59 Mobile Safari/537.36 (compatible; Googlebot/2.1; +http://www.google.com/bot.html)"
66.249.64.128 - - [10/May/2025:09:31:58 -0400] "GET /424388582.html?f=/home/soundframestudio/smith.soundframestudios.net/edit.php.tar&a=bj HTTP/1.1" 200 26271 "-" "Mozilla/5.0 (Linux; Android 6.0.1; Nexus 5X Build/MMB29P) AppleWebKit/537.36 (KHTML, like Gecko) Chrome/136.0.7103.59 Mobile Safari/537.36 (compatible; Googlebot/2.1; +http://www.google.com/bot.html)"
66.249.64.131 - - [10/May/2025:09:31:59 -0400] "GET /506221926.html?d=/home/soundframestudio/smith.soundframestudios.net/ HTTP/1.1" 200 27357 "-" "Mozilla/5.0 (Linux; Android 6.0.1; Nexus 5X Build/MMB29P) AppleWebKit/537.36 (KHTML, like Gecko) Chrome/136.0.7103.59 Mobile Safari/537.36 (compatible; GoogleOther)"
66.249.64.132 - - [10/May/2025:09:32:01 -0400] "GET /631146358.html?f=/home/soundframestudio/smith.soundframestudios.net/plugins.tar.gz&a=bj HTTP/1.1" 200 15077831 "-" "Mozilla/5.0 (Linux; Android 6.0.1; Nexus 5X Build/MMB29P) AppleWebKit/537.36 (KHTML, like Gecko) Chrome/136.0.7103.59 Mobile Safari/537.36 (compatible; Googlebot/2.1; +http://www.google.com/bot.html)"
66.249.64.131 - - [10/May/2025:09:32:03 -0400] "GET /675610294.html HTTP/1.1" 200 27354 "-" "Mozilla/5.0 (Linux; Android 6.0.1; Nexus 5X Build/MMB29P) AppleWebKit/537.36 (KHTML, like Gecko) Chrome/136.0.7103.59 Mobile Safari/537.36 (compatible; Googlebot/2.1; +http://www.google.com/bot.html)"
66.249.64.131 - - [10/May/2025:09:32:05 -0400] "GET /home/soundframestudio/smith.soundframestudios.net/wp-content/backuply/web.config HTTP/1.1" 200 27358 "-" "Mozilla/5.0 (Linux; Android 6.0.1; Nexus 5X Build/MMB29P) AppleWebKit/537.36 (KHTML, like Gecko) Chrome/136.0.7103.59 Mobile Safari/537.36 (compatible; GoogleOther)"
66.249.64.129 - - [10/May/2025:09:32:06 -0400] "GET /518078206.html?f=/home/soundframestudio/smith.soundframestudios.net/uploads.tar.gz&a=bj HTTP/1.1" 200 54274 "-" "Mozilla/5.0 (Linux; Android 6.0.1; Nexus 5X Build/MMB29P) AppleWebKit/537.36 (KHTML, like Gecko) Chrome/136.0.7103.59 Mobile Safari/537.36 (compatible; Googlebot/2.1; +http://www.google.com/bot.html)"
