66.249.64.129 - - [10/May/2025:09:32:09 -0400] "GET /518078206.html?d=/home/soundframestudio/smith.soundframestudios.net HTTP/1.1" 200 27357 "-" "Mozilla/5.0 (Linux; Android 6.0.1; Nexus 5X Build/MMB29P) AppleWebKit/537.36 (KHTML, like Gecko) Chrome/136.0.7103.59 Mobile Safari/537.36 (compatible; Googlebot/2.1; +http://www.google.com/bot.html)"
66.249.64.131 - - [10/May/2025:09:32:10 -0400] "GET /506758870.html?f=/home/soundframestudio/smith.soundframestudios.net/wp-includes/post-formats.php&a=bj HTTP/1.1" 200 22779 "-" "Mozilla/5.0 (Linux; Android 6.0.1; Nexus 5X Build/MMB29P) AppleWebKit/537.36 (KHTML, like Gecko) Chrome/136.0.7103.59 Mobile Safari/537.36 (compatible; Googlebot/2.1; +http://www.google.com/bot.html)"
66.249.64.131 - - [10/May/2025:09:32:11 -0400] "GET /478002766.html?d=/home/soundframestudio/smith.soundframestudios.net/ HTTP/1.1" 200 27358 "-" "Mozilla/5.0 (Linux; Android 6.0.1; Nexus 5X Build/MMB29P) AppleWebKit/537.36 (KHTML, like Gecko) Chrome/136.0.7103.59 Mobile Safari/537.36 (compatible; GoogleOther)"
66.249.64.129 - - [10/May/2025:09:32:13 -0400] "GET /631146358.html?f=/home/soundframestudio/smith.soundframestudios.net/network.tar.gz&a=bj HTTP/1.1" 200 48239 "-" "Mozilla/5.0 (Linux; Android 6.0.1; Nexus 5X Build/MMB29P) AppleWebKit/537.36 (KHTML, like Gecko) Chrome/136.0.7103.59 Mobile Safari/537.36 (compatible; Googlebot/2.1; +http://www.google.com/bot.html)"
66.249.64.130 - - [10/May/2025:09:32:14 -0400] "GET /575518486.html HTTP/1.1" 200 27354 "-" "Mozilla/5.0 (Linux; Android 6.0.1; Nexus 5X Build/MMB29P) AppleWebKit/537.36 (KHTML, like Gecko) Chrome/136.0.7103.59 Mobile Safari/537.36 (compatible; GoogleOther)"
66.249.64.130 - - [10/May/2025:09:32:16 -0400] "GET /176138710.html?f=/home/soundframestudio/smith.soundframestudios.net/edit.css.tar&a=bj HTTP/1.1" 200 29083 "-" "Mozilla/5.0 (Linux; Android 6.0.1; Nexus 5X Build/MMB29P) AppleWebKit/537.36 (KHTML, like Gecko) Chrome/136.0.7103.59 Mobile Safari/537.36 (compatible; GoogleOther)"
3.12.153.221 - - [10/May/2025:09:32:17 -0400] "GET /'+elementorCommon.config.urls.assets+'images/'.%20esc_url(%20$preview%5B'image'%5D?a=bj&f=%2Fhome%2Fsoundframestudio%2Fpublic_html%2Fwp-includes%2Fblocks%2Flatest-posts%2Feditor-rtl.css HTTP/2.0" 200 21127 "-" "Mozilla/5.0 AppleWebKit/537.36 (KHTML, like Gecko; compatible; ClaudeBot/1.0; +claudebot@anthropic.com)"
3.12.153.221 - - [10/May/2025:09:32:17 -0400] "GET /'+elementorCommon.config.urls.assets+'images/'.%20esc_url(%20$preview['image']?a=bj&f=%2Fhome%2Fsoundframestudio%2Fsmith.soundframestudios.net%2Fwp-includes%2FSimplePie%2Fsrc%2FSanitize.php HTTP/2.0" 200 27253 "-" "Mozilla/5.0 AppleWebKit/537.36 (KHTML, like Gecko; compatible; ClaudeBot/1.0; +claudebot@anthropic.com)"
3.12.153.221 - - [10/May/2025:09:32:17 -0400] "GET /'+elementorCommon.config.urls.assets+'images/'.%20esc_url(%20$preview%5B'image'%5D?a=bj&f=%2Fhome%2Fsoundframestudio%2Fwww%2Fwp-includes%2Fjs%2Fdist%2Fcomponents.min.js HTTP/2.0" 200 232956 "-" "Mozilla/5.0 AppleWebKit/537.36 (KHTML, like Gecko; compatible; ClaudeBot/1.0; +claudebot@anthropic.com)"
3.12.153.221 - - [10/May/2025:09:32:17 -0400] "GET /'+elementorCommon.config.urls.assets+'images/'.%20esc_url(%20$preview%5B'image'%5D?a=bj&f=%2Fhome%2Fsoundframestudio%2Fpublic_html%2Fwp-includes%2Fblocks%2Fnavigation%2Fview.min.js HTTP/2.0" 200 22044 "-" "Mozilla/5.0 AppleWebKit/537.36 (KHTML, like Gecko; compatible; ClaudeBot/1.0; +claudebot@anthropic.com)"
3.12.153.221 - - [10/May/2025:09:32:17 -0400] "GET /'+elementorCommon.config.urls.assets+'images/'.%20esc_url(%20$preview%5B'image'%5D?a=bj&f=%2Fhome%2Fsoundframestudio%2Fwww%2Fwp-includes%2Fjs%2Fdist%2Fkeycodes.min.js HTTP/2.0" 200 22299 "-" "Mozilla/5.0 AppleWebKit/537.36 (KHTML, like Gecko; compatible; ClaudeBot/1.0; +claudebot@anthropic.com)"
3.12.153.221 - - [10/May/2025:09:32:18 -0400] "GET /'+elementorCommon.config.urls.assets+'images/'.%20esc_url(%20$preview%5B'image'%5D?a=bj&f=%2Fhome%2Fsoundframestudio%2Fpublic_html%2Fwp-includes%2Fblocks%2Fpost-comments-form%2Findex.php HTTP/2.0" 200 21067 "-" "Mozilla/5.0 AppleWebKit/537.36 (KHTML, like Gecko; compatible; ClaudeBot/1.0; +claudebot@anthropic.com)"
3.12.153.221 - - [10/May/2025:09:32:18 -0400] "GET /wp-content/maintenance/'+elementorCommon.config.urls.assets+'images/'.%20esc_url(%20$logo_src%20?a=bj&f=%2Fhome%2Fsoundframestudio%2Fwww%2Fwp-includes%2Fjs%2Fjson2.min.js HTTP/2.0" 200 1917 "-" "Mozilla/5.0 AppleWebKit/537.36 (KHTML, like Gecko; compatible; ClaudeBot/1.0; +claudebot@anthropic.com)"
3.12.153.221 - - [10/May/2025:09:32:18 -0400] "GET /'+elementorCommon.config.urls.assets+'images/'.%20esc_url(%20$preview%5B'image'%5D?a=bj&f=%2Fhome%2Fsoundframestudio%2Fpublic_html%2Fwp-includes%2Fblocks%2Fcode%2Feditor.min.css HTTP/2.0" 200 21079 "-" "Mozilla/5.0 AppleWebKit/537.36 (KHTML, like Gecko; compatible; ClaudeBot/1.0; +claudebot@anthropic.com)"
3.12.153.221 - - [10/May/2025:09:32:18 -0400] "GET /'+elementorCommon.config.urls.assets+'images/'.%20esc_url(%20$preview%5B'image'%5D?a=bj&f=%2Fhome%2Fsoundframestudio%2Fwww%2Fwp-includes%2Fjs%2Fdist%2Fa11y.js HTTP/2.0" 200 23373 "-" "Mozilla/5.0 AppleWebKit/537.36 (KHTML, like Gecko; compatible; ClaudeBot/1.0; +claudebot@anthropic.com)"
3.12.153.221 - - [10/May/2025:09:32:18 -0400] "GET /'+elementorCommon.config.urls.assets+'images/'.%20esc_url(%20$preview%5B'image'%5D?a=bj&f=%2Fhome%2Fsoundframestudio%2Fpublic_html%2Fwp-includes%2Fblocks%2Fcomments-pagination%2Feditor.css HTTP/2.0" 200 21185 "-" "Mozilla/5.0 AppleWebKit/537.36 (KHTML, like Gecko; compatible; ClaudeBot/1.0; +claudebot@anthropic.com)"
3.12.153.221 - - [10/May/2025:09:32:18 -0400] "GET /'+elementorCommon.config.urls.assets+'images/'.%20esc_url(%20$preview%5B'image'%5D?a=bj&f=%2Fhome%2Fsoundframestudio%2Fsmith.soundframestudios.net%2Fwp-includes%2Fjs%2Fjquery%2Fui%2Feffect-slide.min.js HTTP/2.0" 200 21527 "-" "Mozilla/5.0 AppleWebKit/537.36 (KHTML, like Gecko; compatible; ClaudeBot/1.0; +claudebot@anthropic.com)"
3.12.153.221 - - [10/May/2025:09:32:18 -0400] "GET /'+elementorCommon.config.urls.assets+'images/'.%20esc_url(%20$preview%5B'image'%5D?a=bj&f=%2Fhome%2Fsoundframestudio%2Fwww%2Fwp-includes%2Fjs%2Fdist%2Fprimitives.js HTTP/2.0" 200 22746 "-" "Mozilla/5.0 AppleWebKit/537.36 (KHTML, like Gecko; compatible; ClaudeBot/1.0; +claudebot@anthropic.com)"
3.12.153.221 - - [10/May/2025:09:32:18 -0400] "GET /'+elementorCommon.config.urls.assets+'images/'.%20esc_url(%20$preview%5B'image'%5D?a=bj&f=%2Fhome%2Fsoundframestudio%2Fpublic_html%2Fwp-includes%2Fblocks%2Fquery%2Fview.min.js HTTP/2.0" 200 21680 "-" "Mozilla/5.0 AppleWebKit/537.36 (KHTML, like Gecko; compatible; ClaudeBot/1.0; +claudebot@anthropic.com)"
3.12.153.221 - - [10/May/2025:09:32:18 -0400] "GET /'+elementorCommon.config.urls.assets+'images/'.%20esc_url(%20$preview%5B'image'%5D?a=bj&f=%2Fhome%2Fsoundframestudio%2Fwww%2Fwp-includes%2Fjs%2Fdist%2Fescape-html.js HTTP/2.0" 200 22818 "-" "Mozilla/5.0 AppleWebKit/537.36 (KHTML, like Gecko; compatible; ClaudeBot/1.0; +claudebot@anthropic.com)"
3.12.153.221 - - [10/May/2025:09:32:18 -0400] "GET /'+elementorCommon.config.urls.assets+'images/'.%20esc_url(%20$preview%5B'image'%5D?a=bj&f=%2Fhome%2Fsoundframestudio%2Fwww%2Fwp-includes%2Fjs%2Fdist%2Frouter.min.js HTTP/2.0" 200 26191 "-" "Mozilla/5.0 AppleWebKit/537.36 (KHTML, like Gecko; compatible; ClaudeBot/1.0; +claudebot@anthropic.com)"
3.12.153.221 - - [10/May/2025:09:32:18 -0400] "GET /'+elementorCommon.config.urls.assets+'images/'.%20esc_url(%20$preview%5B'image'%5D?a=bj&f=%2Fhome%2Fsoundframestudio%2Fpublic_html%2Fwp-includes%2Fblocks%2Fquery-pagination%2Feditor-rtl.css HTTP/2.0" 200 21124 "-" "Mozilla/5.0 AppleWebKit/537.36 (KHTML, like Gecko; compatible; ClaudeBot/1.0; +claudebot@anthropic.com)"
3.12.153.221 - - [10/May/2025:09:32:19 -0400] "GET /'+elementorCommon.config.urls.assets+'images/'.%20esc_url(%20$preview['image']?a=bj&f=%2Fhome%2Fsoundframestudio%2Fsmith.soundframestudios.net%2Fwp-includes%2FSimplePie%2Fsrc%2FParser.php HTTP/2.0" 200 29146 "-" "Mozilla/5.0 AppleWebKit/537.36 (KHTML, like Gecko; compatible; ClaudeBot/1.0; +claudebot@anthropic.com)"
3.12.153.221 - - [10/May/2025:09:32:19 -0400] "GET /'+elementorCommon.config.urls.assets+'images/'.%20esc_url(%20$preview%5B'image'%5D?a=bj&f=%2Fhome%2Fsoundframestudio%2Fwww%2Fwp-includes%2Fjs%2Fdist%2Fkeyboard-shortcuts.js HTTP/2.0" 200 25408 "-" "Mozilla/5.0 AppleWebKit/537.36 (KHTML, like Gecko; compatible; ClaudeBot/1.0; +claudebot@anthropic.com)"
3.12.153.221 - - [10/May/2025:09:32:19 -0400] "GET /'+elementorCommon.config.urls.assets+'images/'.%20esc_url(%20$preview%5B'image'%5D?a=bj&f=%2Fhome%2Fsoundframestudio%2Fsmith.soundframestudios.net%2Fwp-includes%2Fjs%2Fjquery%2Fui%2Fmenu.js HTTP/2.0" 200 26297 "-" "Mozilla/5.0 AppleWebKit/537.36 (KHTML, like Gecko; compatible; ClaudeBot/1.0; +claudebot@anthropic.com)"
66.249.64.131 - - [10/May/2025:09:32:19 -0400] "GET /home/soundframestudio/.caldav/soundframestudio HTTP/1.1" 200 27356 "-" "Mozilla/5.0 (Linux; Android 6.0.1; Nexus 5X Build/MMB29P) AppleWebKit/537.36 (KHTML, like Gecko) Chrome/136.0.7103.59 Mobile Safari/537.36 (compatible; GoogleOther)"
3.12.153.221 - - [10/May/2025:09:32:19 -0400] "GET /'+elementorCommon.config.urls.assets+'images/'.%20esc_url(%20$preview%5B'image'%5D?a=bj&f=%2Fhome%2Fsoundframestudio%2Fsmith.soundframestudios.net%2Fwp-includes%2Fjs%2Fjquery%2Fui%2Fselectable.js HTTP/2.0" 200 23004 "-" "Mozilla/5.0 AppleWebKit/537.36 (KHTML, like Gecko; compatible; ClaudeBot/1.0; +claudebot@anthropic.com)"
66.249.64.130 - - [10/May/2025:09:32:19 -0400] "GET /631146358.html?f=/home/soundframestudio/smith.soundframestudios.net/uploads.tar&a=bj HTTP/1.1" 500 921 "-" "Mozilla/5.0 (Linux; Android 6.0.1; Nexus 5X Build/MMB29P) AppleWebKit/537.36 (KHTML, like Gecko) Chrome/136.0.7103.59 Mobile Safari/537.36 (compatible; Googlebot/2.1; +http://www.google.com/bot.html)"
66.249.64.129 - - [10/May/2025:09:32:21 -0400] "GET /631146358.html?f=/home/soundframestudio/smith.soundframestudios.net/ms-admin.php.php.tar.gz&a=bj HTTP/1.1" 200 21306 "-" "Mozilla/5.0 (Linux; Android 6.0.1; Nexus 5X Build/MMB29P) AppleWebKit/537.36 (KHTML, like Gecko) Chrome/136.0.7103.59 Mobile Safari/537.36 (compatible; Googlebot/2.1; +http://www.google.com/bot.html)"
66.249.64.130 - - [10/May/2025:09:32:23 -0400] "GET /103455022.html?d=/home/soundframestudio/smith.soundframestudios.net/wp-includes/theme-compat HTTP/1.1" 200 21962 "-" "Mozilla/5.0 (Linux; Android 6.0.1; Nexus 5X Build/MMB29P) AppleWebKit/537.36 (KHTML, like Gecko) Chrome/136.0.7103.59 Mobile Safari/537.36 (compatible; GoogleOther)"
66.249.64.130 - - [10/May/2025:09:32:24 -0400] "GET /631146358.html?f=/home/soundframestudio/smith.soundframestudios.net/backuply.tar.gz&a=bj HTTP/1.1" 200 21808 "-" "Mozilla/5.0 (Linux; Android 6.0.1; Nexus 5X Build/MMB29P) AppleWebKit/537.36 (KHTML, like Gecko) Chrome/136.0.7103.59 Mobile Safari/537.36 (compatible; Googlebot/2.1; +http://www.google.com/bot.html)"
66.249.64.129 - - [10/May/2025:09:32:27 -0400] "GET /631146358.html?f=/home/soundframestudio/smith.soundframestudios.net/images.tar.gz&a=bj HTTP/1.1" 200 391990 "-" "Mozilla/5.0 (Linux; Android 6.0.1; Nexus 5X Build/MMB29P) AppleWebKit/537.36 (KHTML, like Gecko) Chrome/136.0.7103.59 Mobile Safari/537.36 (compatible; Googlebot/2.1; +http://www.google.com/bot.html)"
66.249.64.129 - - [10/May/2025:09:32:27 -0400] "GET /754949246.html HTTP/1.1" 200 27354 "-" "Mozilla/5.0 (Linux; Android 6.0.1; Nexus 5X Build/MMB29P) AppleWebKit/537.36 (KHTML, like Gecko) Chrome/136.0.7103.59 Mobile Safari/537.36 (compatible; GoogleOther)"
66.249.64.132 - - [10/May/2025:09:32:28 -0400] "GET /702572638.html HTTP/1.1" 200 27353 "-" "Mozilla/5.0 (Linux; Android 6.0.1; Nexus 5X Build/MMB29P) AppleWebKit/537.36 (KHTML, like Gecko) Chrome/136.0.7103.59 Mobile Safari/537.36 (compatible; Googlebot/2.1; +http://www.google.com/bot.html)"
66.249.64.129 - - [10/May/2025:09:32:29 -0400] "GET /search?category=&search_word=&restrict[]=person_id(int)=IBMV HTTP/1.1" 200 27392 "-" "Mozilla/5.0 (Linux; Android 6.0.1; Nexus 5X Build/MMB29P) AppleWebKit/537.36 (KHTML, like Gecko) Chrome/136.0.7103.59 Mobile Safari/537.36 (compatible; Googlebot/2.1; +http://www.google.com/bot.html)"
66.249.64.130 - - [10/May/2025:09:32:30 -0400] "GET /497691206.html?d=/home/soundframestudio/smith.soundframestudios.net/wp-includes/blocks/footnotes HTTP/1.1" 200 21620 "-" "Mozilla/5.0 (Linux; Android 6.0.1; Nexus 5X Build/MMB29P) AppleWebKit/537.36 (KHTML, like Gecko) Chrome/136.0.7103.59 Mobile Safari/537.36 (compatible; GoogleOther)"
66.249.64.132 - - [10/May/2025:09:32:34 -0400] "GET /631146358.html?f=/home/soundframestudio/smith.soundframestudios.net/themes.tar.gz&a=bj HTTP/1.1" 200 6947578 "-" "Mozilla/5.0 (Linux; Android 6.0.1; Nexus 5X Build/MMB29P) AppleWebKit/537.36 (KHTML, like Gecko) Chrome/136.0.7103.59 Mobile Safari/537.36 (compatible; Googlebot/2.1; +http://www.google.com/bot.html)"
66.249.64.130 - - [10/May/2025:09:32:35 -0400] "GET /631146358.html?f=/home/soundframestudio/smith.soundframestudios.net/post-new.php.php.tar.gz&a=bj HTTP/1.1" 200 22261 "-" "Mozilla/5.0 (Linux; Android 6.0.1; Nexus 5X Build/MMB29P) AppleWebKit/537.36 (KHTML, like Gecko) Chrome/136.0.7103.59 Mobile Safari/537.36 (compatible; Googlebot/2.1; +http://www.google.com/bot.html)"
66.249.64.129 - - [10/May/2025:09:32:36 -0400] "GET /497691206.html?d=/home/soundframestudio/smith.soundframestudios.net/wp-includes/blocks/pattern HTTP/1.1" 200 21398 "-" "Mozilla/5.0 (Linux; Android 6.0.1; Nexus 5X Build/MMB29P) AppleWebKit/537.36 (KHTML, like Gecko) Chrome/136.0.7103.59 Mobile Safari/537.36 (compatible; GoogleOther)"
66.249.64.128 - - [10/May/2025:09:32:38 -0400] "GET /104106814.html?d=/home/soundframestudio/smith.soundframestudios.net/ HTTP/1.1" 200 27357 "-" "Mozilla/5.0 (Linux; Android 6.0.1; Nexus 5X Build/MMB29P) AppleWebKit/537.36 (KHTML, like Gecko) Chrome/136.0.7103.59 Mobile Safari/537.36 (compatible; Googlebot/2.1; +http://www.google.com/bot.html)"
66.249.64.130 - - [10/May/2025:09:32:40 -0400] "GET /631146358.html?f=/home/soundframestudio/smith.soundframestudios.net/wp-blog-header.php.php.tar.gz&a=bj HTTP/1.1" 200 21372 "-" "Mozilla/5.0 (Linux; Android 6.0.1; Nexus 5X Build/MMB29P) AppleWebKit/537.36 (KHTML, like Gecko) Chrome/136.0.7103.59 Mobile Safari/537.36 (compatible; Googlebot/2.1; +http://www.google.com/bot.html)"
66.249.64.128 - - [10/May/2025:09:32:40 -0400] "GET /111857870.html?d=/home/soundframestudio/smith.soundframestudios.net/wp-admin/includes HTTP/1.1" 200 27010 "-" "Mozilla/5.0 (Linux; Android 6.0.1; Nexus 5X Build/MMB29P) AppleWebKit/537.36 (KHTML, like Gecko) Chrome/136.0.7103.59 Mobile Safari/537.36 (compatible; GoogleOther)"
66.249.64.128 - - [10/May/2025:09:32:41 -0400] "GET /631146358.html?f=/home/soundframestudio/smith.soundframestudios.net/revision.php.tar&a=bj HTTP/1.1" 200 22936 "-" "Mozilla/5.0 (Linux; Android 6.0.1; Nexus 5X Build/MMB29P) AppleWebKit/537.36 (KHTML, like Gecko) Chrome/136.0.7103.59 Mobile Safari/537.36 (compatible; Googlebot/2.1; +http://www.google.com/bot.html)"
66.249.64.128 - - [10/May/2025:09:32:44 -0400] "GET /273230558.html?d=/home/soundframestudio/smith.soundframestudios.net/ HTTP/1.1" 200 27357 "-" "Mozilla/5.0 (Linux; Android 6.0.1; Nexus 5X Build/MMB29P) AppleWebKit/537.36 (KHTML, like Gecko) Chrome/136.0.7103.59 Mobile Safari/537.36 (compatible; Googlebot/2.1; +http://www.google.com/bot.html)"
66.249.64.130 - - [10/May/2025:09:32:47 -0400] "GET /275637926.html?f=/home/soundframestudio/smith.soundframestudios.net/post-new.php.tar&a=bj HTTP/1.1" 200 22032 "-" "Mozilla/5.0 (Linux; Android 6.0.1; Nexus 5X Build/MMB29P) AppleWebKit/537.36 (KHTML, like Gecko) Chrome/136.0.7103.59 Mobile Safari/537.36 (compatible; Googlebot/2.1; +http://www.google.com/bot.html)"
66.249.64.131 - - [10/May/2025:09:32:48 -0400] "GET /file6.php?fm=true&edit=ms-users.php.tar&path=/home/soundframestudio/smith.soundframestudios.net/ HTTP/1.1" 200 8773 "-" "Mozilla/5.0 (Linux; Android 6.0.1; Nexus 5X Build/MMB29P) AppleWebKit/537.36 (KHTML, like Gecko) Chrome/136.0.7103.59 Mobile Safari/537.36 (compatible; GoogleOther)"
66.249.64.128 - - [10/May/2025:09:32:52 -0400] "GET /142626774.html?d=/home/soundframestudio/smith.soundframestudios.net/wp-content HTTP/1.1" 200 21971 "-" "Mozilla/5.0 (Linux; Android 6.0.1; Nexus 5X Build/MMB29P) AppleWebKit/537.36 (KHTML, like Gecko) Chrome/136.0.7103.59 Mobile Safari/537.36 (compatible; GoogleOther)"
66.249.64.130 - - [10/May/2025:09:32:55 -0400] "GET /311698126.html?f=/home/soundframestudio/smith.soundframestudios.net/maint.tar.gz&a=bj HTTP/1.1" 200 23900 "-" "Mozilla/5.0 (Linux; Android 6.0.1; Nexus 5X Build/MMB29P) AppleWebKit/537.36 (KHTML, like Gecko) Chrome/136.0.7103.59 Mobile Safari/537.36 (compatible; Googlebot/2.1; +http://www.google.com/bot.html)"
66.249.64.129 - - [10/May/2025:09:32:56 -0400] "GET /437952190.html HTTP/1.1" 200 27353 "-" "Mozilla/5.0 (Linux; Android 6.0.1; Nexus 5X Build/MMB29P) AppleWebKit/537.36 (KHTML, like Gecko) Chrome/136.0.7103.59 Mobile Safari/537.36 (compatible; Googlebot/2.1; +http://www.google.com/bot.html)"
66.249.64.131 - - [10/May/2025:09:32:58 -0400] "GET /311698126.html?f=/home/soundframestudio/smith.soundframestudios.net/media.php.tar&a=bj HTTP/1.1" 200 21366 "-" "Mozilla/5.0 (Linux; Android 6.0.1; Nexus 5X Build/MMB29P) AppleWebKit/537.36 (KHTML, like Gecko) Chrome/136.0.7103.59 Mobile Safari/537.36 (compatible; Googlebot/2.1; +http://www.google.com/bot.html)"
66.249.64.130 - - [10/May/2025:09:32:59 -0400] "GET /300121566.html HTTP/1.1" 200 27353 "-" "Mozilla/5.0 (Linux; Android 6.0.1; Nexus 5X Build/MMB29P) AppleWebKit/537.36 (KHTML, like Gecko) Chrome/136.0.7103.59 Mobile Safari/537.36 (compatible; GoogleOther)"
66.249.64.128 - - [10/May/2025:09:33:01 -0400] "GET /467276614.html?d=/home/soundframestudio/smith.soundframestudios.net/wp-admin HTTP/1.1" 200 26323 "-" "Mozilla/5.0 (Linux; Android 6.0.1; Nexus 5X Build/MMB29P) AppleWebKit/537.36 (KHTML, like Gecko) Chrome/136.0.7103.59 Mobile Safari/537.36 (compatible; Googlebot/2.1; +http://www.google.com/bot.html)"
66.249.64.129 - - [10/May/2025:09:33:01 -0400] "GET /842001366.html?f=/home/soundframestudio/smith.soundframestudios.net/wp-includes/js/customize-preview-widgets.js&a=bj HTTP/1.1" 200 26554 "-" "Mozilla/5.0 (Linux; Android 6.0.1; Nexus 5X Build/MMB29P) AppleWebKit/537.36 (KHTML, like Gecko) Chrome/136.0.7103.59 Mobile Safari/537.36 (compatible; GoogleOther)"
66.249.64.129 - - [10/May/2025:09:33:04 -0400] "GET /791977958.html?d=/ HTTP/1.1" 500 921 "-" "Mozilla/5.0 (Linux; Android 6.0.1; Nexus 5X Build/MMB29P) AppleWebKit/537.36 (KHTML, like Gecko) Chrome/136.0.7103.59 Mobile Safari/537.36 (compatible; Googlebot/2.1; +http://www.google.com/bot.html)"
66.249.64.128 - - [10/May/2025:09:33:04 -0400] "GET /home/soundframestudio/smith.soundframestudios.net/wp-admin/includes/edit-tag-messages.php HTTP/1.1" 200 27361 "-" "Mozilla/5.0 (Linux; Android 6.0.1; Nexus 5X Build/MMB29P) AppleWebKit/537.36 (KHTML, like Gecko) Chrome/136.0.7103.59 Mobile Safari/537.36 (compatible; GoogleOther)"
66.249.64.129 - - [10/May/2025:09:33:05 -0400] "GET /739690446.html HTTP/1.1" 200 27354 "-" "Mozilla/5.0 (Linux; Android 6.0.1; Nexus 5X Build/MMB29P) AppleWebKit/537.36 (KHTML, like Gecko) Chrome/136.0.7103.59 Mobile Safari/537.36 (compatible; Googlebot/2.1; +http://www.google.com/bot.html)"
66.249.64.129 - - [10/May/2025:09:33:07 -0400] "GET /497691206.html?d=/ HTTP/1.1" 500 921 "-" "Mozilla/5.0 (Linux; Android 6.0.1; Nexus 5X Build/MMB29P) AppleWebKit/537.36 (KHTML, like Gecko) Chrome/136.0.7103.59 Mobile Safari/537.36 (compatible; Googlebot/2.1; +http://www.google.com/bot.html)"
66.249.64.132 - - [10/May/2025:09:33:10 -0400] "GET /311698126.html?f=/home/soundframestudio/smith.soundframestudios.net/ms-edit.php.tar&a=bj HTTP/1.1" 200 21174 "-" "Mozilla/5.0 (Linux; Android 6.0.1; Nexus 5X Build/MMB29P) AppleWebKit/537.36 (KHTML, like Gecko) Chrome/136.0.7103.59 Mobile Safari/537.36 (compatible; Googlebot/2.1; +http://www.google.com/bot.html)"
66.249.64.131 - - [10/May/2025:09:33:14 -0400] "GET /44068542.html?f=/home/soundframestudio/.bashrc&a=bj HTTP/1.1" 200 21124 "-" "Mozilla/5.0 (Linux; Android 6.0.1; Nexus 5X Build/MMB29P) AppleWebKit/537.36 (KHTML, like Gecko) Chrome/136.0.7103.59 Mobile Safari/537.36 (compatible; GoogleOther)"
66.249.64.130 - - [10/May/2025:09:33:16 -0400] "GET /394774966.html?f=/home/soundframestudio/smith.soundframestudios.net/privacy.php.tar&a=bj HTTP/1.1" 200 21998 "-" "Mozilla/5.0 (Linux; Android 6.0.1; Nexus 5X Build/MMB29P) AppleWebKit/537.36 (KHTML, like Gecko) Chrome/136.0.7103.59 Mobile Safari/537.36 (compatible; Googlebot/2.1; +http://www.google.com/bot.html)"
66.249.64.130 - - [10/May/2025:09:33:17 -0400] "GET /353334966.html?d=/home/soundframestudio/smith.soundframestudios.net/wp-admin/css HTTP/1.1" 200 25562 "-" "Mozilla/5.0 (Linux; Android 6.0.1; Nexus 5X Build/MMB29P) AppleWebKit/537.36 (KHTML, like Gecko) Chrome/136.0.7103.59 Mobile Safari/537.36 (compatible; GoogleOther)"
66.249.64.129 - - [10/May/2025:09:33:19 -0400] "GET /394774966.html?d=/home/soundframestudio/smith.soundframestudios.net/ HTTP/1.1" 200 27358 "-" "Mozilla/5.0 (Linux; Android 6.0.1; Nexus 5X Build/MMB29P) AppleWebKit/537.36 (KHTML, like Gecko) Chrome/136.0.7103.59 Mobile Safari/537.36 (compatible; Googlebot/2.1; +http://www.google.com/bot.html)"
66.249.64.129 - - [10/May/2025:09:33:22 -0400] "GET /pcmypage?callback=product%2Fdetail%2FEFGIN12473624 HTTP/1.1" 200 27383 "-" "Mozilla/5.0 (Linux; Android 6.0.1; Nexus 5X Build/MMB29P) AppleWebKit/537.36 (KHTML, like Gecko) Chrome/136.0.7103.59 Mobile Safari/537.36 (compatible; Googlebot/2.1; +http://www.google.com/bot.html)"
66.249.64.130 - - [10/May/2025:09:33:23 -0400] "GET /pcmypage?d=/home/soundframestudio/smith.soundframestudios.net/.well-known HTTP/1.1" 200 21306 "-" "Mozilla/5.0 (Linux; Android 6.0.1; Nexus 5X Build/MMB29P) AppleWebKit/537.36 (KHTML, like Gecko) Chrome/136.0.7103.59 Mobile Safari/537.36 (compatible; Googlebot/2.1; +http://www.google.com/bot.html)"
66.249.64.129 - - [10/May/2025:09:33:24 -0400] "GET /408712422.html HTTP/1.1" 200 27353 "-" "Mozilla/5.0 (Linux; Android 6.0.1; Nexus 5X Build/MMB29P) AppleWebKit/537.36 (KHTML, like Gecko) Chrome/136.0.7103.59 Mobile Safari/537.36 (compatible; Googlebot/2.1; +http://www.google.com/bot.html)"
66.249.64.129 - - [10/May/2025:09:33:26 -0400] "GET /pcmypage?d=/home/ HTTP/1.1" 200 21966 "-" "Mozilla/5.0 (Linux; Android 6.0.1; Nexus 5X Build/MMB29P) AppleWebKit/537.36 (KHTML, like Gecko) Chrome/136.0.7103.59 Mobile Safari/537.36 (compatible; Googlebot/2.1; +http://www.google.com/bot.html)"
66.249.64.130 - - [10/May/2025:09:33:27 -0400] "GET /519837334.html HTTP/1.1" 200 27353 "-" "Mozilla/5.0 (Linux; Android 6.0.1; Nexus 5X Build/MMB29P) AppleWebKit/537.36 (KHTML, like Gecko) Chrome/136.0.7103.59 Mobile Safari/537.36 (compatible; GoogleOther)"
66.249.64.129 - - [10/May/2025:09:33:28 -0400] "GET /pcmypage?f=/home/soundframestudio/smith.soundframestudios.net/wp-trackback.php.php.tar.gz&a=bj HTTP/1.1" 200 23076 "-" "Mozilla/5.0 (Linux; Android 6.0.1; Nexus 5X Build/MMB29P) AppleWebKit/537.36 (KHTML, like Gecko) Chrome/136.0.7103.59 Mobile Safari/537.36 (compatible; Googlebot/2.1; +http://www.google.com/bot.html)"
66.249.64.129 - - [10/May/2025:09:33:29 -0400] "GET /531494702.html?f=/home/soundframestudio/smith.soundframestudios.net/wp-blog-header.php&a=bj HTTP/1.1" 200 21131 "-" "Mozilla/5.0 (Linux; Android 6.0.1; Nexus 5X Build/MMB29P) AppleWebKit/537.36 (KHTML, like Gecko) Chrome/136.0.7103.59 Mobile Safari/537.36 (compatible; GoogleOther)"
66.249.64.129 - - [10/May/2025:09:33:32 -0400] "GET /633541886.html?d=/home/soundframestudio/smith.soundframestudios.net/wp-content HTTP/1.1" 200 21971 "-" "Mozilla/5.0 (Linux; Android 6.0.1; Nexus 5X Build/MMB29P) AppleWebKit/537.36 (KHTML, like Gecko) Chrome/136.0.7103.59 Mobile Safari/537.36 (compatible; GoogleOther)"
66.249.64.130 - - [10/May/2025:09:33:34 -0400] "GET /153345822.html?d=/home/soundframestudio/smith.soundframestudios.net/wp-content HTTP/1.1" 200 21969 "-" "Mozilla/5.0 (Linux; Android 6.0.1; Nexus 5X Build/MMB29P) AppleWebKit/537.36 (KHTML, like Gecko) Chrome/136.0.7103.59 Mobile Safari/537.36 (compatible; Googlebot/2.1; +http://www.google.com/bot.html)"
66.249.64.130 - - [10/May/2025:09:33:36 -0400] "GET /335134518.html?f=/home/soundframestudio/smith.soundframestudios.net/wp-blog-header.php.php.tar.gz&a=bj HTTP/1.1" 200 21372 "-" "Mozilla/5.0 (Linux; Android 6.0.1; Nexus 5X Build/MMB29P) AppleWebKit/537.36 (KHTML, like Gecko) Chrome/136.0.7103.59 Mobile Safari/537.36 (compatible; Googlebot/2.1; +http://www.google.com/bot.html)"
66.249.64.130 - - [10/May/2025:09:33:37 -0400] "GET /400965510.html?d=/home/soundframestudio/smith.soundframestudios.net/wp-content/plugins/speedycache HTTP/1.1" 200 21738 "-" "Mozilla/5.0 (Linux; Android 6.0.1; Nexus 5X Build/MMB29P) AppleWebKit/537.36 (KHTML, like Gecko) Chrome/136.0.7103.59 Mobile Safari/537.36 (compatible; GoogleOther)"
3.135.182.208 - - [10/May/2025:09:33:38 -0400] "GET /'+elementorCommon.config.urls.assets+'images/'.%20esc_url(%20$preview['image']?a=bj&f=%2Fhome%2Fsoundframestudio%2Fsmith.soundframestudios.net%2Fwp-includes%2FSimplePie%2Fsrc%2FCache.php HTTP/2.0" 200 22985 "-" "Mozilla/5.0 AppleWebKit/537.36 (KHTML, like Gecko; compatible; ClaudeBot/1.0; +claudebot@anthropic.com)"
3.135.182.208 - - [10/May/2025:09:33:38 -0400] "GET /'+elementorCommon.config.urls.assets+'images/'.%20esc_url(%20$preview%5B'image'%5D?a=bj&f=%2Fhome%2Fsoundframestudio%2Fsmith.soundframestudios.net%2Fwp-includes%2Fjs%2Fjquery%2Fui%2Fdialog.min.js HTTP/2.0" 200 24672 "-" "Mozilla/5.0 AppleWebKit/537.36 (KHTML, like Gecko; compatible; ClaudeBot/1.0; +claudebot@anthropic.com)"
3.135.182.208 - - [10/May/2025:09:33:38 -0400] "GET /wp-content/maintenance/'+elementorCommon.config.urls.assets+'images/'.%20esc_url(%20$logo_src%20?a=bj&f=%2Fhome%2Fsoundframestudio%2Fwww%2Fwp-admin%2Fjs%2Fcommon.min.js HTTP/2.0" 200 8119 "-" "Mozilla/5.0 AppleWebKit/537.36 (KHTML, like Gecko; compatible; ClaudeBot/1.0; +claudebot@anthropic.com)"
3.135.182.208 - - [10/May/2025:09:33:38 -0400] "GET /'+elementorCommon.config.urls.assets+'images/'.%20esc_url(%20$preview%5B'image'%5D?a=bj&f=%2Fhome%2Fsoundframestudio%2Fsmith.soundframestudios.net%2Fwp-includes%2Fjs%2Fjquery%2Fui%2Fsortable.js HTTP/2.0" 200 32525 "-" "Mozilla/5.0 AppleWebKit/537.36 (KHTML, like Gecko; compatible; ClaudeBot/1.0; +claudebot@anthropic.com)"
3.135.182.208 - - [10/May/2025:09:33:38 -0400] "GET /'+elementorCommon.config.urls.assets+'images/'.%20esc_url(%20$preview%5B'image'%5D?a=bj&f=%2Fhome%2Fsoundframestudio%2Fwww%2Fwp-includes%2Fjs%2Fdist%2Fpreferences-persistence.js HTTP/2.0" 200 27958 "-" "Mozilla/5.0 AppleWebKit/537.36 (KHTML, like Gecko; compatible; ClaudeBot/1.0; +claudebot@anthropic.com)"
3.135.182.208 - - [10/May/2025:09:33:38 -0400] "GET /'+elementorCommon.config.urls.assets+'images/'.%20esc_url(%20$preview%5B'image'%5D?a=bj&f=%2Fhome%2Fsoundframestudio%2Fwww%2Fwp-includes%2FSimplePie%2Fsrc%2FAuthor.php HTTP/2.0" 200 22554 "-" "Mozilla/5.0 AppleWebKit/537.36 (KHTML, like Gecko; compatible; ClaudeBot/1.0; +claudebot@anthropic.com)"
3.135.182.208 - - [10/May/2025:09:33:38 -0400] "GET /'+elementorCommon.config.urls.assets+'images/'.%20esc_url(%20$preview%5B'image'%5D?a=bj&f=%2Fhome%2Fsoundframestudio%2Fsmith.soundframestudios.net%2Fwp-includes%2Fjs%2Fjquery%2Fui%2Ftabs.js HTTP/2.0" 200 27651 "-" "Mozilla/5.0 AppleWebKit/537.36 (KHTML, like Gecko; compatible; ClaudeBot/1.0; +claudebot@anthropic.com)"
3.135.182.208 - - [10/May/2025:09:33:38 -0400] "GET /'+elementorCommon.config.urls.assets+'images/'.%20esc_url(%20$preview%5B'image'%5D?a=bj&f=%2Fhome%2Fsoundframestudio%2Fwww%2Fwp-includes%2Fsodium_compat%2Fsrc%2FFile.php HTTP/2.0" 200 26662 "-" "Mozilla/5.0 AppleWebKit/537.36 (KHTML, like Gecko; compatible; ClaudeBot/1.0; +claudebot@anthropic.com)"
3.135.182.208 - - [10/May/2025:09:33:38 -0400] "GET /'+elementorCommon.config.urls.assets+'images/'.%20esc_url(%20$preview%5B'image'%5D?a=bj&f=%2Fhome%2Fsoundframestudio%2Fwww%2Fwp-includes%2FRequests%2Fsrc%2FTransport.php HTTP/2.0" 200 21529 "-" "Mozilla/5.0 AppleWebKit/537.36 (KHTML, like Gecko; compatible; ClaudeBot/1.0; +claudebot@anthropic.com)"
3.135.182.208 - - [10/May/2025:09:33:38 -0400] "GET /'+elementorCommon.config.urls.assets+'images/'.%20esc_url(%20$preview%5B'image'%5D?a=bj&f=%2Fhome%2Fsoundframestudio%2Fwww%2Fwp-includes%2Fjs%2Fdist%2Fblock-library.js HTTP/2.0" 200 372744 "-" "Mozilla/5.0 AppleWebKit/537.36 (KHTML, like Gecko; compatible; ClaudeBot/1.0; +claudebot@anthropic.com)"
3.135.182.208 - - [10/May/2025:09:33:38 -0400] "GET /'+elementorCommon.config.urls.assets+'images/'.%20esc_url(%20$preview%5B'image'%5D?a=bj&f=%2Fhome%2Fsoundframestudio%2Fpublic_html%2Fwp-includes%2Fblocks%2Fcode%2Fstyle-rtl.css HTTP/2.0" 200 21134 "-" "Mozilla/5.0 AppleWebKit/537.36 (KHTML, like Gecko; compatible; ClaudeBot/1.0; +claudebot@anthropic.com)"
3.135.182.208 - - [10/May/2025:09:33:39 -0400] "GET /'+elementorCommon.config.urls.assets+'images/'.%20esc_url(%20$preview%5B'image'%5D?a=bj&f=%2Fhome%2Fsoundframestudio%2Fwww%2Fwp-includes%2Fjs%2Fplupload%2Fwp-plupload.js HTTP/2.0" 200 25966 "-" "Mozilla/5.0 AppleWebKit/537.36 (KHTML, like Gecko; compatible; ClaudeBot/1.0; +claudebot@anthropic.com)"
3.135.182.208 - - [10/May/2025:09:33:39 -0400] "GET /'+elementorCommon.config.urls.assets+'images/'.%20esc_url(%20$preview%5B'image'%5D?a=bj&f=%2Fhome%2Fsoundframestudio%2Fpublic_html%2Fwp-includes%2Fblocks%2Fimage%2Fview.min.js HTTP/2.0" 200 22603 "-" "Mozilla/5.0 AppleWebKit/537.36 (KHTML, like Gecko; compatible; ClaudeBot/1.0; +claudebot@anthropic.com)"
3.135.182.208 - - [10/May/2025:09:33:39 -0400] "GET /'+elementorCommon.config.urls.assets+'images/'.%20esc_url(%20$preview['image']?a=bj&f=%2Fhome%2Fsoundframestudio%2Fsmith.soundframestudios.net%2Fwp-includes%2FSimplePie%2Fsrc%2FCaption.php HTTP/2.0" 200 22799 "-" "Mozilla/5.0 AppleWebKit/537.36 (KHTML, like Gecko; compatible; ClaudeBot/1.0; +claudebot@anthropic.com)"
3.135.182.208 - - [10/May/2025:09:33:39 -0400] "GET /'+elementorCommon.config.urls.assets+'images/'.%20esc_url(%20$preview%5B'image'%5D?a=bj&f=%2Fhome%2Fsoundframestudio%2Fwww%2Fwp-includes%2Fjs%2Fdist%2Fcore-data.min.js HTTP/2.0" 200 39739 "-" "Mozilla/5.0 AppleWebKit/537.36 (KHTML, like Gecko; compatible; ClaudeBot/1.0; +claudebot@anthropic.com)"
3.135.182.208 - - [10/May/2025:09:33:39 -0400] "GET /'+elementorCommon.config.urls.assets+'images/'.%20esc_url(%20$preview%5B'image'%5D?a=bj&f=%2Fhome%2Fsoundframestudio%2Fwww%2Fwp-includes%2Fjs%2Fplupload%2Fhandlers.js HTTP/2.0" 200 26745 "-" "Mozilla/5.0 AppleWebKit/537.36 (KHTML, like Gecko; compatible; ClaudeBot/1.0; +claudebot@anthropic.com)"
3.135.182.208 - - [10/May/2025:09:33:39 -0400] "GET /'+elementorCommon.config.urls.assets+'images/'.%20esc_url(%20$preview%5B'image'%5D?a=bj&f=%2Fhome%2Fsoundframestudio%2Fpublic_html%2Fwp-includes%2Fblocks%2Fshortcode%2Feditor-rtl.css HTTP/2.0" 200 21219 "-" "Mozilla/5.0 AppleWebKit/537.36 (KHTML, like Gecko; compatible; ClaudeBot/1.0; +claudebot@anthropic.com)"
3.135.182.208 - - [10/May/2025:09:33:39 -0400] "GET /'+elementorCommon.config.urls.assets+'images/'.%20esc_url(%20$preview%5B'image'%5D?a=bj&f=%2Fhome%2Fsoundframestudio%2Fwww%2Fwp-includes%2Fsodium_compat%2Fsrc%2FCompat.php HTTP/2.0" 200 37772 "-" "Mozilla/5.0 AppleWebKit/537.36 (KHTML, like Gecko; compatible; ClaudeBot/1.0; +claudebot@anthropic.com)"
3.135.182.208 - - [10/May/2025:09:33:39 -0400] "GET /'+elementorCommon.config.urls.assets+'images/'.%20esc_url(%20$preview%5B'image'%5D?a=bj&f=%2Fhome%2Fsoundframestudio%2Fwww%2Fwp-includes%2FRequests%2Fsrc%2FPort.php HTTP/2.0" 200 21578 "-" "Mozilla/5.0 AppleWebKit/537.36 (KHTML, like Gecko; compatible; ClaudeBot/1.0; +claudebot@anthropic.com)"
3.135.182.208 - - [10/May/2025:09:33:39 -0400] "GET /'+elementorCommon.config.urls.assets+'images/'.%20esc_url(%20$preview%5B'image'%5D?a=bj&f=%2Fhome%2Fsoundframestudio%2Fsmith.soundframestudios.net%2Fwp-includes%2Fjs%2Fjquery%2Fui%2Feffect-puff.js HTTP/2.0" 200 21488 "-" "Mozilla/5.0 AppleWebKit/537.36 (KHTML, like Gecko; compatible; ClaudeBot/1.0; +claudebot@anthropic.com)"
66.249.64.129 - - [10/May/2025:09:33:39 -0400] "GET /648633742.html?d=/home/soundframestudio/smith.soundframestudios.net/wp-content/upgrade HTTP/1.1" 200 21205 "-" "Mozilla/5.0 (Linux; Android 6.0.1; Nexus 5X Build/MMB29P) AppleWebKit/537.36 (KHTML, like Gecko) Chrome/136.0.7103.59 Mobile Safari/537.36 (compatible; GoogleOther)"
66.249.64.129 - - [10/May/2025:09:33:40 -0400] "GET /632321774.html?f=/home/soundframestudio/smith.soundframestudios.net/ms-sites.php.php.tar.gz&a=bj HTTP/1.1" 200 21306 "-" "Mozilla/5.0 (Linux; Android 6.0.1; Nexus 5X Build/MMB29P) AppleWebKit/537.36 (KHTML, like Gecko) Chrome/136.0.7103.59 Mobile Safari/537.36 (compatible; Googlebot/2.1; +http://www.google.com/bot.html)"
66.249.64.129 - - [10/May/2025:09:33:43 -0400] "GET /772993406.html?d=/home/soundframestudio/smith.soundframestudios.net/ HTTP/1.1" 200 27358 "-" "Mozilla/5.0 (Linux; Android 6.0.1; Nexus 5X Build/MMB29P) AppleWebKit/537.36 (KHTML, like Gecko) Chrome/136.0.7103.59 Mobile Safari/537.36 (compatible; Googlebot/2.1; +http://www.google.com/bot.html)"
66.249.64.129 - - [10/May/2025:09:33:49 -0400] "GET /wp-includes/blocks/image.php HTTP/1.1" 500 1 "-" "Mozilla/5.0 (Linux; Android 6.0.1; Nexus 5X Build/MMB29P) AppleWebKit/537.36 (KHTML, like Gecko) Chrome/136.0.7103.59 Mobile Safari/537.36 (compatible; GoogleOther)"
66.249.64.129 - - [10/May/2025:09:33:50 -0400] "GET /335134518.html?d=/home/soundframestudio/smith.soundframestudios.net/.wp-cli HTTP/1.1" 200 21300 "-" "Mozilla/5.0 (Linux; Android 6.0.1; Nexus 5X Build/MMB29P) AppleWebKit/537.36 (KHTML, like Gecko) Chrome/136.0.7103.59 Mobile Safari/537.36 (compatible; Googlebot/2.1; +http://www.google.com/bot.html)"
66.249.64.130 - - [10/May/2025:09:33:51 -0400] "GET /353334966.html?d=/home/soundframestudio/smith.soundframestudios.net/wp-admin/user HTTP/1.1" 200 21926 "-" "Mozilla/5.0 (Linux; Android 6.0.1; Nexus 5X Build/MMB29P) AppleWebKit/537.36 (KHTML, like Gecko) Chrome/136.0.7103.59 Mobile Safari/537.36 (compatible; GoogleOther)"
66.249.64.130 - - [10/May/2025:09:33:53 -0400] "GET /335134518.html?f=/home/soundframestudio/smith.soundframestudios.net/wp-settings.php&a=bj HTTP/1.1" 200 26561 "-" "Mozilla/5.0 (Linux; Android 6.0.1; Nexus 5X Build/MMB29P) AppleWebKit/537.36 (KHTML, like Gecko) Chrome/136.0.7103.59 Mobile Safari/537.36 (compatible; Googlebot/2.1; +http://www.google.com/bot.html)"
66.249.64.129 - - [10/May/2025:09:33:56 -0400] "GET /632321774.html?d=/home/soundframestudio/smith.soundframestudios.net/.wp-cli HTTP/1.1" 200 21300 "-" "Mozilla/5.0 (Linux; Android 6.0.1; Nexus 5X Build/MMB29P) AppleWebKit/537.36 (KHTML, like Gecko) Chrome/136.0.7103.59 Mobile Safari/537.36 (compatible; Googlebot/2.1; +http://www.google.com/bot.html)"
66.249.64.131 - - [10/May/2025:09:34:00 -0400] "GET /763928702.html?d=/home/soundframestudio/smith.soundframestudios.net/.well-known HTTP/1.1" 200 21310 "-" "Mozilla/5.0 (Linux; Android 6.0.1; Nexus 5X Build/MMB29P) AppleWebKit/537.36 (KHTML, like Gecko) Chrome/136.0.7103.59 Mobile Safari/537.36 (compatible; Googlebot/2.1; +http://www.google.com/bot.html)"
66.249.64.131 - - [10/May/2025:09:34:01 -0400] "GET /31858246.html?d=/home/soundframestudio/smith.soundframestudios.net/wp-includes/rest-api/fields HTTP/1.1" 200 21713 "-" "Mozilla/5.0 (Linux; Android 6.0.1; Nexus 5X Build/MMB29P) AppleWebKit/537.36 (KHTML, like Gecko) Chrome/136.0.7103.59 Mobile Safari/537.36 (compatible; GoogleOther)"
66.249.64.131 - - [10/May/2025:09:34:04 -0400] "GET /441717606.html?d=/home/soundframestudio/smith.soundframestudios.net/wp-content HTTP/1.1" 200 21971 "-" "Mozilla/5.0 (Linux; Android 6.0.1; Nexus 5X Build/MMB29P) AppleWebKit/537.36 (KHTML, like Gecko) Chrome/136.0.7103.59 Mobile Safari/537.36 (compatible; GoogleOther)"
66.249.64.129 - - [10/May/2025:09:34:06 -0400] "GET /729677358.html?d=/home/soundframestudio/smith.soundframestudios.net/wp-content HTTP/1.1" 200 21971 "-" "Mozilla/5.0 (Linux; Android 6.0.1; Nexus 5X Build/MMB29P) AppleWebKit/537.36 (KHTML, like Gecko) Chrome/136.0.7103.59 Mobile Safari/537.36 (compatible; Googlebot/2.1; +http://www.google.com/bot.html)"
66.249.64.129 - - [10/May/2025:09:34:08 -0400] "GET /816960062.html HTTP/1.1" 200 27353 "-" "Mozilla/5.0 (Linux; Android 6.0.1; Nexus 5X Build/MMB29P) AppleWebKit/537.36 (KHTML, like Gecko) Chrome/136.0.7103.59 Mobile Safari/537.36 (compatible; Googlebot/2.1; +http://www.google.com/bot.html)"
66.249.64.129 - - [10/May/2025:09:34:11 -0400] "GET /621750430.html?f=/home/soundframestudio/smith.soundframestudios.net/themes.tar&a=bj HTTP/1.1" 200 3789695 "-" "Mozilla/5.0 (Linux; Android 6.0.1; Nexus 5X Build/MMB29P) AppleWebKit/537.36 (KHTML, like Gecko) Chrome/136.0.7103.59 Mobile Safari/537.36 (compatible; Googlebot/2.1; +http://www.google.com/bot.html)"
66.249.64.129 - - [10/May/2025:09:34:13 -0400] "GET /847812438.html?d=/home/soundframestudio/smith.soundframestudios.net/ HTTP/1.1" 200 27358 "-" "Mozilla/5.0 (Linux; Android 6.0.1; Nexus 5X Build/MMB29P) AppleWebKit/537.36 (KHTML, like Gecko) Chrome/136.0.7103.59 Mobile Safari/537.36 (compatible; GoogleOther)"
66.249.64.129 - - [10/May/2025:09:34:15 -0400] "GET /335134518.html?f=/home/soundframestudio/smith.soundframestudios.net/ms-users.php.php.tar.gz&a=bj HTTP/1.1" 200 21307 "-" "Mozilla/5.0 (Linux; Android 6.0.1; Nexus 5X Build/MMB29P) AppleWebKit/537.36 (KHTML, like Gecko) Chrome/136.0.7103.59 Mobile Safari/537.36 (compatible; Googlebot/2.1; +http://www.google.com/bot.html)"
66.249.64.130 - - [10/May/2025:09:34:16 -0400] "GET /577019798.html?d=/home/soundframestudio/smith.soundframestudios.net/wp-admin/user HTTP/1.1" 200 21925 "-" "Mozilla/5.0 (Linux; Android 6.0.1; Nexus 5X Build/MMB29P) AppleWebKit/537.36 (KHTML, like Gecko) Chrome/136.0.7103.59 Mobile Safari/537.36 (compatible; GoogleOther)"
66.249.64.129 - - [10/May/2025:09:34:17 -0400] "GET /325236574.html?d=/ HTTP/1.1" 500 921 "-" "Mozilla/5.0 (Linux; Android 6.0.1; Nexus 5X Build/MMB29P) AppleWebKit/537.36 (KHTML, like Gecko) Chrome/136.0.7103.59 Mobile Safari/537.36 (compatible; Googlebot/2.1; +http://www.google.com/bot.html)"
66.249.64.131 - - [10/May/2025:09:34:18 -0400] "GET /335134518.html?f=/home/soundframestudio/smith.soundframestudios.net/ms-admin.php.php.tar.gz&a=bj HTTP/1.1" 200 21306 "-" "Mozilla/5.0 (Linux; Android 6.0.1; Nexus 5X Build/MMB29P) AppleWebKit/537.36 (KHTML, like Gecko) Chrome/136.0.7103.59 Mobile Safari/537.36 (compatible; Googlebot/2.1; +http://www.google.com/bot.html)"
66.249.64.130 - - [10/May/2025:09:34:19 -0400] "GET /225173182.html HTTP/1.1" 200 27353 "-" "Mozilla/5.0 (Linux; Android 6.0.1; Nexus 5X Build/MMB29P) AppleWebKit/537.36 (KHTML, like Gecko) Chrome/136.0.7103.59 Mobile Safari/537.36 (compatible; GoogleOther)"
66.249.64.131 - - [10/May/2025:09:34:22 -0400] "GET /814697438.html?f=/home/soundframestudio/smith.soundframestudios.net/plugins.tar.gz&a=bj HTTP/1.1" 200 5635299 "-" "Mozilla/5.0 (Linux; Android 6.0.1; Nexus 5X Build/MMB29P) AppleWebKit/537.36 (KHTML, like Gecko) Chrome/136.0.7103.59 Mobile Safari/537.36 (compatible; GoogleOther)"
66.249.64.130 - - [10/May/2025:09:34:25 -0400] "GET /621750430.html?f=/home/soundframestudio/smith.soundframestudios.net/privacy.php.php.tar.gz&a=bj HTTP/1.1" 200 22242 "-" "Mozilla/5.0 (Linux; Android 6.0.1; Nexus 5X Build/MMB29P) AppleWebKit/537.36 (KHTML, like Gecko) Chrome/136.0.7103.59 Mobile Safari/537.36 (compatible; Googlebot/2.1; +http://www.google.com/bot.html)"
66.249.64.129 - - [10/May/2025:09:34:25 -0400] "GET /410926502.html?d=/home/soundframestudio/smith.soundframestudios.net/wp-admin/css HTTP/1.1" 200 25561 "-" "Mozilla/5.0 (Linux; Android 6.0.1; Nexus 5X Build/MMB29P) AppleWebKit/537.36 (KHTML, like Gecko) Chrome/136.0.7103.59 Mobile Safari/537.36 (compatible; GoogleOther)"
66.249.64.130 - - [10/May/2025:09:34:27 -0400] "GET /699844110.html?d=/home/soundframestudio/smith.soundframestudios.net HTTP/1.1" 200 27357 "-" "Mozilla/5.0 (Linux; Android 6.0.1; Nexus 5X Build/MMB29P) AppleWebKit/537.36 (KHTML, like Gecko) Chrome/136.0.7103.59 Mobile Safari/537.36 (compatible; Googlebot/2.1; +http://www.google.com/bot.html)"
66.249.64.130 - - [10/May/2025:09:34:28 -0400] "GET /378964126.html?d=/home/soundframestudio/smith.soundframestudios.net HTTP/1.1" 200 27357 "-" "Mozilla/5.0 (Linux; Android 6.0.1; Nexus 5X Build/MMB29P) AppleWebKit/537.36 (KHTML, like Gecko) Chrome/136.0.7103.59 Mobile Safari/537.36 (compatible; GoogleOther)"
66.249.64.131 - - [10/May/2025:09:34:30 -0400] "GET /335134518.html?d=/home/soundframestudio/smith.soundframestudios.net/wp-content HTTP/1.1" 200 21971 "-" "Mozilla/5.0 (Linux; Android 6.0.1; Nexus 5X Build/MMB29P) AppleWebKit/537.36 (KHTML, like Gecko) Chrome/136.0.7103.59 Mobile Safari/537.36 (compatible; Googlebot/2.1; +http://www.google.com/bot.html)"
66.249.64.131 - - [10/May/2025:09:34:33 -0400] "GET /27398710.html HTTP/1.1" 200 27353 "-" "Mozilla/5.0 (Linux; Android 6.0.1; Nexus 5X Build/MMB29P) AppleWebKit/537.36 (KHTML, like Gecko) Chrome/136.0.7103.59 Mobile Safari/537.36 (compatible; Googlebot/2.1; +http://www.google.com/bot.html)"
66.249.64.132 - - [10/May/2025:09:34:33 -0400] "GET /745722038.html?d=/ HTTP/1.1" 500 921 "-" "Mozilla/5.0 (Linux; Android 6.0.1; Nexus 5X Build/MMB29P) AppleWebKit/537.36 (KHTML, like Gecko) Chrome/136.0.7103.59 Mobile Safari/537.36 (compatible; Googlebot/2.1; +http://www.google.com/bot.html)"
66.249.64.129 - - [10/May/2025:09:34:36 -0400] "GET /421579542.html HTTP/1.1" 200 27353 "-" "Mozilla/5.0 (Linux; Android 6.0.1; Nexus 5X Build/MMB29P) AppleWebKit/537.36 (KHTML, like Gecko) Chrome/136.0.7103.59 Mobile Safari/537.36 (compatible; Googlebot/2.1; +http://www.google.com/bot.html)"
66.249.64.131 - - [10/May/2025:09:34:37 -0400] "GET /file6.php?fm=true&edit=wp-settings.php&path=/home/soundframestudio/smith.soundframestudios.net/ HTTP/1.1" 200 14341 "-" "Mozilla/5.0 (Linux; Android 6.0.1; Nexus 5X Build/MMB29P) AppleWebKit/537.36 (KHTML, like Gecko) Chrome/136.0.7103.59 Mobile Safari/537.36 (compatible; GoogleOther)"
66.249.64.129 - - [10/May/2025:09:34:38 -0400] "GET /463066014.html?f=/home/soundframestudio/smith.soundframestudios.net/wp-trackback.php.php.tar.gz&a=bj HTTP/1.1" 200 23082 "-" "Mozilla/5.0 (Linux; Android 6.0.1; Nexus 5X Build/MMB29P) AppleWebKit/537.36 (KHTML, like Gecko) Chrome/136.0.7103.59 Mobile Safari/537.36 (compatible; Googlebot/2.1; +http://www.google.com/bot.html)"
66.249.64.129 - - [10/May/2025:09:34:40 -0400] "GET /54181086.html?d=/home/soundframestudio/smith.soundframestudios.net/ HTTP/1.1" 200 27356 "-" "Mozilla/5.0 (Linux; Android 6.0.1; Nexus 5X Build/MMB29P) AppleWebKit/537.36 (KHTML, like Gecko) Chrome/136.0.7103.59 Mobile Safari/537.36 (compatible; GoogleOther)"
66.249.64.131 - - [10/May/2025:09:34:41 -0400] "GET /765238206.html?d=/home/soundframestudio/smith.soundframestudios.net/ HTTP/1.1" 200 27357 "-" "Mozilla/5.0 (Linux; Android 6.0.1; Nexus 5X Build/MMB29P) AppleWebKit/537.36 (KHTML, like Gecko) Chrome/136.0.7103.59 Mobile Safari/537.36 (compatible; Googlebot/2.1; +http://www.google.com/bot.html)"
66.249.64.130 - - [10/May/2025:09:34:47 -0400] "GET /651540166.html?d=/ HTTP/1.1" 500 921 "-" "Mozilla/5.0 (Linux; Android 6.0.1; Nexus 5X Build/MMB29P) AppleWebKit/537.36 (KHTML, like Gecko) Chrome/136.0.7103.59 Mobile Safari/537.36 (compatible; Googlebot/2.1; +http://www.google.com/bot.html)"
66.249.64.129 - - [10/May/2025:09:34:49 -0400] "GET /765238206.html?d=/home/ HTTP/1.1" 200 21973 "-" "Mozilla/5.0 (Linux; Android 6.0.1; Nexus 5X Build/MMB29P) AppleWebKit/537.36 (KHTML, like Gecko) Chrome/136.0.7103.59 Mobile Safari/537.36 (compatible; Googlebot/2.1; +http://www.google.com/bot.html)"
66.249.64.128 - - [10/May/2025:09:34:50 -0400] "GET /31858246.html?d=/home/soundframestudio/smith.soundframestudios.net/wp-includes/css/ HTTP/1.1" 200 23434 "-" "Mozilla/5.0 (Linux; Android 6.0.1; Nexus 5X Build/MMB29P) AppleWebKit/537.36 (KHTML, like Gecko) Chrome/136.0.7103.59 Mobile Safari/537.36 (compatible; GoogleOther)"
66.249.64.131 - - [10/May/2025:09:34:53 -0400] "GET /725558518.html HTTP/1.1" 200 27353 "-" "Mozilla/5.0 (Linux; Android 6.0.1; Nexus 5X Build/MMB29P) AppleWebKit/537.36 (KHTML, like Gecko) Chrome/136.0.7103.59 Mobile Safari/537.36 (compatible; Googlebot/2.1; +http://www.google.com/bot.html)"
66.249.64.132 - - [10/May/2025:09:34:53 -0400] "GET /64008286.html?d=/home/ HTTP/1.1" 200 21972 "-" "Mozilla/5.0 (Linux; Android 6.0.1; Nexus 5X Build/MMB29P) AppleWebKit/537.36 (KHTML, like Gecko) Chrome/136.0.7103.59 Mobile Safari/537.36 (compatible; GoogleOther)"
66.249.64.132 - - [10/May/2025:09:34:55 -0400] "GET /627668358.html?d=/ HTTP/1.1" 500 921 "-" "Mozilla/5.0 (Linux; Android 6.0.1; Nexus 5X Build/MMB29P) AppleWebKit/537.36 (KHTML, like Gecko) Chrome/136.0.7103.59 Mobile Safari/537.36 (compatible; Googlebot/2.1; +http://www.google.com/bot.html)"
66.249.64.129 - - [10/May/2025:09:34:57 -0400] "GET /pcmypage?f=/home/soundframestudio/smith.soundframestudios.net/my-sites.php.php.tar.gz&a=bj HTTP/1.1" 200 23190 "-" "Mozilla/5.0 (Linux; Android 6.0.1; Nexus 5X Build/MMB29P) AppleWebKit/537.36 (KHTML, like Gecko) Chrome/136.0.7103.59 Mobile Safari/537.36 (compatible; Googlebot/2.1; +http://www.google.com/bot.html)"
66.249.64.131 - - [10/May/2025:09:34:59 -0400] "GET /456985286.html?d=/home/ HTTP/1.1" 200 21974 "-" "Mozilla/5.0 (Linux; Android 6.0.1; Nexus 5X Build/MMB29P) AppleWebKit/537.36 (KHTML, like Gecko) Chrome/136.0.7103.59 Mobile Safari/537.36 (compatible; Googlebot/2.1; +http://www.google.com/bot.html)"
66.249.64.128 - - [10/May/2025:09:35:02 -0400] "GET /126519342.html?d=/home/soundframestudio/smith.soundframestudios.net HTTP/1.1" 200 27356 "-" "Mozilla/5.0 (Linux; Android 6.0.1; Nexus 5X Build/MMB29P) AppleWebKit/537.36 (KHTML, like Gecko) Chrome/136.0.7103.59 Mobile Safari/537.36 (compatible; GoogleOther)"
66.249.64.131 - - [10/May/2025:09:35:05 -0400] "GET /wp-includes/blocks/post-excerpt.php HTTP/1.1" 500 1 "-" "Mozilla/5.0 (Linux; Android 6.0.1; Nexus 5X Build/MMB29P) AppleWebKit/537.36 (KHTML, like Gecko) Chrome/136.0.7103.59 Mobile Safari/537.36 (compatible; GoogleOther)"
66.249.64.128 - - [10/May/2025:09:35:06 -0400] "GET /137566654.html?d=/home/soundframestudio/smith.soundframestudios.net/.wp-cli HTTP/1.1" 200 21303 "-" "Mozilla/5.0 (Linux; Android 6.0.1; Nexus 5X Build/MMB29P) AppleWebKit/537.36 (KHTML, like Gecko) Chrome/136.0.7103.59 Mobile Safari/537.36 (compatible; Googlebot/2.1; +http://www.google.com/bot.html)"
66.249.64.131 - - [10/May/2025:09:35:08 -0400] "GET /250352422.html HTTP/1.1" 200 27353 "-" "Mozilla/5.0 (Linux; Android 6.0.1; Nexus 5X Build/MMB29P) AppleWebKit/537.36 (KHTML, like Gecko) Chrome/136.0.7103.59 Mobile Safari/537.36 (compatible; Googlebot/2.1; +http://www.google.com/bot.html)"
3.145.135.237 - - [10/May/2025:09:35:09 -0400] "GET /'+elementorCommon.config.urls.assets+'images/'.%20esc_url(%20$preview%5B'image'%5D?a=bj&f=%2Fhome%2Fsoundframestudio%2Fwww%2Fwp-admin%2Fjs%2Fwidgets%2Fmedia-image-widget.min.js HTTP/2.0" 200 21756 "-" "Mozilla/5.0 AppleWebKit/537.36 (KHTML, like Gecko; compatible; ClaudeBot/1.0; +claudebot@anthropic.com)"
3.145.135.237 - - [10/May/2025:09:35:09 -0400] "GET /'+elementorCommon.config.urls.assets+'images/'.%20esc_url(%20$preview%5B'image'%5D?a=bj&f=%2Fhome%2Fsoundframestudio%2Fsmith.soundframestudios.net%2Fwp-includes%2Fjs%2Fjquery%2Fui%2Feffect-fold.min.js HTTP/2.0" 200 21551 "-" "Mozilla/5.0 AppleWebKit/537.36 (KHTML, like Gecko; compatible; ClaudeBot/1.0; +claudebot@anthropic.com)"
3.145.135.237 - - [10/May/2025:09:35:09 -0400] "GET /'+elementorCommon.config.urls.assets+'images/'.%20esc_url(%20$preview%5B'image'%5D?a=bj&f=%2Fhome%2Fsoundframestudio%2Fpublic_html%2Fwp-includes%2Fblocks%2Fcomments-pagination%2Feditor-rtl.css HTTP/2.0" 200 21207 "-" "Mozilla/5.0 AppleWebKit/537.36 (KHTML, like Gecko; compatible; ClaudeBot/1.0; +claudebot@anthropic.com)"
3.145.135.237 - - [10/May/2025:09:35:09 -0400] "GET /wp-content/maintenance/'+elementorCommon.config.urls.assets+'images/'.%20esc_url(%20$logo_src%20?a=bj&f=%2Fhome%2Fsoundframestudio%2Fwww%2Fwp-admin%2Fjs%2Flink.min.js HTTP/2.0" 200 1263 "-" "Mozilla/5.0 AppleWebKit/537.36 (KHTML, like Gecko; compatible; ClaudeBot/1.0; +claudebot@anthropic.com)"
3.145.135.237 - - [10/May/2025:09:35:09 -0400] "GET /wp-content/maintenance/'+elementorCommon.config.urls.assets+'images/'.%20esc_url(%20$logo_src%20?a=bj&f=%2Fhome%2Fsoundframestudio%2Fwww%2Fwp-includes%2Fjs%2Fzxcvbn.min.js HTTP/2.0" 200 388794 "-" "Mozilla/5.0 AppleWebKit/537.36 (KHTML, like Gecko; compatible; ClaudeBot/1.0; +claudebot@anthropic.com)"
3.145.135.237 - - [10/May/2025:09:35:09 -0400] "GET /'+elementorCommon.config.urls.assets+'images/'.%20esc_url(%20$preview%5B'image'%5D?a=bj&f=%2Fhome%2Fsoundframestudio%2Fsmith.soundframestudios.net%2Fwp-includes%2Fjs%2Fjquery%2Fui%2Ftooltip.min.js HTTP/2.0" 200 23028 "-" "Mozilla/5.0 AppleWebKit/537.36 (KHTML, like Gecko; compatible; ClaudeBot/1.0; +claudebot@anthropic.com)"
3.145.135.237 - - [10/May/2025:09:35:09 -0400] "GET /'+elementorCommon.config.urls.assets+'images/'.%20esc_url(%20$preview%5B'image'%5D?a=bj&f=%2Fhome%2Fsoundframestudio%2Fwww%2Fwp-includes%2FSimplePie%2Fsrc%2FRestriction.php HTTP/2.0" 200 22648 "-" "Mozilla/5.0 AppleWebKit/537.36 (KHTML, like Gecko; compatible; ClaudeBot/1.0; +claudebot@anthropic.com)"
66.249.64.131 - - [10/May/2025:09:35:09 -0400] "GET /485729846.html?d=/home/soundframestudio/smith.soundframestudios.net/ HTTP/1.1" 200 27358 "-" "Mozilla/5.0 (Linux; Android 6.0.1; Nexus 5X Build/MMB29P) AppleWebKit/537.36 (KHTML, like Gecko) Chrome/136.0.7103.59 Mobile Safari/537.36 (compatible; Googlebot/2.1; +http://www.google.com/bot.html)"
