3.128.190.174 - - [10/May/2025:09:13:17 -0400] "GET /'+elementorCommon.config.urls.assets+'images/'.%20esc_url(%20$preview%5B'image'%5D?a=bj&f=%2Fhome%2Fsoundframestudio%2Fpublic_html%2Fwp-includes%2Fjs%2Fmediaelement%2Fmediaelement-migrate.js HTTP/2.0" 200 22132 "-" "Mozilla/5.0 AppleWebKit/537.36 (KHTML, like Gecko; compatible; ClaudeBot/1.0; +claudebot@anthropic.com)"
3.128.190.174 - - [10/May/2025:09:13:17 -0400] "GET /'+elementorCommon.config.urls.assets+'images/'.%20esc_url(%20$preview%5B'image'%5D?a=bj&f=%2Fhome%2Fsoundframestudio%2Fpublic_html%2Fwp-includes%2Fjs%2Fjquery%2Fjquery.hotkeys.min.js HTTP/2.0" 200 21956 "-" "Mozilla/5.0 AppleWebKit/537.36 (KHTML, like Gecko; compatible; ClaudeBot/1.0; +claudebot@anthropic.com)"
3.128.190.174 - - [10/May/2025:09:13:17 -0400] "GET /'+elementorCommon.config.urls.assets+'images/'.%20esc_url(%20$preview%5B'image'%5D?a=bj&f=%2Fhome%2Fsoundframestudio%2Fpublic_html%2Fwp-includes%2Fjs%2Fdist%2Fdom.js HTTP/2.0" 200 35687 "-" "Mozilla/5.0 AppleWebKit/537.36 (KHTML, like Gecko; compatible; ClaudeBot/1.0; +claudebot@anthropic.com)"
3.128.190.174 - - [10/May/2025:09:13:17 -0400] "GET /'+elementorCommon.config.urls.assets+'images/'.%20esc_url(%20$preview%5B'image'%5D?a=bj&f=%2Fhome%2Fsoundframestudio%2Fpublic_html%2Fwp-admin%2Fjs%2Fwidgets%2Fmedia-audio-widget.js HTTP/2.0" 200 22334 "-" "Mozilla/5.0 AppleWebKit/537.36 (KHTML, like Gecko; compatible; ClaudeBot/1.0; +claudebot@anthropic.com)"
3.128.190.174 - - [10/May/2025:09:13:17 -0400] "GET /'+elementorCommon.config.urls.assets+'images/'.%20esc_url(%20$preview%5B'image'%5D?a=bj&f=%2Fhome%2Fsoundframestudio%2Fpublic_html%2Fwp-includes%2Fjs%2Fdist%2Fdom-ready.js HTTP/2.0" 200 21901 "-" "Mozilla/5.0 AppleWebKit/537.36 (KHTML, like Gecko; compatible; ClaudeBot/1.0; +claudebot@anthropic.com)"
66.249.64.129 - - [10/May/2025:09:13:17 -0400] "GET /666532862.html?d=/home/soundframestudio/smith.soundframestudios.net/wp-includes/blocks/text-columns HTTP/1.1" 200 21871 "-" "Mozilla/5.0 (Linux; Android 6.0.1; Nexus 5X Build/MMB29P) AppleWebKit/537.36 (KHTML, like Gecko) Chrome/136.0.7103.59 Mobile Safari/537.36 (compatible; GoogleOther)"
3.128.190.174 - - [10/May/2025:09:13:17 -0400] "GET /'+elementorCommon.config.urls.assets+'images/'.%20esc_url(%20$preview%5B'image'%5D?a=bj&f=%2Fhome%2Fsoundframestudio%2Fpublic_html%2Fwp-includes%2Fjs%2Fplupload%2Fmoxie.js HTTP/2.0" 200 83422 "-" "Mozilla/5.0 AppleWebKit/537.36 (KHTML, like Gecko; compatible; ClaudeBot/1.0; +claudebot@anthropic.com)"
3.128.190.174 - - [10/May/2025:09:13:17 -0400] "GET /'+elementorCommon.config.urls.assets+'images/'.%20esc_url(%20$preview%5B'image'%5D?a=bj&f=%2Fhome%2Fsoundframestudio%2Fpublic_html%2Fwp-includes%2Fjs%2Fcodemirror%2Fesprima.js HTTP/2.0" 200 62279 "-" "Mozilla/5.0 AppleWebKit/537.36 (KHTML, like Gecko; compatible; ClaudeBot/1.0; +claudebot@anthropic.com)"
3.128.190.174 - - [10/May/2025:09:13:17 -0400] "GET /'+elementorCommon.config.urls.assets+'images/'.%20esc_url(%20$preview%5B'image'%5D?a=bj&f=%2Fhome%2Fsoundframestudio%2Fpublic_html%2Fwp-includes%2FRequests%2Fsrc%2FHooks.php HTTP/2.0" 200 21968 "-" "Mozilla/5.0 AppleWebKit/537.36 (KHTML, like Gecko; compatible; ClaudeBot/1.0; +claudebot@anthropic.com)"
3.128.190.174 - - [10/May/2025:09:13:17 -0400] "GET /'+elementorCommon.config.urls.assets+'images/'.%20esc_url(%20$preview%5B'image'%5D?a=bj&f=%2Fhome%2Fsoundframestudio%2Fpublic_html%2Fwp-includes%2Fjs%2Fdist%2Fannotations.min.js HTTP/2.0" 200 22968 "-" "Mozilla/5.0 AppleWebKit/537.36 (KHTML, like Gecko; compatible; ClaudeBot/1.0; +claudebot@anthropic.com)"
3.128.190.174 - - [10/May/2025:09:13:17 -0400] "GET /'+elementorCommon.config.urls.assets+'images/'.%20esc_url(%20$preview%5B'image'%5D?a=bj&f=%2Fhome%2Fsoundframestudio%2Fpublic_html%2Fwp-admin%2Fjs%2Fwidgets%2Fmedia-image-widget.min.js HTTP/2.0" 200 21749 "-" "Mozilla/5.0 AppleWebKit/537.36 (KHTML, like Gecko; compatible; ClaudeBot/1.0; +claudebot@anthropic.com)"
3.128.190.174 - - [10/May/2025:09:13:18 -0400] "GET /'+elementorCommon.config.urls.assets+'images/'.%20esc_url(%20$preview%5B'image'%5D?a=bj&f=%2Fhome%2Fsoundframestudio%2Fpublic_html%2Fwp-includes%2Fjs%2Fdist%2Fblock-directory.js HTTP/2.0" 200 38956 "-" "Mozilla/5.0 AppleWebKit/537.36 (KHTML, like Gecko; compatible; ClaudeBot/1.0; +claudebot@anthropic.com)"
3.128.190.174 - - [10/May/2025:09:13:18 -0400] "GET /'+elementorCommon.config.urls.assets+'images/'.%20esc_url(%20$preview%5B'image'%5D?a=bj&f=%2Fhome%2Fsoundframestudio%2Fpublic_html%2Fwp-includes%2Fjs%2Fmediaelement%2Fwp-mediaelement.js HTTP/2.0" 200 22018 "-" "Mozilla/5.0 AppleWebKit/537.36 (KHTML, like Gecko; compatible; ClaudeBot/1.0; +claudebot@anthropic.com)"
3.128.190.174 - - [10/May/2025:09:13:18 -0400] "GET /'+elementorCommon.config.urls.assets+'images/'.%20esc_url(%20$preview%5B'image'%5D?a=bj&f=%2Fhome%2Fsoundframestudio%2Fwww%2Fwp-includes%2Fjs%2Fdist%2Fblock-serialization-default-parser.min.js HTTP/2.0" 200 22060 "-" "Mozilla/5.0 AppleWebKit/537.36 (KHTML, like Gecko; compatible; ClaudeBot/1.0; +claudebot@anthropic.com)"
3.128.190.174 - - [10/May/2025:09:13:18 -0400] "GET /'+elementorCommon.config.urls.assets+'images/'.%20esc_url(%20$preview%5B'image'%5D?a=bj&f=%2Fhome%2Fsoundframestudio%2Fpublic_html%2Fwp-includes%2FRequests%2Fsrc%2FIdnaEncoder.php HTTP/2.0" 200 24866 "-" "Mozilla/5.0 AppleWebKit/537.36 (KHTML, like Gecko; compatible; ClaudeBot/1.0; +claudebot@anthropic.com)"
3.128.190.174 - - [10/May/2025:09:13:18 -0400] "GET /'+elementorCommon.config.urls.assets+'images/'.%20esc_url(%20$preview['image']?a=bj&f=%2Fhome%2Fsoundframestudio%2Fsmith.soundframestudios.net%2Fwp-includes%2Fjs%2Fjquery%2Fjquery-migrate.js HTTP/2.0" 200 30795 "-" "Mozilla/5.0 AppleWebKit/537.36 (KHTML, like Gecko; compatible; ClaudeBot/1.0; +claudebot@anthropic.com)"
3.128.190.174 - - [10/May/2025:09:13:18 -0400] "GET /'+elementorCommon.config.urls.assets+'images/'.%20esc_url(%20$preview%5B'image'%5D?a=bj&f=%2Fhome%2Fsoundframestudio%2Fwww%2Fwp-includes%2Fjs%2Fjquery%2Fjquery.form.js HTTP/2.0" 200 33848 "-" "Mozilla/5.0 AppleWebKit/537.36 (KHTML, like Gecko; compatible; ClaudeBot/1.0; +claudebot@anthropic.com)"
3.128.190.174 - - [10/May/2025:09:13:18 -0400] "GET /'+elementorCommon.config.urls.assets+'images/'.%20esc_url(%20$preview%5B'image'%5D?a=bj&f=%2Fhome%2Fsoundframestudio%2Fpublic_html%2Fwp-includes%2FRequests%2Fsrc%2FSsl.php HTTP/2.0" 200 22759 "-" "Mozilla/5.0 AppleWebKit/537.36 (KHTML, like Gecko; compatible; ClaudeBot/1.0; +claudebot@anthropic.com)"
3.128.190.174 - - [10/May/2025:09:13:18 -0400] "GET /'+elementorCommon.config.urls.assets+'images/'.%20esc_url(%20$preview%5B'image'%5D?a=bj&f=%2Fhome%2Fsoundframestudio%2Fpublic_html%2Fwp-includes%2Fjs%2Fdist%2Fprivate-apis.min.js HTTP/2.0" 200 21870 "-" "Mozilla/5.0 AppleWebKit/537.36 (KHTML, like Gecko; compatible; ClaudeBot/1.0; +claudebot@anthropic.com)"
3.128.190.174 - - [10/May/2025:09:13:18 -0400] "GET /'+elementorCommon.config.urls.assets+'images/'.%20esc_url(%20$preview%5B'image'%5D?a=bj&f=%2Fhome%2Fsoundframestudio%2Fpublic_html%2Fwp-includes%2Fjs%2Fdist%2Fdata.js HTTP/2.0" 200 53922 "-" "Mozilla/5.0 AppleWebKit/537.36 (KHTML, like Gecko; compatible; ClaudeBot/1.0; +claudebot@anthropic.com)"
3.128.190.174 - - [10/May/2025:09:13:18 -0400] "GET /'+elementorCommon.config.urls.assets+'images/'.%20esc_url(%20$preview%5B'image'%5D?a=bj&f=%2Fhome%2Fsoundframestudio%2Fwww%2Fwp-includes%2Fjs%2Fjquery%2Fjquery-migrate.min.js HTTP/2.0" 200 25580 "-" "Mozilla/5.0 AppleWebKit/537.36 (KHTML, like Gecko; compatible; ClaudeBot/1.0; +claudebot@anthropic.com)"
66.249.64.129 - - [10/May/2025:09:13:19 -0400] "GET /666532862.html?f=/home/soundframestudio/smith.soundframestudios.net/ms-users.php.php.tar.gz&a=bj HTTP/1.1" 200 21306 "-" "Mozilla/5.0 (Linux; Android 6.0.1; Nexus 5X Build/MMB29P) AppleWebKit/537.36 (KHTML, like Gecko) Chrome/136.0.7103.59 Mobile Safari/537.36 (compatible; Googlebot/2.1; +http://www.google.com/bot.html)"
66.249.64.129 - - [10/May/2025:09:13:22 -0400] "GET /478002766.html?d=/home/ HTTP/1.1" 200 21973 "-" "Mozilla/5.0 (Linux; Android 6.0.1; Nexus 5X Build/MMB29P) AppleWebKit/537.36 (KHTML, like Gecko) Chrome/136.0.7103.59 Mobile Safari/537.36 (compatible; GoogleOther)"
66.249.64.129 - - [10/May/2025:09:13:22 -0400] "GET /666532862.html?f=/home/soundframestudio/smith.soundframestudios.net/images.tar.gz&a=bj HTTP/1.1" 200 391990 "-" "Mozilla/5.0 (Linux; Android 6.0.1; Nexus 5X Build/MMB29P) AppleWebKit/537.36 (KHTML, like Gecko) Chrome/136.0.7103.59 Mobile Safari/537.36 (compatible; Googlebot/2.1; +http://www.google.com/bot.html)"
66.249.64.129 - - [10/May/2025:09:13:25 -0400] "GET /666532862.html?f=/home/soundframestudio/smith.soundframestudios.net/user-new.php.php.tar.gz&a=bj HTTP/1.1" 200 27779 "-" "Mozilla/5.0 (Linux; Android 6.0.1; Nexus 5X Build/MMB29P) AppleWebKit/537.36 (KHTML, like Gecko) Chrome/136.0.7103.59 Mobile Safari/537.36 (compatible; Googlebot/2.1; +http://www.google.com/bot.html)"
66.249.64.129 - - [10/May/2025:09:13:26 -0400] "GET /813023558.html?d=/home/soundframestudio/smith.soundframestudios.net/wp-content/ HTTP/1.1" 200 21970 "-" "Mozilla/5.0 (Linux; Android 6.0.1; Nexus 5X Build/MMB29P) AppleWebKit/537.36 (KHTML, like Gecko) Chrome/136.0.7103.59 Mobile Safari/537.36 (compatible; GoogleOther)"
66.249.64.129 - - [10/May/2025:09:13:28 -0400] "GET /666532862.html?f=/home/soundframestudio/smith.soundframestudios.net/ms-edit.php.php.tar.gz&a=bj HTTP/1.1" 200 21320 "-" "Mozilla/5.0 (Linux; Android 6.0.1; Nexus 5X Build/MMB29P) AppleWebKit/537.36 (KHTML, like Gecko) Chrome/136.0.7103.59 Mobile Safari/537.36 (compatible; Googlebot/2.1; +http://www.google.com/bot.html)"
66.249.64.129 - - [10/May/2025:09:13:29 -0400] "GET /823926422.html?f=/home/soundframestudio/smith.soundframestudios.net/index.php&a=bj HTTP/1.1" 200 21128 "-" "Mozilla/5.0 (Linux; Android 6.0.1; Nexus 5X Build/MMB29P) AppleWebKit/537.36 (KHTML, like Gecko) Chrome/136.0.7103.59 Mobile Safari/537.36 (compatible; GoogleOther)"
66.249.64.129 - - [10/May/2025:09:13:30 -0400] "GET /790225342.html HTTP/1.1" 200 27353 "-" "Mozilla/5.0 (Linux; Android 6.0.1; Nexus 5X Build/MMB29P) AppleWebKit/537.36 (KHTML, like Gecko) Chrome/136.0.7103.59 Mobile Safari/537.36 (compatible; Googlebot/2.1; +http://www.google.com/bot.html)"
66.249.64.129 - - [10/May/2025:09:13:31 -0400] "GET /766080622.html HTTP/1.1" 200 27353 "-" "Mozilla/5.0 (Linux; Android 6.0.1; Nexus 5X Build/MMB29P) AppleWebKit/537.36 (KHTML, like Gecko) Chrome/136.0.7103.59 Mobile Safari/537.36 (compatible; Googlebot/2.1; +http://www.google.com/bot.html)"
66.249.64.130 - - [10/May/2025:09:13:32 -0400] "GET /111857870.html?d=/home/soundframestudio/smith.soundframestudios.net/wp-includes/block-bindings HTTP/1.1" 200 21463 "-" "Mozilla/5.0 (Linux; Android 6.0.1; Nexus 5X Build/MMB29P) AppleWebKit/537.36 (KHTML, like Gecko) Chrome/136.0.7103.59 Mobile Safari/537.36 (compatible; GoogleOther)"
66.249.64.129 - - [10/May/2025:09:13:33 -0400] "GET /867571918.html?f=/home/soundframestudio/smith.soundframestudios.net/wp-config.php&a=bj HTTP/1.1" 200 22659 "-" "Mozilla/5.0 (Linux; Android 6.0.1; Nexus 5X Build/MMB29P) AppleWebKit/537.36 (KHTML, like Gecko) Chrome/136.0.7103.59 Mobile Safari/537.36 (compatible; Googlebot/2.1; +http://www.google.com/bot.html)"
66.249.64.130 - - [10/May/2025:09:13:38 -0400] "GET /549607830.html?d=/home/soundframestudio/smith.soundframestudios.net/wp-admin HTTP/1.1" 200 26323 "-" "Mozilla/5.0 (Linux; Android 6.0.1; Nexus 5X Build/MMB29P) AppleWebKit/537.36 (KHTML, like Gecko) Chrome/136.0.7103.59 Mobile Safari/537.36 (compatible; Googlebot/2.1; +http://www.google.com/bot.html)"
66.249.64.130 - - [10/May/2025:09:13:38 -0400] "GET /111857870.html?d=/home/soundframestudio/smith.soundframestudios.net/wp-includes/block-supports HTTP/1.1" 200 22440 "-" "Mozilla/5.0 (Linux; Android 6.0.1; Nexus 5X Build/MMB29P) AppleWebKit/537.36 (KHTML, like Gecko) Chrome/136.0.7103.59 Mobile Safari/537.36 (compatible; GoogleOther)"
66.249.64.129 - - [10/May/2025:09:13:40 -0400] "GET /609127806.html?d=/home/soundframestudio/smith.soundframestudios.net/.wp-cli HTTP/1.1" 200 21300 "-" "Mozilla/5.0 (Linux; Android 6.0.1; Nexus 5X Build/MMB29P) AppleWebKit/537.36 (KHTML, like Gecko) Chrome/136.0.7103.59 Mobile Safari/537.36 (compatible; Googlebot/2.1; +http://www.google.com/bot.html)"
66.249.64.130 - - [10/May/2025:09:13:41 -0400] "GET /497691206.html?d=/home/soundframestudio/smith.soundframestudios.net/wp-includes/interactivity-api/ HTTP/1.1" 200 21530 "-" "Mozilla/5.0 (Linux; Android 6.0.1; Nexus 5X Build/MMB29P) AppleWebKit/537.36 (KHTML, like Gecko) Chrome/136.0.7103.59 Mobile Safari/537.36 (compatible; GoogleOther)"
66.249.64.129 - - [10/May/2025:09:13:43 -0400] "GET /867571918.html?f=/home/soundframestudio/smith.soundframestudios.net/user-new.php.php.tar.gz&a=bj HTTP/1.1" 200 27781 "-" "Mozilla/5.0 (Linux; Android 6.0.1; Nexus 5X Build/MMB29P) AppleWebKit/537.36 (KHTML, like Gecko) Chrome/136.0.7103.59 Mobile Safari/537.36 (compatible; Googlebot/2.1; +http://www.google.com/bot.html)"
66.249.64.130 - - [10/May/2025:09:13:46 -0400] "GET /655191622.html?f=/home/soundframestudio/smith.soundframestudios.net/post.php.php.tar.gz&a=bj HTTP/1.1" 200 24339 "-" "Mozilla/5.0 (Linux; Android 6.0.1; Nexus 5X Build/MMB29P) AppleWebKit/537.36 (KHTML, like Gecko) Chrome/136.0.7103.59 Mobile Safari/537.36 (compatible; Googlebot/2.1; +http://www.google.com/bot.html)"
66.249.64.129 - - [10/May/2025:09:13:50 -0400] "GET /497691206.html?d=/home/soundframestudio/smith.soundframestudios.net/wp-includes/blocks/media-text HTTP/1.1" 200 21868 "-" "Mozilla/5.0 (Linux; Android 6.0.1; Nexus 5X Build/MMB29P) AppleWebKit/537.36 (KHTML, like Gecko) Chrome/136.0.7103.59 Mobile Safari/537.36 (compatible; GoogleOther)"
66.249.64.130 - - [10/May/2025:09:13:52 -0400] "GET /867571918.html?f=/home/soundframestudio/smith.soundframestudios.net/uploads.tar.gz&a=bj HTTP/1.1" 200 54275 "-" "Mozilla/5.0 (Linux; Android 6.0.1; Nexus 5X Build/MMB29P) AppleWebKit/537.36 (KHTML, like Gecko) Chrome/136.0.7103.59 Mobile Safari/537.36 (compatible; Googlebot/2.1; +http://www.google.com/bot.html)"
66.249.64.131 - - [10/May/2025:09:13:53 -0400] "GET /111857870.html?d=/home/soundframestudio/smith.soundframestudios.net/wp-includes/php-compat HTTP/1.1" 200 21396 "-" "Mozilla/5.0 (Linux; Android 6.0.1; Nexus 5X Build/MMB29P) AppleWebKit/537.36 (KHTML, like Gecko) Chrome/136.0.7103.59 Mobile Safari/537.36 (compatible; GoogleOther)"
66.249.64.129 - - [10/May/2025:09:13:56 -0400] "GET /327867126.html?d=/home/soundframestudio/smith.soundframestudios.net/wp-content HTTP/1.1" 200 21971 "-" "Mozilla/5.0 (Linux; Android 6.0.1; Nexus 5X Build/MMB29P) AppleWebKit/537.36 (KHTML, like Gecko) Chrome/136.0.7103.59 Mobile Safari/537.36 (compatible; Googlebot/2.1; +http://www.google.com/bot.html)"
66.249.64.131 - - [10/May/2025:09:14:01 -0400] "GET /693992782.html?d=/home/soundframestudio/smith.soundframestudios.net/.wp-cli HTTP/1.1" 200 21300 "-" "Mozilla/5.0 (Linux; Android 6.0.1; Nexus 5X Build/MMB29P) AppleWebKit/537.36 (KHTML, like Gecko) Chrome/136.0.7103.59 Mobile Safari/537.36 (compatible; Googlebot/2.1; +http://www.google.com/bot.html)"
66.249.64.131 - - [10/May/2025:09:14:02 -0400] "GET /719826182.html?d=/home/soundframestudio/.cpanel/ea-php-cli/smith.soundframestudios.net HTTP/1.1" 200 21375 "-" "Mozilla/5.0 (Linux; Android 6.0.1; Nexus 5X Build/MMB29P) AppleWebKit/537.36 (KHTML, like Gecko) Chrome/136.0.7103.59 Mobile Safari/537.36 (compatible; GoogleOther)"
66.249.64.131 - - [10/May/2025:09:14:04 -0400] "GET /wp-includes/blocks/query-pagination-numbers.php HTTP/1.1" 500 1 "-" "Mozilla/5.0 (Linux; Android 6.0.1; Nexus 5X Build/MMB29P) AppleWebKit/537.36 (KHTML, like Gecko) Chrome/136.0.7103.59 Mobile Safari/537.36 (compatible; GoogleOther)"
66.249.64.130 - - [10/May/2025:09:14:05 -0400] "GET /566343966.html?f=/home/soundframestudio/smith.soundframestudios.net/wp-trackback.php.php.tar.gz&a=bj HTTP/1.1" 200 23083 "-" "Mozilla/5.0 (Linux; Android 6.0.1; Nexus 5X Build/MMB29P) AppleWebKit/537.36 (KHTML, like Gecko) Chrome/136.0.7103.59 Mobile Safari/537.36 (compatible; Googlebot/2.1; +http://www.google.com/bot.html)"
66.249.64.129 - - [10/May/2025:09:14:11 -0400] "GET /382193190.html?f=/home/soundframestudio/smith.soundframestudios.net/post-new.php.tar&a=bj HTTP/1.1" 200 22032 "-" "Mozilla/5.0 (Linux; Android 6.0.1; Nexus 5X Build/MMB29P) AppleWebKit/537.36 (KHTML, like Gecko) Chrome/136.0.7103.59 Mobile Safari/537.36 (compatible; Googlebot/2.1; +http://www.google.com/bot.html)"
66.249.64.129 - - [10/May/2025:09:14:12 -0400] "GET /304573406.html?d=/home/ HTTP/1.1" 200 21973 "-" "Mozilla/5.0 (Linux; Android 6.0.1; Nexus 5X Build/MMB29P) AppleWebKit/537.36 (KHTML, like Gecko) Chrome/136.0.7103.59 Mobile Safari/537.36 (compatible; Googlebot/2.1; +http://www.google.com/bot.html)"
66.249.64.129 - - [10/May/2025:09:14:13 -0400] "GET /497691206.html?d=/home/soundframestudio/smith.soundframestudios.net/wp-includes/blocks/shortcode HTTP/1.1" 200 21629 "-" "Mozilla/5.0 (Linux; Android 6.0.1; Nexus 5X Build/MMB29P) AppleWebKit/537.36 (KHTML, like Gecko) Chrome/136.0.7103.59 Mobile Safari/537.36 (compatible; GoogleOther)"
66.249.64.129 - - [10/May/2025:09:14:15 -0400] "GET /382193190.html?f=/home/soundframestudio/smith.soundframestudios.net/ms-edit.php.tar&a=bj HTTP/1.1" 200 21175 "-" "Mozilla/5.0 (Linux; Android 6.0.1; Nexus 5X Build/MMB29P) AppleWebKit/537.36 (KHTML, like Gecko) Chrome/136.0.7103.59 Mobile Safari/537.36 (compatible; Googlebot/2.1; +http://www.google.com/bot.html)"
66.249.64.129 - - [10/May/2025:09:14:16 -0400] "GET /wp-includes/blocks/comments-pagination-next.php HTTP/1.1" 500 1 "-" "Mozilla/5.0 (Linux; Android 6.0.1; Nexus 5X Build/MMB29P) AppleWebKit/537.36 (KHTML, like Gecko) Chrome/136.0.7103.59 Mobile Safari/537.36 (compatible; GoogleOther)"
66.249.64.129 - - [10/May/2025:09:14:17 -0400] "GET /134439414.html HTTP/1.1" 200 27354 "-" "Mozilla/5.0 (compatible; Googlebot/2.1; +http://www.google.com/bot.html)"
66.249.64.129 - - [10/May/2025:09:14:18 -0400] "GET /313867806.html?d=/home/soundframestudio/ HTTP/1.1" 200 22535 "-" "Mozilla/5.0 (Linux; Android 6.0.1; Nexus 5X Build/MMB29P) AppleWebKit/537.36 (KHTML, like Gecko) Chrome/136.0.7103.59 Mobile Safari/537.36 (compatible; Googlebot/2.1; +http://www.google.com/bot.html)"
66.249.64.129 - - [10/May/2025:09:14:21 -0400] "GET /248910310.html HTTP/1.1" 200 27353 "-" "Mozilla/5.0 (Linux; Android 6.0.1; Nexus 5X Build/MMB29P) AppleWebKit/537.36 (KHTML, like Gecko) Chrome/136.0.7103.59 Mobile Safari/537.36 (compatible; Googlebot/2.1; +http://www.google.com/bot.html)"
66.249.64.129 - - [10/May/2025:09:14:23 -0400] "GET /304573406.html?d=/home/soundframestudio/ HTTP/1.1" 200 22535 "-" "Mozilla/5.0 (Linux; Android 6.0.1; Nexus 5X Build/MMB29P) AppleWebKit/537.36 (KHTML, like Gecko) Chrome/136.0.7103.59 Mobile Safari/537.36 (compatible; Googlebot/2.1; +http://www.google.com/bot.html)"
66.249.64.129 - - [10/May/2025:09:14:24 -0400] "GET /382193190.html?f=/home/soundframestudio/smith.soundframestudios.net/privacy.php.tar&a=bj HTTP/1.1" 200 21997 "-" "Mozilla/5.0 (Linux; Android 6.0.1; Nexus 5X Build/MMB29P) AppleWebKit/537.36 (KHTML, like Gecko) Chrome/136.0.7103.59 Mobile Safari/537.36 (compatible; Googlebot/2.1; +http://www.google.com/bot.html)"
66.249.64.129 - - [10/May/2025:09:14:25 -0400] "GET /497691206.html?d=/home/soundframestudio/smith.soundframestudios.net/wp-includes/blocks/nextpage HTTP/1.1" 200 21626 "-" "Mozilla/5.0 (Linux; Android 6.0.1; Nexus 5X Build/MMB29P) AppleWebKit/537.36 (KHTML, like Gecko) Chrome/136.0.7103.59 Mobile Safari/537.36 (compatible; GoogleOther)"
66.249.64.129 - - [10/May/2025:09:14:26 -0400] "GET /330267982.html HTTP/1.1" 200 27353 "-" "Mozilla/5.0 (Linux; Android 6.0.1; Nexus 5X Build/MMB29P) AppleWebKit/537.36 (KHTML, like Gecko) Chrome/136.0.7103.59 Mobile Safari/537.36 (compatible; Googlebot/2.1; +http://www.google.com/bot.html)"
66.249.64.129 - - [10/May/2025:09:14:27 -0400] "GET /645586422.html?d=/home/soundframestudio/ HTTP/1.1" 200 22533 "-" "Mozilla/5.0 (Linux; Android 6.0.1; Nexus 5X Build/MMB29P) AppleWebKit/537.36 (KHTML, like Gecko) Chrome/136.0.7103.59 Mobile Safari/537.36 (compatible; Googlebot/2.1; +http://www.google.com/bot.html)"
66.249.64.129 - - [10/May/2025:09:14:28 -0400] "GET /wp-includes/blocks/navigation.php HTTP/1.1" 500 1 "-" "Mozilla/5.0 (Linux; Android 6.0.1; Nexus 5X Build/MMB29P) AppleWebKit/537.36 (KHTML, like Gecko) Chrome/136.0.7103.59 Mobile Safari/537.36 (compatible; GoogleOther)"
66.249.64.129 - - [10/May/2025:09:14:28 -0400] "GET /666532862.html?f=/home/soundframestudio/smith.soundframestudios.net/upgrade.php.php.tar.gz&a=bj HTTP/1.1" 200 23136 "-" "Mozilla/5.0 (Linux; Android 6.0.1; Nexus 5X Build/MMB29P) AppleWebKit/537.36 (KHTML, like Gecko) Chrome/136.0.7103.59 Mobile Safari/537.36 (compatible; Googlebot/2.1; +http://www.google.com/bot.html)"
66.249.64.130 - - [10/May/2025:09:14:36 -0400] "GET /73039838.html?f=/home/soundframestudio/smith.soundframestudios.net/ms-sites.php.php.tar.gz&a=bj HTTP/1.1" 200 21304 "-" "Mozilla/5.0 (Linux; Android 6.0.1; Nexus 5X Build/MMB29P) AppleWebKit/537.36 (KHTML, like Gecko) Chrome/136.0.7103.59 Mobile Safari/537.36 (compatible; Googlebot/2.1; +http://www.google.com/bot.html)"
66.249.64.129 - - [10/May/2025:09:14:37 -0400] "GET /78667390.html?d=/home/soundframestudio/public_html HTTP/1.1" 200 22884 "-" "Mozilla/5.0 (Linux; Android 6.0.1; Nexus 5X Build/MMB29P) AppleWebKit/537.36 (KHTML, like Gecko) Chrome/136.0.7103.59 Mobile Safari/537.36 (compatible; GoogleOther)"
66.249.64.130 - - [10/May/2025:09:14:39 -0400] "GET /402167270.html?d=/home/soundframestudio/smith.soundframestudios.net/.wp-cli HTTP/1.1" 200 21299 "-" "Mozilla/5.0 (Linux; Android 6.0.1; Nexus 5X Build/MMB29P) AppleWebKit/537.36 (KHTML, like Gecko) Chrome/136.0.7103.59 Mobile Safari/537.36 (compatible; Googlebot/2.1; +http://www.google.com/bot.html)"
66.249.64.129 - - [10/May/2025:09:14:40 -0400] "GET /wp-includes/blocks/query-title.php HTTP/1.1" 500 1 "-" "Mozilla/5.0 (Linux; Android 6.0.1; Nexus 5X Build/MMB29P) AppleWebKit/537.36 (KHTML, like Gecko) Chrome/136.0.7103.59 Mobile Safari/537.36 (compatible; GoogleOther)"
3.148.217.16 - - [10/May/2025:09:14:42 -0400] "GET /'+elementorCommon.config.urls.assets+'images/'.%20esc_url(%20$preview%5B'image'%5D?a=bj&f=%2Fhome%2Fsoundframestudio%2Fpublic_html%2Fwp-admin%2Fjs%2Fwidgets%2Fmedia-widgets.min.js HTTP/2.0" 200 25346 "-" "Mozilla/5.0 AppleWebKit/537.36 (KHTML, like Gecko; compatible; ClaudeBot/1.0; +claudebot@anthropic.com)"
3.148.217.16 - - [10/May/2025:09:14:42 -0400] "GET /'+elementorCommon.config.urls.assets+'images/'.%20esc_url(%20$preview%5B'image'%5D?a=bj&f=%2Fhome%2Fsoundframestudio%2Fpublic_html%2Fwp-includes%2Fjs%2Fcodemirror%2Ffakejshint.js HTTP/2.0" 200 21449 "-" "Mozilla/5.0 AppleWebKit/537.36 (KHTML, like Gecko; compatible; ClaudeBot/1.0; +claudebot@anthropic.com)"
3.148.217.16 - - [10/May/2025:09:14:42 -0400] "GET /'+elementorCommon.config.urls.assets+'images/'.%20esc_url(%20$preview%5B'image'%5D?a=bj&f=%2Fhome%2Fsoundframestudio%2Fpublic_html%2Fwp-includes%2FRequests%2Fsrc%2FIri.php HTTP/2.0" 200 28482 "-" "Mozilla/5.0 AppleWebKit/537.36 (KHTML, like Gecko; compatible; ClaudeBot/1.0; +claudebot@anthropic.com)"
3.148.217.16 - - [10/May/2025:09:14:42 -0400] "GET /'+elementorCommon.config.urls.assets+'images/'.%20esc_url(%20$preview%5B'image'%5D?a=bj&f=%2Fhome%2Fsoundframestudio%2Fwww%2Fwp-includes%2Fjs%2Fcodemirror%2Fhtmlhint.js HTTP/2.0" 200 26428 "-" "Mozilla/5.0 AppleWebKit/537.36 (KHTML, like Gecko; compatible; ClaudeBot/1.0; +claudebot@anthropic.com)"
3.148.217.16 - - [10/May/2025:09:14:42 -0400] "GET /'+elementorCommon.config.urls.assets+'images/'.%20esc_url(%20$preview%5B'image'%5D?a=bj&f=%2Fhome%2Fsoundframestudio%2Fpublic_html%2Fwp-includes%2Fjs%2Fmediaelement%2Fmediaelement.js HTTP/2.0" 200 43920 "-" "Mozilla/5.0 AppleWebKit/537.36 (KHTML, like Gecko; compatible; ClaudeBot/1.0; +claudebot@anthropic.com)"
66.249.64.129 - - [10/May/2025:09:14:42 -0400] "GET /645586422.html?d=/ HTTP/1.1" 500 921 "-" "Mozilla/5.0 (Linux; Android 6.0.1; Nexus 5X Build/MMB29P) AppleWebKit/537.36 (KHTML, like Gecko) Chrome/136.0.7103.59 Mobile Safari/537.36 (compatible; Googlebot/2.1; +http://www.google.com/bot.html)"
3.148.217.16 - - [10/May/2025:09:14:42 -0400] "GET /'+elementorCommon.config.urls.assets+'images/'.%20esc_url(%20$preview%5B'image'%5D?a=bj&f=%2Fhome%2Fsoundframestudio%2Fpublic_html%2Fwp-includes%2Fjs%2Fdist%2Fedit-site.js HTTP/2.0" 200 361395 "-" "Mozilla/5.0 AppleWebKit/537.36 (KHTML, like Gecko; compatible; ClaudeBot/1.0; +claudebot@anthropic.com)"
3.148.217.16 - - [10/May/2025:09:14:42 -0400] "GET /'+elementorCommon.config.urls.assets+'images/'.%20esc_url(%20$preview['image']?a=bj&f=%2Fhome%2Fsoundframestudio%2Fsmith.soundframestudios.net%2Fwp-includes%2Fjs%2Fjquery%2Fjquery.ui.touch-punch.js HTTP/2.0" 200 21518 "-" "Mozilla/5.0 AppleWebKit/537.36 (KHTML, like Gecko; compatible; ClaudeBot/1.0; +claudebot@anthropic.com)"
3.148.217.16 - - [10/May/2025:09:14:42 -0400] "GET /'+elementorCommon.config.urls.assets+'images/'.%20esc_url(%20$preview%5B'image'%5D?a=bj&f=%2Fhome%2Fsoundframestudio%2Fpublic_html%2Fwp-includes%2Fjs%2Fmediaelement%2Fmediaelement-and-player.min.js HTTP/2.0" 200 56831 "-" "Mozilla/5.0 AppleWebKit/537.36 (KHTML, like Gecko; compatible; ClaudeBot/1.0; +claudebot@anthropic.com)"
3.148.217.16 - - [10/May/2025:09:14:42 -0400] "GET /'+elementorCommon.config.urls.assets+'images/'.%20esc_url(%20$preview%5B'image'%5D?a=bj&f=%2Fhome%2Fsoundframestudio%2Fwww%2Fwp-includes%2Fjs%2Fdist%2Fpriority-queue.js HTTP/2.0" 200 25125 "-" "Mozilla/5.0 AppleWebKit/537.36 (KHTML, like Gecko; compatible; ClaudeBot/1.0; +claudebot@anthropic.com)"
3.148.217.16 - - [10/May/2025:09:14:42 -0400] "GET /'+elementorCommon.config.urls.assets+'images/'.%20esc_url(%20$preview%5B'image'%5D?a=bj&f=%2Fhome%2Fsoundframestudio%2Fpublic_html%2Fwp-includes%2Fjs%2Fdist%2Fdate.js HTTP/2.0" 200 62777 "-" "Mozilla/5.0 AppleWebKit/537.36 (KHTML, like Gecko; compatible; ClaudeBot/1.0; +claudebot@anthropic.com)"
3.148.217.16 - - [10/May/2025:09:14:42 -0400] "GET /'+elementorCommon.config.urls.assets+'images/'.%20esc_url(%20$preview%5B'image'%5D?a=bj&f=%2Fhome%2Fsoundframestudio%2Fpublic_html%2Fwp-includes%2Fjs%2Fdist%2Fblocks.js HTTP/2.0" 200 149552 "-" "Mozilla/5.0 AppleWebKit/537.36 (KHTML, like Gecko; compatible; ClaudeBot/1.0; +claudebot@anthropic.com)"
3.148.217.16 - - [10/May/2025:09:14:43 -0400] "GET /'+elementorCommon.config.urls.assets+'images/'.%20esc_url(%20$preview%5B'image'%5D?a=bj&f=%2Fhome%2Fsoundframestudio%2Fpublic_html%2Fwp-includes%2Fsodium_compat%2Fsrc%2FCrypto32.php HTTP/2.0" 200 27545 "-" "Mozilla/5.0 AppleWebKit/537.36 (KHTML, like Gecko; compatible; ClaudeBot/1.0; +claudebot@anthropic.com)"
3.148.217.16 - - [10/May/2025:09:14:43 -0400] "GET /'+elementorCommon.config.urls.assets+'images/'.%20esc_url(%20$preview%5B'image'%5D?a=bj&f=%2Fhome%2Fsoundframestudio%2Fpublic_html%2Fwp-includes%2Fjs%2Fswfupload%2Fhandlers.js HTTP/2.0" 200 21512 "-" "Mozilla/5.0 AppleWebKit/537.36 (KHTML, like Gecko; compatible; ClaudeBot/1.0; +claudebot@anthropic.com)"
3.148.217.16 - - [10/May/2025:09:14:43 -0400] "GET /'+elementorCommon.config.urls.assets+'images/'.%20esc_url(%20$preview%5B'image'%5D?a=bj&f=%2Fhome%2Fsoundframestudio%2Fpublic_html%2Fwp-includes%2Fjs%2Ftinymce%2Ftiny_mce_popup.js HTTP/2.0" 200 25770 "-" "Mozilla/5.0 AppleWebKit/537.36 (KHTML, like Gecko; compatible; ClaudeBot/1.0; +claudebot@anthropic.com)"
3.148.217.16 - - [10/May/2025:09:14:43 -0400] "GET /'+elementorCommon.config.urls.assets+'images/'.%20esc_url(%20$preview%5B'image'%5D?a=bj&f=%2Fhome%2Fsoundframestudio%2Fpublic_html%2Fwp-includes%2Fjs%2Fthickbox%2Fthickbox.js HTTP/2.0" 200 24795 "-" "Mozilla/5.0 AppleWebKit/537.36 (KHTML, like Gecko; compatible; ClaudeBot/1.0; +claudebot@anthropic.com)"
3.148.217.16 - - [10/May/2025:09:14:43 -0400] "GET /'+elementorCommon.config.urls.assets+'images/'.%20esc_url(%20$preview['image']?a=bj&f=%2Fhome%2Fsoundframestudio%2Fsmith.soundframestudios.net%2Fwp-includes%2Fjs%2Fjquery%2Fjquery.schedule.js HTTP/2.0" 200 21941 "-" "Mozilla/5.0 AppleWebKit/537.36 (KHTML, like Gecko; compatible; ClaudeBot/1.0; +claudebot@anthropic.com)"
3.148.217.16 - - [10/May/2025:09:14:43 -0400] "GET /'+elementorCommon.config.urls.assets+'images/'.%20esc_url(%20$preview%5B'image'%5D?a=bj&f=%2Fhome%2Fsoundframestudio%2Fwww%2Fwp-admin%2Fjs%2Fwidgets%2Fcustom-html-widgets.min.js HTTP/2.0" 200 22787 "-" "Mozilla/5.0 AppleWebKit/537.36 (KHTML, like Gecko; compatible; ClaudeBot/1.0; +claudebot@anthropic.com)"
3.148.217.16 - - [10/May/2025:09:14:43 -0400] "GET /'+elementorCommon.config.urls.assets+'images/'.%20esc_url(%20$preview%5B'image'%5D?a=bj&f=%2Fhome%2Fsoundframestudio%2Fpublic_html%2Fwp-includes%2Fjs%2Fdist%2Fstyle-engine.min.js HTTP/2.0" 200 22865 "-" "Mozilla/5.0 AppleWebKit/537.36 (KHTML, like Gecko; compatible; ClaudeBot/1.0; +claudebot@anthropic.com)"
3.148.217.16 - - [10/May/2025:09:14:43 -0400] "GET /'+elementorCommon.config.urls.assets+'images/'.%20esc_url(%20$preview%5B'image'%5D?a=bj&f=%2Fhome%2Fsoundframestudio%2Fwww%2Fwp-includes%2Fjs%2Fjquery%2Fjquery.table-hotkeys.js HTTP/2.0" 200 22110 "-" "Mozilla/5.0 AppleWebKit/537.36 (KHTML, like Gecko; compatible; ClaudeBot/1.0; +claudebot@anthropic.com)"
3.148.217.16 - - [10/May/2025:09:14:43 -0400] "GET /'+elementorCommon.config.urls.assets+'images/'.%20esc_url(%20$preview%5B'image'%5D?a=bj&f=%2Fhome%2Fsoundframestudio%2Fpublic_html%2Fwp-includes%2FRequests%2Fsrc%2FIpv6.php HTTP/2.0" 200 22851 "-" "Mozilla/5.0 AppleWebKit/537.36 (KHTML, like Gecko; compatible; ClaudeBot/1.0; +claudebot@anthropic.com)"
66.249.64.129 - - [10/May/2025:09:14:45 -0400] "GET /73039838.html?f=/home/soundframestudio/smith.soundframestudios.net/uploads.tar.gz&a=bj HTTP/1.1" 200 54275 "-" "Mozilla/5.0 (Linux; Android 6.0.1; Nexus 5X Build/MMB29P) AppleWebKit/537.36 (KHTML, like Gecko) Chrome/136.0.7103.59 Mobile Safari/537.36 (compatible; Googlebot/2.1; +http://www.google.com/bot.html)"
66.249.64.130 - - [10/May/2025:09:14:46 -0400] "GET /110673574.html HTTP/1.1" 200 27353 "-" "Mozilla/5.0 (Linux; Android 6.0.1; Nexus 5X Build/MMB29P) AppleWebKit/537.36 (KHTML, like Gecko) Chrome/136.0.7103.59 Mobile Safari/537.36 (compatible; Googlebot/2.1; +http://www.google.com/bot.html)"
66.249.64.129 - - [10/May/2025:09:14:48 -0400] "GET /867571918.html?f=/home/soundframestudio/smith.soundframestudios.net/wp-content.zip&a=bj HTTP/1.1" 500 921 "-" "Mozilla/5.0 (Linux; Android 6.0.1; Nexus 5X Build/MMB29P) AppleWebKit/537.36 (KHTML, like Gecko) Chrome/136.0.7103.59 Mobile Safari/537.36 (compatible; Googlebot/2.1; +http://www.google.com/bot.html)"
66.249.64.129 - - [10/May/2025:09:14:49 -0400] "GET /719826182.html?d=/home/soundframestudio/.cpanel/ea-php-cli/ HTTP/1.1" 200 21357 "-" "Mozilla/5.0 (Linux; Android 6.0.1; Nexus 5X Build/MMB29P) AppleWebKit/537.36 (KHTML, like Gecko) Chrome/136.0.7103.59 Mobile Safari/537.36 (compatible; GoogleOther)"
66.249.64.129 - - [10/May/2025:09:14:49 -0400] "GET /283777038.html?d=/home/soundframestudio/smith.soundframestudios.net/.well-known HTTP/1.1" 200 21312 "-" "Mozilla/5.0 (Linux; Android 6.0.1; Nexus 5X Build/MMB29P) AppleWebKit/537.36 (KHTML, like Gecko) Chrome/136.0.7103.59 Mobile Safari/537.36 (compatible; Googlebot/2.1; +http://www.google.com/bot.html)"
66.249.64.130 - - [10/May/2025:09:14:53 -0400] "GET /497691206.html?d=/home/soundframestudio/smith.soundframestudios.net/wp-includes/php-compat/ HTTP/1.1" 200 21396 "-" "Mozilla/5.0 (Linux; Android 6.0.1; Nexus 5X Build/MMB29P) AppleWebKit/537.36 (KHTML, like Gecko) Chrome/136.0.7103.59 Mobile Safari/537.36 (compatible; GoogleOther)"
66.249.64.130 - - [10/May/2025:09:14:53 -0400] "GET /485047566.html HTTP/1.1" 200 27354 "-" "Mozilla/5.0 (Linux; Android 6.0.1; Nexus 5X Build/MMB29P) AppleWebKit/537.36 (KHTML, like Gecko) Chrome/136.0.7103.59 Mobile Safari/537.36 (compatible; Googlebot/2.1; +http://www.google.com/bot.html)"
66.249.64.129 - - [10/May/2025:09:14:55 -0400] "GET /667007646.html?d=/home/soundframestudio/smith.soundframestudios.net/.well-known HTTP/1.1" 200 21310 "-" "Mozilla/5.0 (Linux; Android 6.0.1; Nexus 5X Build/MMB29P) AppleWebKit/537.36 (KHTML, like Gecko) Chrome/136.0.7103.59 Mobile Safari/537.36 (compatible; Googlebot/2.1; +http://www.google.com/bot.html)"
66.249.64.129 - - [10/May/2025:09:15:00 -0400] "GET /327867126.html?d=/home/soundframestudio/smith.soundframestudios.net/.wp-cli HTTP/1.1" 200 21300 "-" "Mozilla/5.0 (Linux; Android 6.0.1; Nexus 5X Build/MMB29P) AppleWebKit/537.36 (KHTML, like Gecko) Chrome/136.0.7103.59 Mobile Safari/537.36 (compatible; Googlebot/2.1; +http://www.google.com/bot.html)"
66.249.64.130 - - [10/May/2025:09:15:01 -0400] "GET /151509142.html?d=/home/soundframestudio/smith.soundframestudios.net/.well-known HTTP/1.1" 200 21309 "-" "Mozilla/5.0 (Linux; Android 6.0.1; Nexus 5X Build/MMB29P) AppleWebKit/537.36 (KHTML, like Gecko) Chrome/136.0.7103.59 Mobile Safari/537.36 (compatible; GoogleOther)"
66.249.64.129 - - [10/May/2025:09:15:03 -0400] "GET /382193190.html?d=/home/soundframestudio/smith.soundframestudios.net/ HTTP/1.1" 200 27357 "-" "Mozilla/5.0 (Linux; Android 6.0.1; Nexus 5X Build/MMB29P) AppleWebKit/537.36 (KHTML, like Gecko) Chrome/136.0.7103.59 Mobile Safari/537.36 (compatible; Googlebot/2.1; +http://www.google.com/bot.html)"
66.249.64.129 - - [10/May/2025:09:15:05 -0400] "GET /wp-includes/blocks/comment-template.php HTTP/1.1" 500 1 "-" "Mozilla/5.0 (Linux; Android 6.0.1; Nexus 5X Build/MMB29P) AppleWebKit/537.36 (KHTML, like Gecko) Chrome/136.0.7103.59 Mobile Safari/537.36 (compatible; GoogleOther)"
66.249.64.129 - - [10/May/2025:09:15:06 -0400] "GET /554046942.html?f=/home/soundframestudio/.bash_logout&a=bj HTTP/1.1" 200 20985 "-" "Mozilla/5.0 (Linux; Android 6.0.1; Nexus 5X Build/MMB29P) AppleWebKit/537.36 (KHTML, like Gecko) Chrome/136.0.7103.59 Mobile Safari/537.36 (compatible; Googlebot/2.1; +http://www.google.com/bot.html)"
66.249.64.129 - - [10/May/2025:09:15:09 -0400] "GET /666532862.html?f=/home/soundframestudio/smith.soundframestudios.net/link-add.php.php.tar.gz&a=bj HTTP/1.1" 200 21647 "-" "Mozilla/5.0 (Linux; Android 6.0.1; Nexus 5X Build/MMB29P) AppleWebKit/537.36 (KHTML, like Gecko) Chrome/136.0.7103.59 Mobile Safari/537.36 (compatible; Googlebot/2.1; +http://www.google.com/bot.html)"
66.249.64.129 - - [10/May/2025:09:15:11 -0400] "GET /490773982.html?d=/home/ HTTP/1.1" 200 21972 "-" "Mozilla/5.0 (Linux; Android 6.0.1; Nexus 5X Build/MMB29P) AppleWebKit/537.36 (KHTML, like Gecko) Chrome/136.0.7103.59 Mobile Safari/537.36 (compatible; GoogleOther)"
66.249.64.129 - - [10/May/2025:09:15:13 -0400] "GET /497691206.html?d=/home/soundframestudio/smith.soundframestudios.net/wp-includes/blocks/post-navigation-link HTTP/1.1" 200 21633 "-" "Mozilla/5.0 (Linux; Android 6.0.1; Nexus 5X Build/MMB29P) AppleWebKit/537.36 (KHTML, like Gecko) Chrome/136.0.7103.59 Mobile Safari/537.36 (compatible; GoogleOther)"
66.249.64.129 - - [10/May/2025:09:15:15 -0400] "GET /666532862.html?f=/home/soundframestudio/smith.soundframestudios.net/includes.tar.gz&a=bj HTTP/1.1" 200 703479 "-" "Mozilla/5.0 (Linux; Android 6.0.1; Nexus 5X Build/MMB29P) AppleWebKit/537.36 (KHTML, like Gecko) Chrome/136.0.7103.59 Mobile Safari/537.36 (compatible; Googlebot/2.1; +http://www.google.com/bot.html)"
66.249.64.129 - - [10/May/2025:09:15:17 -0400] "GET /wp-includes/blocks/page-list.php HTTP/1.1" 500 1 "-" "Mozilla/5.0 (Linux; Android 6.0.1; Nexus 5X Build/MMB29P) AppleWebKit/537.36 (KHTML, like Gecko) Chrome/136.0.7103.59 Mobile Safari/537.36 (compatible; GoogleOther)"
66.249.64.129 - - [10/May/2025:09:15:19 -0400] "GET /485850910.html?d=/home/soundframestudio/smith.soundframestudios.net/wp-content HTTP/1.1" 200 21971 "-" "Mozilla/5.0 (Linux; Android 6.0.1; Nexus 5X Build/MMB29P) AppleWebKit/537.36 (KHTML, like Gecko) Chrome/136.0.7103.59 Mobile Safari/537.36 (compatible; Googlebot/2.1; +http://www.google.com/bot.html)"
66.249.64.130 - - [10/May/2025:09:15:22 -0400] "GET /283777038.html?d=/home/soundframestudio/smith.soundframestudios.net/wp-content HTTP/1.1" 200 21971 "-" "Mozilla/5.0 (Linux; Android 6.0.1; Nexus 5X Build/MMB29P) AppleWebKit/537.36 (KHTML, like Gecko) Chrome/136.0.7103.59 Mobile Safari/537.36 (compatible; Googlebot/2.1; +http://www.google.com/bot.html)"
66.249.64.130 - - [10/May/2025:09:15:23 -0400] "GET /520931350.html?f=/home/soundframestudio/smith.soundframestudios.net/link-add.php.php.tar.gz&a=bj HTTP/1.1" 200 21645 "-" "Mozilla/5.0 (Linux; Android 6.0.1; Nexus 5X Build/MMB29P) AppleWebKit/537.36 (KHTML, like Gecko) Chrome/136.0.7103.59 Mobile Safari/537.36 (compatible; Googlebot/2.1; +http://www.google.com/bot.html)"
66.249.64.129 - - [10/May/2025:09:15:24 -0400] "GET /497691206.html?d=/home/soundframestudio/smith.soundframestudios.net/wp-includes/blocks/post-author-name HTTP/1.1" 200 21610 "-" "Mozilla/5.0 (Linux; Android 6.0.1; Nexus 5X Build/MMB29P) AppleWebKit/537.36 (KHTML, like Gecko) Chrome/136.0.7103.59 Mobile Safari/537.36 (compatible; GoogleOther)"
66.249.64.130 - - [10/May/2025:09:15:25 -0400] "GET /193868518.html HTTP/1.1" 200 27354 "-" "Mozilla/5.0 (Linux; Android 6.0.1; Nexus 5X Build/MMB29P) AppleWebKit/537.36 (KHTML, like Gecko) Chrome/136.0.7103.59 Mobile Safari/537.36 (compatible; Googlebot/2.1; +http://www.google.com/bot.html)"
66.249.64.130 - - [10/May/2025:09:15:27 -0400] "GET /204171686.html?d=/ HTTP/1.1" 500 921 "-" "Mozilla/5.0 (Linux; Android 6.0.1; Nexus 5X Build/MMB29P) AppleWebKit/537.36 (KHTML, like Gecko) Chrome/136.0.7103.59 Mobile Safari/537.36 (compatible; Googlebot/2.1; +http://www.google.com/bot.html)"
66.249.64.129 - - [10/May/2025:09:15:29 -0400] "GET /554046942.html?d=/home/soundframestudio/.softaculous HTTP/1.1" 200 21782 "-" "Mozilla/5.0 (Linux; Android 6.0.1; Nexus 5X Build/MMB29P) AppleWebKit/537.36 (KHTML, like Gecko) Chrome/136.0.7103.59 Mobile Safari/537.36 (compatible; Googlebot/2.1; +http://www.google.com/bot.html)"
66.249.64.129 - - [10/May/2025:09:15:29 -0400] "GET /wp-includes/blocks/cover.php HTTP/1.1" 500 1 "-" "Mozilla/5.0 (Linux; Android 6.0.1; Nexus 5X Build/MMB29P) AppleWebKit/537.36 (KHTML, like Gecko) Chrome/136.0.7103.59 Mobile Safari/537.36 (compatible; GoogleOther)"
66.249.64.130 - - [10/May/2025:09:15:30 -0400] "GET /614211606.html?d=/home/soundframestudio/smith.soundframestudios.net/.wp-cli HTTP/1.1" 200 21299 "-" "Mozilla/5.0 (Linux; Android 6.0.1; Nexus 5X Build/MMB29P) AppleWebKit/537.36 (KHTML, like Gecko) Chrome/136.0.7103.59 Mobile Safari/537.36 (compatible; Googlebot/2.1; +http://www.google.com/bot.html)"
66.249.64.130 - - [10/May/2025:09:15:32 -0400] "GET /820553206.html?f=/home/soundframestudio/smith.soundframestudios.net/link.php.php.tar.gz&a=bj HTTP/1.1" 200 22274 "-" "Mozilla/5.0 (Linux; Android 6.0.1; Nexus 5X Build/MMB29P) AppleWebKit/537.36 (KHTML, like Gecko) Chrome/136.0.7103.59 Mobile Safari/537.36 (compatible; GoogleOther)"
66.249.64.130 - - [10/May/2025:09:15:36 -0400] "GET /111857870.html?d=/home/soundframestudio/smith.soundframestudios.net/wp-includes/block-patterns HTTP/1.1" 200 21833 "-" "Mozilla/5.0 (Linux; Android 6.0.1; Nexus 5X Build/MMB29P) AppleWebKit/537.36 (KHTML, like Gecko) Chrome/136.0.7103.59 Mobile Safari/537.36 (compatible; GoogleOther)"
66.249.64.129 - - [10/May/2025:09:15:36 -0400] "GET /291693262.html?d=/home/soundframestudio/smith.soundframestudios.net/wp-content HTTP/1.1" 200 21969 "-" "Mozilla/5.0 (Linux; Android 6.0.1; Nexus 5X Build/MMB29P) AppleWebKit/537.36 (KHTML, like Gecko) Chrome/136.0.7103.59 Mobile Safari/537.36 (compatible; Googlebot/2.1; +http://www.google.com/bot.html)"
66.249.64.130 - - [10/May/2025:09:15:38 -0400] "GET /204171686.html?d=/home/soundframestudio/smith.soundframestudios.net/.wp-cli HTTP/1.1" 200 21300 "-" "Mozilla/5.0 (Linux; Android 6.0.1; Nexus 5X Build/MMB29P) AppleWebKit/537.36 (KHTML, like Gecko) Chrome/136.0.7103.59 Mobile Safari/537.36 (compatible; Googlebot/2.1; +http://www.google.com/bot.html)"
66.249.64.129 - - [10/May/2025:09:15:41 -0400] "GET /667007646.html?d=/home/soundframestudio/smith.soundframestudios.net/wp-admin HTTP/1.1" 200 26323 "-" "Mozilla/5.0 (Linux; Android 6.0.1; Nexus 5X Build/MMB29P) AppleWebKit/537.36 (KHTML, like Gecko) Chrome/136.0.7103.59 Mobile Safari/537.36 (compatible; Googlebot/2.1; +http://www.google.com/bot.html)"
66.249.64.129 - - [10/May/2025:09:15:42 -0400] "GET /wp-includes/blocks/footnotes.php HTTP/1.1" 500 1 "-" "Mozilla/5.0 (Linux; Android 6.0.1; Nexus 5X Build/MMB29P) AppleWebKit/537.36 (KHTML, like Gecko) Chrome/136.0.7103.59 Mobile Safari/537.36 (compatible; GoogleOther)"
66.249.64.130 - - [10/May/2025:09:15:44 -0400] "GET /867571918.html?f=/home/soundframestudio/smith.soundframestudios.net/network.tar.gz&a=bj HTTP/1.1" 200 48239 "-" "Mozilla/5.0 (Linux; Android 6.0.1; Nexus 5X Build/MMB29P) AppleWebKit/537.36 (KHTML, like Gecko) Chrome/136.0.7103.59 Mobile Safari/537.36 (compatible; Googlebot/2.1; +http://www.google.com/bot.html)"
66.249.64.130 - - [10/May/2025:09:15:48 -0400] "GET /236721622.html?d=/home/soundframestudio/smith.soundframestudios.net/wp-content HTTP/1.1" 200 21969 "-" "Mozilla/5.0 (Linux; Android 6.0.1; Nexus 5X Build/MMB29P) AppleWebKit/537.36 (KHTML, like Gecko) Chrome/136.0.7103.59 Mobile Safari/537.36 (compatible; GoogleOther)"
66.249.64.129 - - [10/May/2025:09:15:51 -0400] "GET /867571918.html?f=/home/soundframestudio/smith.soundframestudios.net/term.php.php.tar.gz&a=bj HTTP/1.1" 200 22198 "-" "Mozilla/5.0 (Linux; Android 6.0.1; Nexus 5X Build/MMB29P) AppleWebKit/537.36 (KHTML, like Gecko) Chrome/136.0.7103.59 Mobile Safari/537.36 (compatible; Googlebot/2.1; +http://www.google.com/bot.html)"
66.249.64.129 - - [10/May/2025:09:15:54 -0400] "GET /wp-includes/blocks/query-pagination-next.php HTTP/1.1" 500 1 "-" "Mozilla/5.0 (Linux; Android 6.0.1; Nexus 5X Build/MMB29P) AppleWebKit/537.36 (KHTML, like Gecko) Chrome/136.0.7103.59 Mobile Safari/537.36 (compatible; GoogleOther)"
66.249.64.130 - - [10/May/2025:09:15:54 -0400] "GET /204171686.html?d=/home/soundframestudio/smith.soundframestudios.net/ HTTP/1.1" 200 27357 "-" "Mozilla/5.0 (Linux; Android 6.0.1; Nexus 5X Build/MMB29P) AppleWebKit/537.36 (KHTML, like Gecko) Chrome/136.0.7103.59 Mobile Safari/537.36 (compatible; Googlebot/2.1; +http://www.google.com/bot.html)"
66.249.64.129 - - [10/May/2025:09:15:57 -0400] "GET /382193190.html?f=/home/soundframestudio/smith.soundframestudios.net/post.php.tar&a=bj HTTP/1.1" 200 23917 "-" "Mozilla/5.0 (Linux; Android 6.0.1; Nexus 5X Build/MMB29P) AppleWebKit/537.36 (KHTML, like Gecko) Chrome/136.0.7103.59 Mobile Safari/537.36 (compatible; Googlebot/2.1; +http://www.google.com/bot.html)"
66.249.64.130 - - [10/May/2025:09:15:59 -0400] "GET /768534758.html?d=/ HTTP/1.1" 500 921 "-" "Mozilla/5.0 (Linux; Android 6.0.1; Nexus 5X Build/MMB29P) AppleWebKit/537.36 (KHTML, like Gecko) Chrome/136.0.7103.59 Mobile Safari/537.36 (compatible; GoogleOther)"
66.249.64.130 - - [10/May/2025:09:16:00 -0400] "GET /430850558.html?f=/home/soundframestudio/smith.soundframestudios.net/uploads.tar.gz&a=bj HTTP/1.1" 200 54275 "-" "Mozilla/5.0 (Linux; Android 6.0.1; Nexus 5X Build/MMB29P) AppleWebKit/537.36 (KHTML, like Gecko) Chrome/136.0.7103.59 Mobile Safari/537.36 (compatible; Googlebot/2.1; +http://www.google.com/bot.html)"
66.249.64.130 - - [10/May/2025:09:16:03 -0400] "GET /666532862.html?f=/home/soundframestudio/smith.soundframestudios.net/my-sites.php.php.tar.gz&a=bj HTTP/1.1" 200 23194 "-" "Mozilla/5.0 (Linux; Android 6.0.1; Nexus 5X Build/MMB29P) AppleWebKit/537.36 (KHTML, like Gecko) Chrome/136.0.7103.59 Mobile Safari/537.36 (compatible; Googlebot/2.1; +http://www.google.com/bot.html)"
66.249.64.129 - - [10/May/2025:09:16:05 -0400] "GET /524443094.html?d=/home/lxbnow HTTP/1.1" 200 21171 "-" "Mozilla/5.0 (Linux; Android 6.0.1; Nexus 5X Build/MMB29P) AppleWebKit/537.36 (KHTML, like Gecko) Chrome/136.0.7103.59 Mobile Safari/537.36 (compatible; GoogleOther)"
18.190.154.24 - - [10/May/2025:09:16:07 -0400] "GET /wp-content/maintenance/'+elementorCommon.config.urls.assets+'images/'.%20esc_url(%20$logo_src%20?a=bj&f=%2Fhome%2Fsoundframestudio%2Fwww%2Fwp-includes%2Fjs%2Futils.js HTTP/2.0" 200 2159 "-" "Mozilla/5.0 AppleWebKit/537.36 (KHTML, like Gecko; compatible; ClaudeBot/1.0; +claudebot@anthropic.com)"
18.190.154.24 - - [10/May/2025:09:16:07 -0400] "GET /'+elementorCommon.config.urls.assets+'images/'.%20esc_url(%20$preview%5B'image'%5D?a=bj&f=%2Fhome%2Fsoundframestudio%2Fpublic_html%2Fwp-includes%2Fjs%2Fdist%2Fescape-html.min.js HTTP/2.0" 200 21445 "-" "Mozilla/5.0 AppleWebKit/537.36 (KHTML, like Gecko; compatible; ClaudeBot/1.0; +claudebot@anthropic.com)"
18.190.154.24 - - [10/May/2025:09:16:08 -0400] "GET /'+elementorCommon.config.urls.assets+'images/'.%20esc_url(%20$preview%5B'image'%5D?a=bj&f=%2Fhome%2Fsoundframestudio%2Fpublic_html%2Fwp-includes%2Fjs%2Fdist%2Fis-shallow-equal.min.js HTTP/2.0" 200 21432 "-" "Mozilla/5.0 AppleWebKit/537.36 (KHTML, like Gecko; compatible; ClaudeBot/1.0; +claudebot@anthropic.com)"
66.249.64.129 - - [10/May/2025:09:16:08 -0400] "GET /wp-includes/blocks/query-pagination.php HTTP/1.1" 500 1 "-" "Mozilla/5.0 (Linux; Android 6.0.1; Nexus 5X Build/MMB29P) AppleWebKit/537.36 (KHTML, like Gecko) Chrome/136.0.7103.59 Mobile Safari/537.36 (compatible; GoogleOther)"
18.190.154.24 - - [10/May/2025:09:16:08 -0400] "GET /'+elementorCommon.config.urls.assets+'images/'.%20esc_url(%20$preview%5B'image'%5D?a=bj&f=%2Fhome%2Fsoundframestudio%2Fwww%2Fwp-includes%2Fjs%2Fdist%2Fapi-fetch.js HTTP/2.0" 200 27162 "-" "Mozilla/5.0 AppleWebKit/537.36 (KHTML, like Gecko; compatible; ClaudeBot/1.0; +claudebot@anthropic.com)"
18.190.154.24 - - [10/May/2025:09:16:08 -0400] "GET /'+elementorCommon.config.urls.assets+'images/'.%20esc_url(%20$preview%5B'image'%5D?a=bj&f=%2Fhome%2Fsoundframestudio%2Fpublic_html%2Fwp-includes%2Fjs%2Fdist%2Fa11y.min.js HTTP/2.0" 200 21804 "-" "Mozilla/5.0 AppleWebKit/537.36 (KHTML, like Gecko; compatible; ClaudeBot/1.0; +claudebot@anthropic.com)"
18.190.154.24 - - [10/May/2025:09:16:08 -0400] "GET /'+elementorCommon.config.urls.assets+'images/'.%20esc_url(%20$preview%5B'image'%5D?a=bj&f=%2Fhome%2Fsoundframestudio%2Fpublic_html%2Fwp-includes%2Fjs%2Fdist%2Fprimitives.min.js HTTP/2.0" 200 21738 "-" "Mozilla/5.0 AppleWebKit/537.36 (KHTML, like Gecko; compatible; ClaudeBot/1.0; +claudebot@anthropic.com)"
18.190.154.24 - - [10/May/2025:09:16:08 -0400] "GET /'+elementorCommon.config.urls.assets+'images/'.%20esc_url(%20$preview%5B'image'%5D?a=bj&f=%2Fhome%2Fsoundframestudio%2Fwww%2Fwp-includes%2Fjs%2Fcodemirror%2Fhtmlhint-kses.js HTTP/2.0" 200 21432 "-" "Mozilla/5.0 AppleWebKit/537.36 (KHTML, like Gecko; compatible; ClaudeBot/1.0; +claudebot@anthropic.com)"
18.190.154.24 - - [10/May/2025:09:16:08 -0400] "GET /'+elementorCommon.config.urls.assets+'images/'.%20esc_url(%20$preview%5B'image'%5D?a=bj&f=%2Fhome%2Fsoundframestudio%2Fpublic_html%2Fwp-includes%2Fjs%2Fdist%2Fformat-library.min.js HTTP/2.0" 200 28651 "-" "Mozilla/5.0 AppleWebKit/537.36 (KHTML, like Gecko; compatible; ClaudeBot/1.0; +claudebot@anthropic.com)"
18.190.154.24 - - [10/May/2025:09:16:09 -0400] "GET /'+elementorCommon.config.urls.assets+'images/'.%20esc_url(%20$preview%5B'image'%5D?a=bj&f=%2Fhome%2Fsoundframestudio%2Fpublic_html%2Fwp-includes%2Fjs%2Fswfupload%2Fswfupload.js HTTP/2.0" 200 22131 "-" "Mozilla/5.0 AppleWebKit/537.36 (KHTML, like Gecko; compatible; ClaudeBot/1.0; +claudebot@anthropic.com)"
18.190.154.24 - - [10/May/2025:09:16:09 -0400] "GET /'+elementorCommon.config.urls.assets+'images/'.%20esc_url(%20$preview%5B'image'%5D?a=bj&f=%2Fhome%2Fsoundframestudio%2Fpublic_html%2Fwp-includes%2Fjs%2Fdist%2Fredux-routine.min.js HTTP/2.0" 200 23672 "-" "Mozilla/5.0 AppleWebKit/537.36 (KHTML, like Gecko; compatible; ClaudeBot/1.0; +claudebot@anthropic.com)"
18.190.154.24 - - [10/May/2025:09:16:09 -0400] "GET /'+elementorCommon.config.urls.assets+'images/'.%20esc_url(%20$preview%5B'image'%5D?a=bj&f=%2Fhome%2Fsoundframestudio%2Fpublic_html%2Fwp-includes%2Fjs%2Fdist%2Fi18n.js HTTP/2.0" 200 32515 "-" "Mozilla/5.0 AppleWebKit/537.36 (KHTML, like Gecko; compatible; ClaudeBot/1.0; +claudebot@anthropic.com)"
18.190.154.24 - - [10/May/2025:09:16:09 -0400] "GET /'+elementorCommon.config.urls.assets+'images/'.%20esc_url(%20$preview%5B'image'%5D?a=bj&f=%2Fhome%2Fsoundframestudio%2Fwww%2Fwp-includes%2Fjs%2Fdist%2Fplugins.js HTTP/2.0" 200 26015 "-" "Mozilla/5.0 AppleWebKit/537.36 (KHTML, like Gecko; compatible; ClaudeBot/1.0; +claudebot@anthropic.com)"
18.190.154.24 - - [10/May/2025:09:16:09 -0400] "GET /'+elementorCommon.config.urls.assets+'images/'.%20esc_url(%20$preview%5B'image'%5D?a=bj&f=%2Fhome%2Fsoundframestudio%2Fpublic_html%2Fwp-includes%2Fjs%2Fdist%2Fdeprecated.min.js HTTP/2.0" 200 21383 "-" "Mozilla/5.0 AppleWebKit/537.36 (KHTML, like Gecko; compatible; ClaudeBot/1.0; +claudebot@anthropic.com)"
18.190.154.24 - - [10/May/2025:09:16:09 -0400] "GET /'+elementorCommon.config.urls.assets+'images/'.%20esc_url(%20$preview%5B'image'%5D?a=bj&f=%2Fhome%2Fsoundframestudio%2Fpublic_html%2Fwp-includes%2Fjs%2Ftinymce%2Fwp-tinymce.js HTTP/2.0" 200 227167 "-" "Mozilla/5.0 AppleWebKit/537.36 (KHTML, like Gecko; compatible; ClaudeBot/1.0; +claudebot@anthropic.com)"
18.190.154.24 - - [10/May/2025:09:16:09 -0400] "GET /'+elementorCommon.config.urls.assets+'images/'.%20esc_url(%20$preview%5B'image'%5D?a=bj&f=%2Fhome%2Fsoundframestudio%2Fpublic_html%2Fwp-content%2Fmaintenance%2Fassets%2Ftimer.js HTTP/2.0" 200 21441 "-" "Mozilla/5.0 AppleWebKit/537.36 (KHTML, like Gecko; compatible; ClaudeBot/1.0; +claudebot@anthropic.com)"
